Last updated on 2021-01-24 04:47:05 CET.
Flavor | Version | Tinstall | Tcheck | Ttotal | Status | Flags |
---|---|---|---|---|---|---|
r-devel-linux-x86_64-debian-clang | 0.3.1 | 13.18 | 101.47 | 114.65 | OK | |
r-devel-linux-x86_64-debian-gcc | 0.3.1 | 11.20 | 74.85 | 86.05 | OK | |
r-devel-linux-x86_64-fedora-clang | 0.3.1 | 143.10 | NOTE | |||
r-devel-linux-x86_64-fedora-gcc | 0.3.1 | 133.15 | NOTE | |||
r-devel-windows-ix86+x86_64 | 0.3.1 | 31.00 | 94.00 | 125.00 | OK | |
r-patched-linux-x86_64 | 0.3.1 | 12.95 | 92.23 | 105.18 | OK | |
r-patched-solaris-x86 | 0.3.1 | 176.00 | NOTE | |||
r-release-linux-x86_64 | 0.3.1 | 12.77 | 92.55 | 105.32 | OK | |
r-release-macos-x86_64 | 0.3.1 | NOTE | ||||
r-release-windows-ix86+x86_64 | 0.3.1 | 29.00 | 130.00 | 159.00 | OK | |
r-oldrel-macos-x86_64 | 0.3.1 | NOTE | ||||
r-oldrel-windows-ix86+x86_64 | 0.3.1 | 18.00 | 123.00 | 141.00 | OK |
Version: 0.3.1
Check: dependencies in R code
Result: NOTE
Namespaces in Imports field not imported from:
‘diptest’ ‘methods’
All declared Imports should be used.
Flavors: r-devel-linux-x86_64-fedora-clang, r-devel-linux-x86_64-fedora-gcc, r-patched-solaris-x86, r-release-macos-x86_64, r-oldrel-macos-x86_64
Version: 0.3.1
Check: Rd cross-references
Result: NOTE
Undeclared package ‘userfriendlyscience’ in Rd xrefs
Flavor: r-devel-linux-x86_64-fedora-clang