Last updated on 2021-02-13 05:47:48 CET.
| Flavor | Version | Tinstall | Tcheck | Ttotal | Status | Flags | 
|---|---|---|---|---|---|---|
| r-devel-linux-x86_64-debian-clang | 0.1.6 | 11.82 | 106.30 | 118.12 | NOTE | |
| r-devel-linux-x86_64-debian-gcc | 0.1.6 | 9.60 | 81.18 | 90.78 | NOTE | |
| r-devel-linux-x86_64-fedora-clang | 0.1.6 | 147.63 | NOTE | |||
| r-devel-linux-x86_64-fedora-gcc | 0.1.6 | 136.76 | NOTE | |||
| r-devel-windows-ix86+x86_64 | 0.1.6 | 26.00 | 140.00 | 166.00 | NOTE | |
| r-patched-linux-x86_64 | 0.1.6 | 12.22 | 99.37 | 111.59 | NOTE | |
| r-patched-solaris-x86 | 0.1.6 | 213.80 | NOTE | |||
| r-release-linux-x86_64 | 0.1.6 | 10.24 | 99.26 | 109.50 | NOTE | |
| r-release-macos-x86_64 | 0.1.6 | NOTE | ||||
| r-release-windows-ix86+x86_64 | 0.1.6 | 25.00 | 144.00 | 169.00 | NOTE | |
| r-oldrel-macos-x86_64 | 0.1.6 | NOTE | ||||
| r-oldrel-windows-ix86+x86_64 | 0.1.6 | 14.00 | 89.00 | 103.00 | NOTE | 
Version: 0.1.6
Check: R code for possible problems
Result: NOTE
    AIC.dspat: no visible global function definition for 'coef'
    LTDataFrame: no visible global function definition for 'as.formula'
    coef.dspat: no visible global function definition for 'coef'
    integrate.intensity: no visible global function definition for 'coef'
    integrate.intensity: no visible global function definition for
      'predict'
    integrate.intensity: no visible global function definition for
      'model.matrix'
    integrate.intensity: no visible global function definition for 'vcov'
    integrate.intensity: no visible global function definition for 'fitted'
    lgcp.correction: no visible global function definition for 'predict'
    lgcp.correction: no visible global function definition for
      'model.matrix'
    lgcp.correction: no visible global function definition for 'fitted'
    lgcp.correction: no visible global function definition for 'var'
    lines_to_strips : line_to_strip: no visible global function definition
      for 'as'
    owin.gpc.poly: no visible global function definition for 'as'
    sample.points : sample.points.from.line: no visible global function
      definition for 'runif'
    sample.points: no visible global function definition for 'model.matrix'
    simCovariates: no visible global function definition for 'quantile'
    simPts: no visible global function definition for 'model.matrix'
    transect.intensity: no visible global function definition for 'predict'
    transect.intensity: no visible global function definition for 'hist'
    Undefined global functions or variables:
      as as.formula coef fitted hist model.matrix predict quantile runif
      var vcov
    Consider adding
      importFrom("graphics", "hist")
      importFrom("methods", "as")
      importFrom("stats", "as.formula", "coef", "fitted", "model.matrix",
                 "predict", "quantile", "runif", "var", "vcov")
    to your NAMESPACE file (and ensure that your DESCRIPTION Imports field
    contains 'methods').
Flavors: r-devel-linux-x86_64-debian-clang, r-devel-linux-x86_64-debian-gcc, r-devel-linux-x86_64-fedora-clang, r-devel-linux-x86_64-fedora-gcc, r-devel-windows-ix86+x86_64, r-patched-linux-x86_64, r-patched-solaris-x86, r-release-linux-x86_64, r-release-macos-x86_64, r-release-windows-ix86+x86_64, r-oldrel-macos-x86_64, r-oldrel-windows-ix86+x86_64