Last updated on 2021-02-22 06:47:33 CET.
| Flavor | Version | Tinstall | Tcheck | Ttotal | Status | Flags | 
|---|---|---|---|---|---|---|
| r-devel-linux-x86_64-debian-clang | 0.6.0 | 2.81 | 36.02 | 38.83 | OK | |
| r-devel-linux-x86_64-debian-gcc | 0.6.0 | 2.46 | 28.26 | 30.72 | OK | |
| r-devel-linux-x86_64-fedora-clang | 0.6.0 | 57.38 | OK | |||
| r-devel-linux-x86_64-fedora-gcc | 0.6.0 | 46.63 | OK | |||
| r-devel-windows-ix86+x86_64 | 0.6.0 | 6.00 | 43.00 | 49.00 | OK | |
| r-patched-linux-x86_64 | 0.6.0 | 3.37 | 34.12 | 37.49 | OK | |
| r-patched-solaris-x86 | 0.6.0 | 67.00 | WARN | |||
| r-release-linux-x86_64 | 0.6.0 | 2.88 | 34.51 | 37.39 | OK | |
| r-release-macos-x86_64 | 0.6.0 | WARN | ||||
| r-release-windows-ix86+x86_64 | 0.6.0 | 7.00 | 45.00 | 52.00 | OK | |
| r-oldrel-macos-x86_64 | 0.6.0 | WARN | ||||
| r-oldrel-windows-ix86+x86_64 | 0.6.0 | 5.00 | 47.00 | 52.00 | OK | 
Version: 0.6.0
Check: package dependencies
Result: NOTE
    Package suggested but not available for checking: ‘rsvg’
Flavor: r-patched-solaris-x86
Version: 0.6.0
Check: re-building of vignette outputs
Result: WARN
    Error(s) in re-building vignettes:
      ...
    --- re-building ‘Intro_to_lavaanPlot.Rmd’ using rmarkdown
    Warning in engine$weave(file, quiet = quiet, encoding = enc) :
      Pandoc (>= 1.12.3) and/or pandoc-citeproc not available. Falling back to R Markdown v1.
    Quitting from lines 41-42 (Intro_to_lavaanPlot.Rmd) 
    Error: processing vignette 'Intro_to_lavaanPlot.Rmd' failed with diagnostics:
    there is no package called 'webshot'
    --- failed re-building ‘Intro_to_lavaanPlot.Rmd’
    
    --- re-building ‘Save_and_embed.Rmd’ using rmarkdown
    Warning in engine$weave(file, quiet = quiet, encoding = enc) :
      Pandoc (>= 1.12.3) and/or pandoc-citeproc not available. Falling back to R Markdown v1.
    Quitting from lines 13-18 (Save_and_embed.Rmd) 
    Error: processing vignette 'Save_and_embed.Rmd' failed with diagnostics:
    there is no package called 'rsvg'
    --- failed re-building ‘Save_and_embed.Rmd’
    
    SUMMARY: processing the following files failed:
      ‘Intro_to_lavaanPlot.Rmd’ ‘Save_and_embed.Rmd’
    
    Error: Vignette re-building failed.
    Execution halted
Flavor: r-patched-solaris-x86
Version: 0.6.0
Check: re-building of vignette outputs
Result: WARN
    Error(s) in re-building vignettes:
      ...
    --- re-building ‘Intro_to_lavaanPlot.Rmd’ using rmarkdown
    Warning in engine$weave(file, quiet = quiet, encoding = enc) :
      Pandoc (>= 1.12.3) and/or pandoc-citeproc not available. Falling back to R Markdown v1.
    Quitting from lines 41-42 (Intro_to_lavaanPlot.Rmd) 
    Error: processing vignette 'Intro_to_lavaanPlot.Rmd' failed with diagnostics:
    invalid 'path' argument
    --- failed re-building ‘Intro_to_lavaanPlot.Rmd’
    
    --- re-building ‘Save_and_embed.Rmd’ using rmarkdown
    Warning in engine$weave(file, quiet = quiet, encoding = enc) :
      Pandoc (>= 1.12.3) and/or pandoc-citeproc not available. Falling back to R Markdown v1.
    --- finished re-building ‘Save_and_embed.Rmd’
    
    SUMMARY: processing the following file failed:
      ‘Intro_to_lavaanPlot.Rmd’
    
    Error: Vignette re-building failed.
    Execution halted
Flavors: r-release-macos-x86_64, r-oldrel-macos-x86_64