Last updated on 2021-02-24 06:47:19 CET.
| Flavor | Version | Tinstall | Tcheck | Ttotal | Status | Flags | 
|---|---|---|---|---|---|---|
| r-devel-linux-x86_64-debian-clang | 0.5.3 | 44.57 | 60.50 | 105.07 | OK | |
| r-devel-linux-x86_64-debian-gcc | 0.5.3 | 31.30 | 48.92 | 80.22 | OK | |
| r-devel-linux-x86_64-fedora-clang | 0.5.3 | 143.43 | WARN | |||
| r-devel-linux-x86_64-fedora-gcc | 0.5.3 | 130.01 | OK | |||
| r-devel-windows-ix86+x86_64 | 0.5.3 | 67.00 | 104.00 | 171.00 | OK | |
| r-patched-linux-x86_64 | 0.5.3 | 36.13 | 60.49 | 96.62 | OK | |
| r-patched-solaris-x86 | 0.5.3 | 146.20 | OK | |||
| r-release-linux-x86_64 | 0.5.3 | 39.20 | 58.65 | 97.85 | OK | |
| r-release-macos-x86_64 | 0.5.3 | NOTE | ||||
| r-release-windows-ix86+x86_64 | 0.5.3 | 87.00 | 129.00 | 216.00 | OK | |
| r-oldrel-macos-x86_64 | 0.5.3 | NOTE | ||||
| r-oldrel-windows-ix86+x86_64 | 0.5.3 | 66.00 | 119.00 | 185.00 | OK | 
Version: 0.5.3
Check: whether package can be installed
Result: WARN
    Found the following significant warnings:
      rsnpset.cpp:67:14: warning: 'random_shuffle<int *, int (&)(int)>' is deprecated [-Wdeprecated-declarations]
Flavor: r-devel-linux-x86_64-fedora-clang
Version: 0.5.3
Check: installed package size
Result: NOTE
      installed size is 14.2Mb
      sub-directories of 1Mb or more:
        libs  13.8Mb
Flavors: r-devel-linux-x86_64-fedora-clang, r-release-macos-x86_64, r-oldrel-macos-x86_64