Last updated on 2021-02-24 06:47:19 CET.
Flavor | Version | Tinstall | Tcheck | Ttotal | Status | Flags |
---|---|---|---|---|---|---|
r-devel-linux-x86_64-debian-clang | 3.1.14 | 50.71 | 287.75 | 338.46 | OK | |
r-devel-linux-x86_64-debian-gcc | 3.1.14 | 38.52 | 221.84 | 260.36 | OK | |
r-devel-linux-x86_64-fedora-clang | 3.1.14 | 438.73 | WARN | |||
r-devel-linux-x86_64-fedora-gcc | 3.1.14 | 433.26 | OK | |||
r-devel-windows-ix86+x86_64 | 3.1.14 | 82.00 | 383.00 | 465.00 | OK | |
r-patched-linux-x86_64 | 3.1.14 | 31.05 | 277.34 | 308.39 | OK | |
r-patched-solaris-x86 | 3.1.14 | 787.70 | OK | |||
r-release-linux-x86_64 | 3.1.14 | 31.58 | 274.21 | 305.79 | OK | |
r-release-macos-x86_64 | 3.1.14 | OK | ||||
r-release-windows-ix86+x86_64 | 3.1.14 | 115.00 | 524.00 | 639.00 | OK | |
r-oldrel-macos-x86_64 | 3.1.14 | OK | ||||
r-oldrel-windows-ix86+x86_64 | 3.1.14 | 88.00 | 480.00 | 568.00 | OK |
Version: 3.1.14
Check: whether package can be installed
Result: WARN
Found the following significant warnings:
AlleleObj.cc:135:3: warning: 'random_shuffle<std::__1::__wrap_iter<char *>, int (&)(int)>' is deprecated [-Wdeprecated-declarations]
Landscape.cc:1715:4: warning: 'random_shuffle<std::__1::__wrap_iter<PackedIndividual *>, int (&)(int)>' is deprecated [-Wdeprecated-declarations]
Flavor: r-devel-linux-x86_64-fedora-clang