Last updated on 2021-02-28 09:49:38 CET.
| Flavor | Version | Tinstall | Tcheck | Ttotal | Status | Flags | 
|---|---|---|---|---|---|---|
| r-devel-linux-x86_64-debian-clang | 3.5.4 | 160.83 | 170.18 | 331.01 | OK | |
| r-devel-linux-x86_64-debian-gcc | 3.5.4 | 111.86 | 127.95 | 239.81 | OK | |
| r-devel-linux-x86_64-fedora-clang | 3.5.4 | 434.57 | NOTE | |||
| r-devel-linux-x86_64-fedora-gcc | 3.5.4 | 425.50 | OK | |||
| r-devel-windows-ix86+x86_64 | 3.5.4 | 254.00 | 190.00 | 444.00 | NOTE | |
| r-patched-linux-x86_64 | 3.5.4 | 94.77 | 156.40 | 251.17 | OK | |
| r-patched-solaris-x86 | 3.5.4 | 453.10 | OK | |||
| r-release-linux-x86_64 | 3.5.4 | 101.38 | 156.38 | 257.76 | OK | |
| r-release-macos-x86_64 | 3.5.4 | NOTE | ||||
| r-release-windows-ix86+x86_64 | 3.5.4 | 360.00 | 271.00 | 631.00 | NOTE | |
| r-oldrel-macos-x86_64 | 3.5.4 | NOTE | ||||
| r-oldrel-windows-ix86+x86_64 | 3.5.4 | 237.00 | 191.00 | 428.00 | NOTE | 
Version: 3.5.4
Check: installed package size
Result: NOTE
      installed size is  9.6Mb
      sub-directories of 1Mb or more:
        doc    2.0Mb
        libs   6.6Mb
Flavors: r-devel-linux-x86_64-fedora-clang, r-devel-windows-ix86+x86_64, r-release-macos-x86_64, r-release-windows-ix86+x86_64, r-oldrel-macos-x86_64, r-oldrel-windows-ix86+x86_64