Last updated on 2021-03-04 08:50:05 CET.
| Flavor | Version | Tinstall | Tcheck | Ttotal | Status | Flags | 
|---|---|---|---|---|---|---|
| r-devel-linux-x86_64-debian-clang | 0.1.7 | 5.60 | 55.04 | 60.64 | WARN | |
| r-devel-linux-x86_64-debian-gcc | 0.1.7 | 4.26 | 41.62 | 45.88 | WARN | |
| r-devel-linux-x86_64-fedora-clang | 0.1.7 | 79.59 | WARN | |||
| r-devel-linux-x86_64-fedora-gcc | 0.1.7 | 70.16 | WARN | |||
| r-devel-windows-ix86+x86_64 | 0.1.7 | 14.00 | 130.00 | 144.00 | WARN | |
| r-patched-linux-x86_64 | 0.1.7 | 5.02 | 52.29 | 57.31 | WARN | |
| r-patched-solaris-x86 | 0.1.7 | 96.80 | OK | |||
| r-release-linux-x86_64 | 0.1.7 | 4.48 | 51.88 | 56.36 | WARN | |
| r-release-macos-x86_64 | 0.1.7 | WARN | ||||
| r-release-windows-ix86+x86_64 | 0.1.7 | 15.00 | 127.00 | 142.00 | WARN | |
| r-oldrel-macos-x86_64 | 0.1.7 | OK | ||||
| r-oldrel-windows-ix86+x86_64 | 0.1.7 | 12.00 | 121.00 | 133.00 | WARN | 
Version: 0.1.7
Check: re-building of vignette outputs
Result: WARN
    Error(s) in re-building vignettes:
      ...
    --- re-building 'rinat-intro.Rmd' using rmarkdown
    Quitting from lines 79-81 (rinat-intro.Rmd) 
    Error: processing vignette 'rinat-intro.Rmd' failed with diagnostics:
    argument is of length zero
    --- failed re-building 'rinat-intro.Rmd'
    
    SUMMARY: processing the following file failed:
      'rinat-intro.Rmd'
    
    Error: Vignette re-building failed.
    Execution halted
Flavors: r-devel-linux-x86_64-debian-clang, r-devel-linux-x86_64-debian-gcc, r-patched-linux-x86_64, r-release-linux-x86_64
Version: 0.1.7
Check: re-building of vignette outputs
Result: WARN
    Error(s) in re-building vignettes:
    --- re-building ‘rinat-intro.Rmd’ using rmarkdown
    Quitting from lines 79-81 (rinat-intro.Rmd) 
    Error: processing vignette 'rinat-intro.Rmd' failed with diagnostics:
    argument is of length zero
    --- failed re-building ‘rinat-intro.Rmd’
    
    SUMMARY: processing the following file failed:
      ‘rinat-intro.Rmd’
    
    Error: Vignette re-building failed.
    Execution halted
Flavors: r-devel-linux-x86_64-fedora-clang, r-devel-linux-x86_64-fedora-gcc, r-devel-windows-ix86+x86_64, r-release-windows-ix86+x86_64, r-oldrel-windows-ix86+x86_64
Version: 0.1.7
Check: re-building of vignette outputs
Result: WARN
    Error(s) in re-building vignettes:
      ...
    --- re-building ‘rinat-intro.Rmd’ using rmarkdown
    Warning in engine$weave(file, quiet = quiet, encoding = enc) :
      Pandoc (>= 1.12.3) and/or pandoc-citeproc not available. Falling back to R Markdown v1.
    Quitting from lines 79-81 (rinat-intro.Rmd) 
    Error: processing vignette 'rinat-intro.Rmd' failed with diagnostics:
    argument is of length zero
    --- failed re-building ‘rinat-intro.Rmd’
    
    SUMMARY: processing the following file failed:
      ‘rinat-intro.Rmd’
    
    Error: Vignette re-building failed.
    Execution halted
Flavor: r-release-macos-x86_64