Last updated on 2021-03-10 13:47:42 CET.
| Flavor | Version | Tinstall | Tcheck | Ttotal | Status | Flags | 
|---|---|---|---|---|---|---|
| r-devel-linux-x86_64-debian-clang | 0.3 | 3.16 | 142.21 | 145.37 | WARN | |
| r-devel-linux-x86_64-debian-gcc | 0.3 | 2.49 | 106.99 | 109.48 | WARN | |
| r-devel-linux-x86_64-fedora-clang | 0.3 | 199.33 | OK | |||
| r-devel-linux-x86_64-fedora-gcc | 0.3 | 177.03 | OK | |||
| r-devel-windows-ix86+x86_64 | 0.3 | 8.00 | 101.00 | 109.00 | OK | |
| r-devel-windows-x86_64-gcc10-UCRT | 0.3 | OK | ||||
| r-patched-linux-x86_64 | 0.3 | 2.68 | 126.84 | 129.52 | OK | |
| r-patched-solaris-x86 | 0.3 | 1443.10 | WARN | |||
| r-release-linux-x86_64 | 0.3 | 3.57 | 143.71 | 147.28 | OK | |
| r-release-macos-x86_64 | 0.3 | OK | ||||
| r-release-windows-ix86+x86_64 | 0.3 | 6.00 | 101.00 | 107.00 | OK | |
| r-oldrel-macos-x86_64 | 0.3 | OK | ||||
| r-oldrel-windows-ix86+x86_64 | 0.3 | 5.00 | 74.00 | 79.00 | OK | 
Version: 0.3
Check: re-building of vignette outputs
Result: WARN
    Error(s) in re-building vignettes:
      ...
    --- re-building 'varrank.Rmd' using knitr
    Loading required package: randomForest
    randomForest 4.6-14
    Type rfNews() to see new features/changes/bug fixes.
    
    Attaching package: 'randomForest'
    
    The following object is masked from 'package:ggplot2':
    
        margin
    
    Loading required package: parallel
    Quitting from lines 122-125 (varrank.Rmd) 
    Error: processing vignette 'varrank.Rmd' failed with diagnostics:
    cannot xtfrm data frames
    --- failed re-building 'varrank.Rmd'
    
    SUMMARY: processing the following file failed:
      'varrank.Rmd'
    
    Error: Vignette re-building failed.
    Execution halted
    
    Re-building vignettes had CPU time 2.6 times elapsed time
Flavor: r-devel-linux-x86_64-debian-clang
Version: 0.3
Check: re-building of vignette outputs
Result: WARN
    Error(s) in re-building vignettes:
      ...
    --- re-building ‘varrank.Rmd’ using knitr
    Loading required package: randomForest
    randomForest 4.6-14
    Type rfNews() to see new features/changes/bug fixes.
    
    Attaching package: 'randomForest'
    
    The following object is masked from 'package:ggplot2':
    
        margin
    
    Loading required package: parallel
    Quitting from lines 122-125 (varrank.Rmd) 
    Error: processing vignette 'varrank.Rmd' failed with diagnostics:
    cannot xtfrm data frames
    --- failed re-building ‘varrank.Rmd’
    
    SUMMARY: processing the following file failed:
      ‘varrank.Rmd’
    
    Error: Vignette re-building failed.
    Execution halted
Flavor: r-devel-linux-x86_64-debian-gcc
Version: 0.3
Check: package dependencies
Result: NOTE
    Package suggested but not available for checking: ‘FSelector’
Flavor: r-patched-solaris-x86
Version: 0.3
Check: re-building of vignette outputs
Result: WARN
    Error(s) in re-building vignettes:
      ...
    --- re-building ‘varrank.Rmd’ using knitr
    Loading required package: randomForest
    randomForest 4.6-14
    Type rfNews() to see new features/changes/bug fixes.
    
    Attaching package: 'randomForest'
    
    The following object is masked from 'package:ggplot2':
    
        margin
    
    Loading required package: parallel
    Quitting from lines 122-125 (varrank.Rmd) 
    Error: processing vignette 'varrank.Rmd' failed with diagnostics:
    there is no package called 'FSelector'
    --- failed re-building ‘varrank.Rmd’
    
    SUMMARY: processing the following file failed:
      ‘varrank.Rmd’
    
    Error: Vignette re-building failed.
    Execution halted
Flavor: r-patched-solaris-x86