Last updated on 2021-03-21 12:48:37 CET.
| Flavor | Version | Tinstall | Tcheck | Ttotal | Status | Flags | 
|---|---|---|---|---|---|---|
| r-devel-linux-x86_64-debian-clang | 0.9.2 | 3.55 | 38.66 | 42.21 | WARN | |
| r-devel-linux-x86_64-debian-gcc | 0.9.2 | 3.49 | 30.29 | 33.78 | WARN | |
| r-devel-linux-x86_64-fedora-clang | 0.9.2 | 60.72 | WARN | |||
| r-devel-linux-x86_64-fedora-gcc | 0.9.2 | 53.76 | WARN | |||
| r-devel-windows-ix86+x86_64 | 0.9.2 | 11.00 | 64.00 | 75.00 | WARN | |
| r-devel-windows-x86_64-gcc10-UCRT | 0.9.2 | WARN | ||||
| r-patched-linux-x86_64 | 0.9.2 | 4.05 | 38.14 | 42.19 | WARN | |
| r-patched-solaris-x86 | 0.9.2 | 79.60 | WARN | |||
| r-release-linux-x86_64 | 0.9.2 | 4.01 | 37.89 | 41.90 | WARN | |
| r-release-macos-x86_64 | 0.9.2 | NOTE | ||||
| r-release-windows-ix86+x86_64 | 0.9.2 | 14.00 | 69.00 | 83.00 | WARN | |
| r-oldrel-macos-x86_64 | 0.9.2 | NOTE | ||||
| r-oldrel-windows-ix86+x86_64 | 0.9.2 | 8.00 | 50.00 | 58.00 | WARN | 
Version: 0.9.2
Check: whether package can be installed
Result: WARN
    Found the following significant warnings:
      Warning: replacing previous import 'shinydashboard::dashboardPage' by 'shinydashboardPlus::dashboardPage' when loading 'LDAShiny'
      Warning: replacing previous import 'shinydashboard::dashboardSidebar' by 'shinydashboardPlus::dashboardSidebar' when loading 'LDAShiny'
      Warning: replacing previous import 'shinydashboard::box' by 'shinydashboardPlus::box' when loading 'LDAShiny'
      Warning: replacing previous import 'shinydashboard::dashboardHeader' by 'shinydashboardPlus::dashboardHeader' when loading 'LDAShiny'
      Warning: replacing previous import 'shinydashboard::taskItem' by 'shinydashboardPlus::taskItem' when loading 'LDAShiny'
      Warning: replacing previous import 'shinydashboard::notificationItem' by 'shinydashboardPlus::notificationItem' when loading 'LDAShiny'
      Warning: replacing previous import 'shinydashboard::messageItem' by 'shinydashboardPlus::messageItem' when loading 'LDAShiny'
Flavors: r-devel-linux-x86_64-debian-clang, r-devel-linux-x86_64-debian-gcc, r-devel-linux-x86_64-fedora-clang, r-devel-linux-x86_64-fedora-gcc, r-devel-windows-ix86+x86_64, r-devel-windows-x86_64-gcc10-UCRT, r-patched-linux-x86_64, r-patched-solaris-x86, r-release-linux-x86_64, r-release-windows-ix86+x86_64, r-oldrel-windows-ix86+x86_64
Version: 0.9.2
Check: package dependencies
Result: NOTE
    Imports includes 26 non-default packages.
    Importing from so many packages makes the package vulnerable to any of
    them becoming unavailable.  Move as many as possible to Suggests and
    use conditionally.
Flavor: r-devel-linux-x86_64-fedora-clang
Version: 0.9.2
Check: dependencies in R code
Result: NOTE
    Namespaces in Imports field not imported from:
      ‘DT’ ‘SnowballC’ ‘beepr’ ‘broom’ ‘chinese.misc’ ‘dplyr’ ‘highcharter’
      ‘htmlwidgets’ ‘ldatuning’ ‘parallel’ ‘plotly’ ‘purrr’ ‘quanteda’
      ‘shinyBS’ ‘shinyWidgets’ ‘shinyalert’ ‘shinycssloaders’ ‘shinyjs’
      ‘stringr’ ‘textmineR’ ‘tidyr’ ‘tidytext’ ‘topicmodels’
      All declared Imports should be used.
Flavors: r-devel-linux-x86_64-fedora-clang, r-devel-linux-x86_64-fedora-gcc, r-devel-windows-x86_64-gcc10-UCRT, r-patched-solaris-x86, r-release-macos-x86_64, r-oldrel-macos-x86_64