Last updated on 2021-03-25 05:47:23 CET.
| Flavor | Version | Tinstall | Tcheck | Ttotal | Status | Flags | 
|---|---|---|---|---|---|---|
| r-devel-linux-x86_64-debian-clang | 1.0 | 38.19 | 260.15 | 298.34 | OK | |
| r-devel-linux-x86_64-debian-gcc | 1.0 | 33.27 | 198.45 | 231.72 | OK | |
| r-devel-linux-x86_64-fedora-clang | 1.0 | 374.68 | NOTE | |||
| r-devel-linux-x86_64-fedora-gcc | 1.0 | 352.26 | OK | |||
| r-devel-windows-ix86+x86_64 | 1.0 | 87.00 | 287.00 | 374.00 | NOTE | |
| r-devel-windows-x86_64-gcc10-UCRT | 1.0 | OK | ||||
| r-patched-linux-x86_64 | 1.0 | 37.52 | 239.87 | 277.39 | OK | |
| r-patched-solaris-x86 | 1.0 | 521.00 | NOTE | |||
| r-release-linux-x86_64 | 1.0 | 35.49 | 239.94 | 275.43 | OK | |
| r-release-macos-x86_64 | 1.0 | NOTE | ||||
| r-release-windows-ix86+x86_64 | 1.0 | 87.00 | 276.00 | 363.00 | NOTE | |
| r-oldrel-macos-x86_64 | 1.0 | ERROR | ||||
| r-oldrel-windows-ix86+x86_64 | 1.0 | 74.00 | 264.00 | 338.00 | NOTE | 
Version: 1.0
Check: installed package size
Result: NOTE
      installed size is  9.4Mb
      sub-directories of 1Mb or more:
        data      6.5Mb
        extdata   2.6Mb
Flavors: r-devel-linux-x86_64-fedora-clang, r-devel-windows-ix86+x86_64, r-patched-solaris-x86, r-release-macos-x86_64, r-release-windows-ix86+x86_64, r-oldrel-windows-ix86+x86_64
Version: 1.0
Check: whether package can be installed
Result: ERROR
    Installation failed.
Flavor: r-oldrel-macos-x86_64