CRAN Package Check Results for Package cmcR

Last updated on 2021-03-27 07:52:58 CET.

Flavor Version Tinstall Tcheck Ttotal Status Flags
r-devel-linux-x86_64-debian-clang 0.1.4 6.70 213.06 219.76 OK
r-devel-linux-x86_64-debian-gcc 0.1.4 4.85 156.58 161.43 OK
r-devel-linux-x86_64-fedora-clang 0.1.4 278.94 OK
r-devel-linux-x86_64-fedora-gcc 0.1.4 262.40 OK
r-devel-windows-ix86+x86_64 0.1.4 14.00 91.00 105.00 ERROR
r-devel-windows-x86_64-gcc10-UCRT 0.1.4 NOTE
r-patched-linux-x86_64 0.1.4 6.53 206.22 212.75 OK
r-patched-solaris-x86 0.1.4 703.90 OK
r-release-linux-x86_64 0.1.4 5.50 206.13 211.63 OK
r-release-macos-x86_64 0.1.4 OK
r-release-windows-ix86+x86_64 0.1.4 16.00 97.00 113.00 ERROR
r-oldrel-macos-x86_64 0.1.4 OK
r-oldrel-windows-ix86+x86_64 0.1.4 10.00 85.00 95.00 ERROR

Check Details

Version: 0.1.4
Check: tests
Result: ERROR
     Running 'testthat.R' [4s]
    Running the tests in 'tests/testthat.R' failed.
    Complete output:
     > library(testthat)
     > library(cmcR)
     >
     > test_check("cmcR",reporter = SummaryReporter)
     Error in download.file(file, destfile = fname, quiet = quiet, mode = "wb") :
     cannot open URL 'https://tsapps.nist.gov/NRBTD/Studies/CartridgeMeasurement/DownloadMeasurement/2d9cc51f-6f66-40a0-973a-a9292dbee36d'
     Calls: test_check ... FUN -> eval -> eval -> <Anonymous> -> download.file
     In addition: Warning message:
     In download.file(file, destfile = fname, quiet = quiet, mode = "wb") :
     InternetOpenUrl failed: 'Die Serververbindung wurde zur├╝ckgesetzt.'
     Execution halted
Flavors: r-devel-windows-ix86+x86_64, r-release-windows-ix86+x86_64, r-oldrel-windows-ix86+x86_64

Version: 0.1.4
Check: package dependencies
Result: NOTE
    Package suggested but not available for checking: 'magick'
Flavor: r-devel-windows-x86_64-gcc10-UCRT