Last updated on 2021-03-27 16:47:11 CET.
Flavor | Version | Tinstall | Tcheck | Ttotal | Status | Flags |
---|---|---|---|---|---|---|
r-devel-linux-x86_64-debian-clang | 0.1.0 | 10.36 | 144.35 | 154.71 | OK | |
r-devel-linux-x86_64-debian-gcc | 0.1.0 | 8.18 | 109.58 | 117.76 | NOTE | |
r-devel-windows-ix86+x86_64 | 0.1.0 | 26.00 | 209.00 | 235.00 | NOTE | |
r-devel-windows-x86_64-gcc10-UCRT | 0.1.0 | NOTE | ||||
r-patched-linux-x86_64 | 0.1.0 | 10.42 | 140.81 | 151.23 | OK | |
r-release-linux-x86_64 | 0.1.0 | 8.66 | 139.12 | 147.78 | OK | |
r-release-macos-x86_64 | 0.1.0 | OK | ||||
r-release-windows-ix86+x86_64 | 0.1.0 | 29.00 | 202.00 | 231.00 | OK | |
r-oldrel-macos-x86_64 | 0.1.0 | OK | ||||
r-oldrel-windows-ix86+x86_64 | 0.1.0 | 22.00 | 211.00 | 233.00 | OK |
Version: 0.1.0
Check: LazyData
Result: NOTE
'LazyData' is specified without a 'data' directory
Flavors: r-devel-linux-x86_64-debian-gcc, r-devel-windows-ix86+x86_64, r-devel-windows-x86_64-gcc10-UCRT