Last updated on 2021-03-27 07:53:16 CET.
Flavor | Version | Tinstall | Tcheck | Ttotal | Status | Flags |
---|---|---|---|---|---|---|
r-devel-linux-x86_64-debian-clang | 1.1.0 | 5.90 | 2.58 | 8.48 | ERROR | |
r-devel-linux-x86_64-debian-gcc | 1.1.0 | 4.47 | 2.24 | 6.71 | ERROR | |
r-devel-linux-x86_64-fedora-clang | 1.1.0 | 19.48 | ERROR | |||
r-devel-linux-x86_64-fedora-gcc | 1.1.0 | 9.82 | ERROR | |||
r-devel-windows-ix86+x86_64 | 1.1.0 | 8.00 | 7.00 | 15.00 | ERROR | |
r-devel-windows-x86_64-gcc10-UCRT | 1.1.0 | ERROR | ||||
r-patched-linux-x86_64 | 1.1.0 | 4.89 | 2.54 | 7.43 | ERROR | |
r-patched-solaris-x86 | 1.1.0 | 16.20 | ERROR | |||
r-release-linux-x86_64 | 1.1.0 | 4.34 | 2.72 | 7.06 | ERROR | |
r-release-macos-x86_64 | 1.1.0 | OK | ||||
r-release-windows-ix86+x86_64 | 1.1.0 | 8.00 | 6.00 | 14.00 | ERROR | |
r-oldrel-macos-x86_64 | 1.1.0 | OK | ||||
r-oldrel-windows-ix86+x86_64 | 1.1.0 | 7.00 | 8.00 | 15.00 | ERROR |
Version: 1.1.0
Check: whether package can be installed
Result: ERROR
Installation failed.
Flavors: r-devel-linux-x86_64-debian-clang, r-devel-linux-x86_64-debian-gcc, r-devel-linux-x86_64-fedora-clang, r-devel-linux-x86_64-fedora-gcc, r-devel-windows-ix86+x86_64, r-devel-windows-x86_64-gcc10-UCRT, r-patched-linux-x86_64, r-patched-solaris-x86, r-release-linux-x86_64, r-release-windows-ix86+x86_64, r-oldrel-windows-ix86+x86_64