Last updated on 2021-04-02 05:50:01 CEST.
Flavor | Version | Tinstall | Tcheck | Ttotal | Status | Flags |
---|---|---|---|---|---|---|
r-devel-linux-x86_64-debian-clang | 2.2.4 | 46.14 | 572.19 | 618.33 | OK | |
r-devel-linux-x86_64-debian-gcc | 2.2.4 | 43.43 | 405.24 | 448.67 | OK | |
r-devel-linux-x86_64-fedora-clang | 2.2.4 | 722.60 | OK | |||
r-devel-linux-x86_64-fedora-gcc | 2.2.4 | 739.78 | OK | |||
r-devel-windows-ix86+x86_64 | 2.2.4 | 104.00 | 566.00 | 670.00 | OK | |
r-devel-windows-x86_64-gcc10-UCRT | 2.2.4 | ERROR | ||||
r-patched-linux-x86_64 | 2.2.4 | 47.57 | 489.17 | 536.74 | OK | |
r-patched-solaris-x86 | 2.2.4 | 801.70 | NOTE | |||
r-release-linux-x86_64 | 2.2.4 | 46.52 | 487.81 | 534.33 | OK | |
r-release-macos-x86_64 | 2.2.4 | NOTE | ||||
r-release-windows-ix86+x86_64 | 2.2.4 | 78.00 | 427.00 | 505.00 | OK | |
r-oldrel-macos-x86_64 | 2.2.4 | ERROR | ||||
r-oldrel-windows-ix86+x86_64 | 2.2.4 | 77.00 | 536.00 | 613.00 | OK |
Version: 2.2.4
Check: package dependencies
Result: ERROR
Package required but not available: 'BSgenome'
Packages suggested but not available for checking:
'BSgenome.Hsapiens.1000genomes.hs37d5',
'BSgenome.Hsapiens.UCSC.hg38', 'BSgenome.Mmusculus.UCSC.mm10'
See section 'The DESCRIPTION file' in the 'Writing R Extensions'
manual.
Flavor: r-devel-windows-x86_64-gcc10-UCRT
Version: 2.2.4
Check: package dependencies
Result: NOTE
Packages suggested but not available for checking:
'BSgenome.Hsapiens.1000genomes.hs37d5',
'BSgenome.Mmusculus.UCSC.mm10'
Flavors: r-patched-solaris-x86, r-release-macos-x86_64
Version: 2.2.4
Check: Rd cross-references
Result: NOTE
Packages unavailable to check Rd xrefs: ‘BSgenome.Hsapiens.1000genomes.hs37d5’, ‘BSgenome.Mmusculus.UCSC.mm10’
Flavors: r-patched-solaris-x86, r-release-macos-x86_64
Version: 2.2.4
Check: package dependencies
Result: NOTE
Packages suggested but not available for checking:
'BSgenome.Hsapiens.1000genomes.hs37d5',
'BSgenome.Hsapiens.UCSC.hg38', 'BSgenome.Mmusculus.UCSC.mm10'
Flavor: r-oldrel-macos-x86_64
Version: 2.2.4
Check: whether package can be installed
Result: ERROR
Installation failed.
Flavor: r-oldrel-macos-x86_64