Last updated on 2021-04-20 11:48:44 CEST.
Flavor | Version | Tinstall | Tcheck | Ttotal | Status | Flags |
---|---|---|---|---|---|---|
r-devel-linux-x86_64-debian-clang | 1.0.1 | 5.21 | 72.51 | 77.72 | OK | |
r-devel-linux-x86_64-debian-gcc | 1.0.1 | 4.95 | 52.95 | 57.90 | OK | |
r-devel-linux-x86_64-fedora-clang | 1.0.1 | 102.09 | OK | |||
r-devel-linux-x86_64-fedora-gcc | 1.0.1 | 86.60 | OK | |||
r-devel-windows-ix86+x86_64 | 1.0.1 | 11.00 | 62.00 | 73.00 | OK | |
r-devel-windows-x86_64-gcc10-UCRT | 1.0.1 | OK | ||||
r-patched-linux-x86_64 | 1.0.1 | 5.78 | 65.42 | 71.20 | WARN | |
r-patched-solaris-x86 | 1.0.1 | 121.80 | OK | |||
r-release-linux-x86_64 | 1.0.1 | 4.97 | 65.24 | 70.21 | OK | |
r-release-macos-x86_64 | 1.0.1 | OK | ||||
r-release-windows-ix86+x86_64 | 1.0.1 | 16.00 | 85.00 | 101.00 | OK | |
r-oldrel-macos-x86_64 | 1.0.1 | OK | ||||
r-oldrel-windows-ix86+x86_64 | 1.0.1 | 8.00 | 89.00 | 97.00 | OK |
Version: 1.0.1
Check: whether package can be installed
Result: WARN
Found the following significant warnings:
Rd warning: /tmp/RtmptZzxeB/R.INSTALL6c324bced8e0/ggTimeSeries/man/stat_calendar_heatmap.Rd:34: file link ‘strftime’ in package ‘base’ does not exist and so has been treated as a topic
Flavor: r-patched-linux-x86_64