Last updated on 2021-04-26 06:47:03 CEST.
| Flavor | Version | Tinstall | Tcheck | Ttotal | Status | Flags | 
|---|---|---|---|---|---|---|
| r-devel-linux-x86_64-debian-clang | 0.1.103 | 2.09 | 26.42 | 28.51 | WARN | |
| r-devel-linux-x86_64-debian-gcc | 0.1.103 | 1.61 | 21.12 | 22.73 | WARN | |
| r-devel-linux-x86_64-fedora-clang | 0.1.103 | 46.97 | WARN | |||
| r-devel-linux-x86_64-fedora-gcc | 0.1.103 | 35.14 | NOTE | |||
| r-devel-windows-ix86+x86_64 | 0.1.103 | 5.00 | 34.00 | 39.00 | WARN | |
| r-devel-windows-x86_64-gcc10-UCRT | 0.1.103 | ERROR | ||||
| r-patched-linux-x86_64 | 0.1.103 | 1.98 | 26.08 | 28.06 | WARN | |
| r-patched-solaris-x86 | 0.1.103 | 49.80 | WARN | |||
| r-release-linux-x86_64 | 0.1.103 | 1.92 | 26.16 | 28.08 | WARN | |
| r-release-macos-x86_64 | 0.1.103 | NOTE | ||||
| r-release-windows-ix86+x86_64 | 0.1.103 | 6.00 | 41.00 | 47.00 | OK | |
| r-oldrel-macos-x86_64 | 0.1.103 | NOTE | ||||
| r-oldrel-windows-ix86+x86_64 | 0.1.103 | 4.00 | 42.00 | 46.00 | WARN | 
Version: 0.1.103
Check: re-building of vignette outputs
Result: WARN
    Error(s) in re-building vignettes:
      ...
    --- re-building 'basic-usage-example.Rmd' using rmarkdown
    Quitting from lines 88-95 (basic-usage-example.Rmd) 
    Error: processing vignette 'basic-usage-example.Rmd' failed with diagnostics:
    
    --- failed re-building 'basic-usage-example.Rmd'
    
    SUMMARY: processing the following file failed:
      'basic-usage-example.Rmd'
    
    Error: Vignette re-building failed.
    Execution halted
Flavors: r-devel-linux-x86_64-debian-clang, r-devel-linux-x86_64-debian-gcc, r-patched-linux-x86_64, r-release-linux-x86_64
Version: 0.1.103
Check: data for non-ASCII characters
Result: NOTE
      Note: found 5 marked UTF-8 strings
Flavors: r-devel-linux-x86_64-fedora-clang, r-devel-linux-x86_64-fedora-gcc, r-patched-solaris-x86, r-release-macos-x86_64, r-oldrel-macos-x86_64
Version: 0.1.103
Check: re-building of vignette outputs
Result: WARN
    Error(s) in re-building vignettes:
    --- re-building ‘basic-usage-example.Rmd’ using rmarkdown
    Quitting from lines 88-95 (basic-usage-example.Rmd) 
    Error: processing vignette 'basic-usage-example.Rmd' failed with diagnostics:
    
    --- failed re-building ‘basic-usage-example.Rmd’
    
    SUMMARY: processing the following file failed:
      ‘basic-usage-example.Rmd’
    
    Error: Vignette re-building failed.
    Execution halted
Flavors: r-devel-linux-x86_64-fedora-clang, r-devel-windows-ix86+x86_64, r-oldrel-windows-ix86+x86_64
Version: 0.1.103
Check: package dependencies
Result: ERROR
    Package required but not available: 'httr'
    
    Packages suggested but not available for checking:
      'testthat', 'covr', 'knitr', 'rmarkdown'
    
    VignetteBuilder package required for checking but not installed: 'knitr'
    
    See section 'The DESCRIPTION file' in the 'Writing R Extensions'
    manual.
Flavor: r-devel-windows-x86_64-gcc10-UCRT
Version: 0.1.103
Check: re-building of vignette outputs
Result: WARN
    Error(s) in re-building vignettes:
      ...
    --- re-building ‘basic-usage-example.Rmd’ using rmarkdown
    Warning in engine$weave(file, quiet = quiet, encoding = enc) :
      Pandoc (>= 1.12.3) not available. Falling back to R Markdown v1.
    Quitting from lines 88-95 (basic-usage-example.Rmd) 
    Error: processing vignette 'basic-usage-example.Rmd' failed with diagnostics:
    
    --- failed re-building ‘basic-usage-example.Rmd’
    
    SUMMARY: processing the following file failed:
      ‘basic-usage-example.Rmd’
    
    Error: Vignette re-building failed.
    Execution halted
Flavor: r-patched-solaris-x86