Last updated on 2021-04-27 07:47:47 CEST.
| Flavor | Version | Tinstall | Tcheck | Ttotal | Status | Flags | 
|---|---|---|---|---|---|---|
| r-devel-linux-x86_64-debian-clang | 1.1.5 | 18.82 | 103.29 | 122.11 | ERROR | |
| r-devel-linux-x86_64-debian-gcc | 1.1.5 | 16.30 | 79.52 | 95.82 | ERROR | |
| r-devel-linux-x86_64-fedora-clang | 1.1.5 | 155.94 | ERROR | |||
| r-devel-linux-x86_64-fedora-gcc | 1.1.5 | 146.20 | ERROR | |||
| r-devel-windows-ix86+x86_64 | 1.1.5 | 40.00 | 136.00 | 176.00 | ERROR | |
| r-devel-windows-x86_64-gcc10-UCRT | 1.1.5 | ERROR | ||||
| r-patched-linux-x86_64 | 1.1.5 | 17.87 | 98.86 | 116.73 | ERROR | |
| r-patched-solaris-x86 | 1.1.5 | 201.70 | ERROR | |||
| r-release-linux-x86_64 | 1.1.5 | 17.22 | 95.69 | 112.91 | ERROR | |
| r-release-macos-x86_64 | 1.1.5 | OK | ||||
| r-release-windows-ix86+x86_64 | 1.1.5 | 31.00 | 117.00 | 148.00 | ERROR | |
| r-oldrel-macos-x86_64 | 1.1.5 | OK | ||||
| r-oldrel-windows-ix86+x86_64 | 1.1.5 | 36.00 | 151.00 | 187.00 | ERROR | 
Version: 1.1.5
Check: LazyData
Result: NOTE
      'LazyData' is specified without a 'data' directory
Flavors: r-devel-linux-x86_64-debian-clang, r-devel-linux-x86_64-debian-gcc, r-devel-linux-x86_64-fedora-clang, r-devel-linux-x86_64-fedora-gcc, r-devel-windows-ix86+x86_64, r-patched-linux-x86_64
Version: 1.1.5
Check: examples
Result: ERROR
    Running examples in 'aftgee-Ex.R' failed
    The error most likely occurred in:
    
    > base::assign(".ptime", proc.time(), pos = "CheckExEnv")
    > ### Name: aftsrr
    > ### Title: Accelerated Failure Time with Smooth Rank Regression
    > ### Aliases: aftsrr
    > 
    > ### ** Examples
    > 
    > data(kidney, package = "survival")
    Warning in data(kidney, package = "survival") :
      data set 'kidney' not found
    > fit <- aftsrr(Surv(time, status) ~ age + sex, id = id,
    +               data = kidney, se = c("ISMB", "ZLMB"), B = 10)
    Error in is.data.frame(data) : object 'kidney' not found
    Calls: aftsrr ... model.frame -> model.frame.default -> is.data.frame
    Execution halted
Flavors: r-devel-linux-x86_64-debian-clang, r-devel-linux-x86_64-debian-gcc, r-patched-linux-x86_64, r-release-linux-x86_64
Version: 1.1.5
Check: examples
Result: ERROR
    Running examples in ‘aftgee-Ex.R’ failed
    The error most likely occurred in:
    
    > ### Name: aftsrr
    > ### Title: Accelerated Failure Time with Smooth Rank Regression
    > ### Aliases: aftsrr
    > 
    > ### ** Examples
    > 
    > data(kidney, package = "survival")
    Warning in data(kidney, package = "survival") :
      data set ‘kidney’ not found
    > fit <- aftsrr(Surv(time, status) ~ age + sex, id = id,
    +               data = kidney, se = c("ISMB", "ZLMB"), B = 10)
    Error in is.data.frame(data) : object 'kidney' not found
    Calls: aftsrr ... model.frame -> model.frame.default -> is.data.frame
    Execution halted
Flavors: r-devel-linux-x86_64-fedora-clang, r-devel-linux-x86_64-fedora-gcc, r-patched-solaris-x86
Version: 1.1.5
Check: running examples for arch ‘i386’
Result: ERROR
    Running examples in 'aftgee-Ex.R' failed
    The error most likely occurred in:
    
    > ### Name: aftsrr
    > ### Title: Accelerated Failure Time with Smooth Rank Regression
    > ### Aliases: aftsrr
    > 
    > ### ** Examples
    > 
    > data(kidney, package = "survival")
    Warning in data(kidney, package = "survival") :
      data set 'kidney' not found
    > fit <- aftsrr(Surv(time, status) ~ age + sex, id = id,
    +               data = kidney, se = c("ISMB", "ZLMB"), B = 10)
    Error in is.data.frame(data) : object 'kidney' not found
    Calls: aftsrr ... model.frame -> model.frame.default -> is.data.frame
    Execution halted
Flavors: r-devel-windows-ix86+x86_64, r-release-windows-ix86+x86_64, r-oldrel-windows-ix86+x86_64
Version: 1.1.5
Check: running examples for arch ‘x64’
Result: ERROR
    Running examples in 'aftgee-Ex.R' failed
    The error most likely occurred in:
    
    > ### Name: aftsrr
    > ### Title: Accelerated Failure Time with Smooth Rank Regression
    > ### Aliases: aftsrr
    > 
    > ### ** Examples
    > 
    > data(kidney, package = "survival")
    Warning in data(kidney, package = "survival") :
      data set 'kidney' not found
    > fit <- aftsrr(Surv(time, status) ~ age + sex, id = id,
    +               data = kidney, se = c("ISMB", "ZLMB"), B = 10)
    Error in is.data.frame(data) : object 'kidney' not found
    Calls: aftsrr ... model.frame -> model.frame.default -> is.data.frame
    Execution halted
Flavors: r-devel-windows-ix86+x86_64, r-release-windows-ix86+x86_64, r-oldrel-windows-ix86+x86_64
Version: 1.1.5
Check: package dependencies
Result: ERROR
    Packages required but not available: 'geepack', 'BB'
    
    See section 'The DESCRIPTION file' in the 'Writing R Extensions'
    manual.
Flavor: r-devel-windows-x86_64-gcc10-UCRT