Last updated on 2021-04-29 10:50:53 CEST.
| Flavor | Version | Tinstall | Tcheck | Ttotal | Status | Flags | 
|---|---|---|---|---|---|---|
| r-devel-linux-x86_64-debian-clang | 1.0.1 | 2.06 | 2.64 | 4.70 | ERROR | |
| r-devel-linux-x86_64-debian-gcc | 1.0.1 | 1.71 | 1.91 | 3.62 | ERROR | |
| r-devel-linux-x86_64-fedora-clang | 1.0.1 | 15.40 | ERROR | |||
| r-devel-linux-x86_64-fedora-gcc | 1.0.1 | 5.57 | ERROR | |||
| r-devel-windows-ix86+x86_64 | 1.0.1 | 7.00 | 7.00 | 14.00 | ERROR | |
| r-devel-windows-x86_64-gcc10-UCRT | 1.0.1 | ERROR | ||||
| r-patched-linux-x86_64 | 1.0.1 | 2.07 | 2.46 | 4.53 | ERROR | |
| r-patched-solaris-x86 | 1.0.1 | 111.70 | OK | |||
| r-release-linux-x86_64 | 1.0.1 | 2.96 | 34.47 | 37.43 | OK | |
| r-release-macos-x86_64 | 1.0.1 | OK | ||||
| r-release-windows-ix86+x86_64 | 1.0.1 | 12.00 | 61.00 | 73.00 | OK | |
| r-oldrel-macos-x86_64 | 1.0.1 | OK | ||||
| r-oldrel-windows-ix86+x86_64 | 1.0.1 | 10.00 | 52.00 | 62.00 | OK | 
Version: 1.0.1
Check: whether package can be installed
Result: ERROR
    Installation failed.
Flavors: r-devel-linux-x86_64-debian-clang, r-devel-linux-x86_64-debian-gcc, r-devel-linux-x86_64-fedora-clang, r-devel-linux-x86_64-fedora-gcc, r-devel-windows-x86_64-gcc10-UCRT, r-patched-linux-x86_64
Version: 1.0.1
Check: whether package can be installed
Result: ERROR
    Installation failed.
    See  for details.
    *
Flavor: r-devel-windows-ix86+x86_64