Last updated on 2021-05-11 06:47:53 CEST.
Flavor | Version | Tinstall | Tcheck | Ttotal | Status | Flags |
---|---|---|---|---|---|---|
r-devel-linux-x86_64-debian-clang | 0.2.3.3 | 221.93 | 128.11 | 350.04 | OK | |
r-devel-linux-x86_64-debian-gcc | 0.2.3.3 | 150.92 | 99.30 | 250.22 | OK | |
r-devel-linux-x86_64-fedora-clang | 0.2.3.3 | 484.82 | NOTE | |||
r-devel-linux-x86_64-fedora-gcc | 0.2.3.3 | 440.56 | NOTE | |||
r-devel-windows-ix86+x86_64 | 0.2.3.3 | 487.00 | 249.00 | 736.00 | NOTE | |
r-devel-windows-x86_64-gcc10-UCRT | 0.2.3.3 | NOTE | ||||
r-patched-linux-x86_64 | 0.2.3.3 | 186.67 | 119.79 | 306.46 | OK | |
r-patched-solaris-x86 | 0.2.3.3 | 461.60 | NOTE | |||
r-release-linux-x86_64 | 0.2.3.3 | 188.39 | 118.07 | 306.46 | OK | |
r-release-macos-x86_64 | 0.2.3.3 | NOTE | ||||
r-release-windows-ix86+x86_64 | 0.2.3.3 | 359.00 | 190.00 | 549.00 | NOTE | |
r-oldrel-macos-x86_64 | 0.2.3.3 | ERROR |
Version: 0.2.3.3
Check: installed package size
Result: NOTE
installed size is 12.8Mb
sub-directories of 1Mb or more:
data 3.4Mb
extdata 1.4Mb
libs 7.7Mb
Flavors: r-devel-linux-x86_64-fedora-clang, r-devel-windows-ix86+x86_64, r-patched-solaris-x86, r-release-macos-x86_64, r-release-windows-ix86+x86_64
Version: 0.2.3.3
Check: dependencies in R code
Result: NOTE
Namespaces in Imports field not imported from:
‘Rcpp’ ‘RcppProgress’
All declared Imports should be used.
Flavors: r-devel-linux-x86_64-fedora-clang, r-devel-linux-x86_64-fedora-gcc, r-devel-windows-x86_64-gcc10-UCRT, r-patched-solaris-x86, r-release-macos-x86_64
Version: 0.2.3.3
Check: package dependencies
Result: ERROR
Package required and available but unsuitable version: ‘data.table’
See section ‘The DESCRIPTION file’ in the ‘Writing R Extensions’
manual.
Flavor: r-oldrel-macos-x86_64