Last updated on 2021-05-27 12:54:19 CEST.
Flavor | Version | Tinstall | Tcheck | Ttotal | Status | Flags |
---|---|---|---|---|---|---|
r-devel-linux-x86_64-debian-clang | 1.0.5 | 12.05 | 115.41 | 127.46 | ERROR | |
r-devel-linux-x86_64-debian-gcc | 1.0.5 | 9.66 | 89.41 | 99.07 | ERROR | |
r-devel-linux-x86_64-fedora-clang | 1.0.5 | 163.98 | ERROR | |||
r-devel-linux-x86_64-fedora-gcc | 1.0.5 | 163.38 | ERROR | |||
r-devel-windows-x86_64 | 1.0.5 | 18.00 | 149.00 | 167.00 | OK | |
r-devel-windows-x86_64-gcc10-UCRT | 1.0.5 | OK | ||||
r-patched-linux-x86_64 | 1.0.5 | 19.83 | 122.52 | 142.35 | OK | |
r-patched-solaris-x86 | 1.0.5 | 216.70 | OK | |||
r-release-linux-x86_64 | 1.0.5 | 10.79 | 123.99 | 134.78 | OK | |
r-release-windows-ix86+x86_64 | 1.0.5 | 20.00 | 166.00 | 186.00 | OK | |
r-oldrel-macos-x86_64 | 1.0.5 | WARN | ||||
r-oldrel-windows-ix86+x86_64 | 1.0.5 | 17.00 | 141.00 | 158.00 | OK |
Version: 1.0.5
Check: examples
Result: ERROR
Running examples in 'OceanView-Ex.R' failed
The error most likely occurred in:
> base::assign(".ptime", proc.time(), pos = "CheckExEnv")
> ### Name: Map and extract data
> ### Title: Functions for remapping, changing the resolution, and extracting
> ### from 2-D or 3-D data.
> ### Aliases: remap remap.matrix remap.array changeres changeres.matrix
> ### changeres.array extract extract.matrix extract.array transect
> ### mapsigma mapsigma.matrix mapsigma.array transectsigma
> ### Keywords: hplot
>
> ### ** Examples
>
> # save plotting parameters
> pm <- par("mfrow")
>
> ## =======================================================================
> ## Simple examples
> ## =======================================================================
> M <- matrix(nrow = 2, data = 1:4)
> remap(M, x = 1:2, y = 1:2,
+ xto = seq(1, 2, length.out = 3), yto = 1:2)
$var
[,1] [,2]
[1,] 1.0 3.0
[2,] 1.5 3.5
[3,] 2.0 4.0
$x
[1] 1.0 1.5 2.0
$y
[1] 1 2
>
> changeres(M, x = 1:2, y = 1:2, resfac = c(2, 1))
$var
[,1] [,2]
[1,] 1.0 3.0
[2,] 1.5 3.5
[3,] 2.0 4.0
$x
[1] 1.0 1.5 2.0
$y
[1] 1 2
> changeres(M, x = 1:2, y = 1:2, resfac = 2)
$var
[,1] [,2] [,3]
[1,] 1.0 2.0 3.0
[2,] 1.5 2.5 3.5
[3,] 2.0 3.0 4.0
$x
[1] 1.0 1.5 2.0
$y
[1] 1.0 1.5 2.0
>
> # x and or y are a matrix.
> changeres(var = M, x = M, y = 1:2, resfac = c(2, 1))
Error in matrix(nrow = length(xto), ncol = length(yto), data = M) :
data length differs from size of matrix: [12 != 3 x 2]
Calls: changeres ... changeres_xmat -> changeres_xvec -> remapxy -> matrix
Execution halted
Flavors: r-devel-linux-x86_64-debian-clang, r-devel-linux-x86_64-debian-gcc
Version: 1.0.5
Check: examples
Result: ERROR
Running examples in ‘OceanView-Ex.R’ failed
The error most likely occurred in:
> ### Name: Map and extract data
> ### Title: Functions for remapping, changing the resolution, and extracting
> ### from 2-D or 3-D data.
> ### Aliases: remap remap.matrix remap.array changeres changeres.matrix
> ### changeres.array extract extract.matrix extract.array transect
> ### mapsigma mapsigma.matrix mapsigma.array transectsigma
> ### Keywords: hplot
>
> ### ** Examples
>
> # save plotting parameters
> pm <- par("mfrow")
>
> ## =======================================================================
> ## Simple examples
> ## =======================================================================
> M <- matrix(nrow = 2, data = 1:4)
> remap(M, x = 1:2, y = 1:2,
+ xto = seq(1, 2, length.out = 3), yto = 1:2)
$var
[,1] [,2]
[1,] 1.0 3.0
[2,] 1.5 3.5
[3,] 2.0 4.0
$x
[1] 1.0 1.5 2.0
$y
[1] 1 2
>
> changeres(M, x = 1:2, y = 1:2, resfac = c(2, 1))
$var
[,1] [,2]
[1,] 1.0 3.0
[2,] 1.5 3.5
[3,] 2.0 4.0
$x
[1] 1.0 1.5 2.0
$y
[1] 1 2
> changeres(M, x = 1:2, y = 1:2, resfac = 2)
$var
[,1] [,2] [,3]
[1,] 1.0 2.0 3.0
[2,] 1.5 2.5 3.5
[3,] 2.0 3.0 4.0
$x
[1] 1.0 1.5 2.0
$y
[1] 1.0 1.5 2.0
>
> # x and or y are a matrix.
> changeres(var = M, x = M, y = 1:2, resfac = c(2, 1))
Error in matrix(nrow = length(xto), ncol = length(yto), data = M) :
data length differs from size of matrix: [12 != 3 x 2]
Calls: changeres ... changeres_xmat -> changeres_xvec -> remapxy -> matrix
Execution halted
Flavors: r-devel-linux-x86_64-fedora-clang, r-devel-linux-x86_64-fedora-gcc
Version: 1.0.5
Check: whether package can be installed
Result: WARN
Found the following significant warnings:
Warning: 'rgl_init' failed, running with rgl.useNULL = TRUE
Flavor: r-oldrel-macos-x86_64
Version: 1.0.5
Check: dependencies in R code
Result: NOTE
No protocol specified
Flavor: r-oldrel-macos-x86_64
Version: 1.0.5
Check: S3 generic/method consistency
Result: WARN
No protocol specified
See section ‘Generic functions and methods’ in the ‘Writing R
Extensions’ manual.
Flavor: r-oldrel-macos-x86_64
Version: 1.0.5
Check: replacement functions
Result: WARN
No protocol specified
The argument of a replacement function which corresponds to the right
hand side must be named ‘value’.
Flavor: r-oldrel-macos-x86_64
Version: 1.0.5
Check: foreign function calls
Result: NOTE
No protocol specified
See chapter ‘System and foreign language interfaces’ in the ‘Writing R
Extensions’ manual.
Flavor: r-oldrel-macos-x86_64
Version: 1.0.5
Check: R code for possible problems
Result: NOTE
No protocol specified
Flavor: r-oldrel-macos-x86_64
Version: 1.0.5
Check: for missing documentation entries
Result: WARN
No protocol specified
All user-level objects in a package should have documentation entries.
See chapter ‘Writing R documentation files’ in the ‘Writing R
Extensions’ manual.
Flavor: r-oldrel-macos-x86_64
Version: 1.0.5
Check: for code/documentation mismatches
Result: WARN
No protocol specified
No protocol specified
No protocol specified
Flavor: r-oldrel-macos-x86_64
Version: 1.0.5
Check: Rd \usage sections
Result: NOTE
No protocol specified
The \usage entries for S3 methods should use the \method markup and not
their full name.
See chapter ‘Writing R documentation files’ in the ‘Writing R
Extensions’ manual.
Flavor: r-oldrel-macos-x86_64