Last updated on 2021-05-31 08:52:48 CEST.
Flavor | Version | Tinstall | Tcheck | Ttotal | Status | Flags |
---|---|---|---|---|---|---|
r-devel-linux-x86_64-debian-clang | 1.0 | 48.96 | 115.91 | 164.87 | OK | |
r-devel-linux-x86_64-debian-gcc | 1.0 | 36.71 | 88.34 | 125.05 | OK | |
r-devel-linux-x86_64-fedora-clang | 1.0 | 223.30 | NOTE | |||
r-devel-linux-x86_64-fedora-gcc | 1.0 | 203.18 | OK | |||
r-devel-windows-x86_64 | 1.0 | 70.00 | 0.00 | 70.00 | ERROR | |
r-devel-windows-x86_64-gcc10-UCRT | 1.0 | OK | ||||
r-patched-linux-x86_64 | 1.0 | 43.24 | 112.29 | 155.53 | OK | |
r-patched-solaris-x86 | 1.0 | 201.90 | OK | |||
r-release-linux-x86_64 | 1.0 | 43.34 | 116.53 | 159.87 | OK | |
r-release-macos-arm64 | 1.0 | NOTE | ||||
r-release-macos-x86_64 | 1.0 | NOTE | ||||
r-release-windows-ix86+x86_64 | 1.0 | 81.00 | 164.00 | 245.00 | OK | |
r-oldrel-macos-x86_64 | 1.0 | NOTE | ||||
r-oldrel-windows-ix86+x86_64 | 1.0 | 92.00 | 127.00 | 219.00 | OK |
clang-ASAN gcc11 gcc-ASAN rchk valgrind
Version: 1.0
Check: installed package size
Result: NOTE
installed size is 5.9Mb
sub-directories of 1Mb or more:
R 1.4Mb
libs 4.2Mb
Flavors: r-devel-linux-x86_64-fedora-clang, r-release-macos-arm64, r-release-macos-x86_64, r-oldrel-macos-x86_64
Version: 1.0
Check: whether package can be installed
Result: ERROR
Installation failed.
See *
Flavor: r-devel-windows-x86_64