Last updated on 2021-06-04 06:48:57 CEST.
Flavor | Version | Tinstall | Tcheck | Ttotal | Status | Flags |
---|---|---|---|---|---|---|
r-devel-linux-x86_64-debian-clang | 1.0.0 | 51.30 | 51.94 | 103.24 | OK | |
r-devel-linux-x86_64-debian-gcc | 1.0.0 | 43.07 | 40.86 | 83.93 | OK | |
r-devel-linux-x86_64-fedora-clang | 1.0.0 | 152.15 | NOTE | |||
r-devel-linux-x86_64-fedora-gcc | 1.0.0 | 139.78 | NOTE | |||
r-devel-windows-x86_64 | 1.0.0 | 66.00 | 64.00 | 130.00 | OK | |
r-devel-windows-x86_64-gcc10-UCRT | 1.0.0 | NOTE | ||||
r-patched-linux-x86_64 | 1.0.0 | 49.69 | 49.78 | 99.47 | OK | |
r-patched-solaris-x86 | 1.0.0 | 30.70 | ERROR | |||
r-release-linux-x86_64 | 1.0.0 | 48.84 | 49.53 | 98.37 | OK | |
r-release-macos-arm64 | 1.0.0 | NOTE | ||||
r-release-macos-x86_64 | 1.0.0 | NOTE | ||||
r-release-windows-ix86+x86_64 | 1.0.0 | 94.00 | 108.00 | 202.00 | OK | |
r-oldrel-windows-ix86+x86_64 | 1.0.0 | 121.00 | 109.00 | 230.00 | OK |
Version: 1.0.0
Check: installed package size
Result: NOTE
installed size is 6.3Mb
sub-directories of 1Mb or more:
libs 5.6Mb
Flavors: r-devel-linux-x86_64-fedora-clang, r-release-macos-arm64, r-release-macos-x86_64
Version: 1.0.0
Check: dependencies in R code
Result: NOTE
Namespace in Imports field not imported from: ‘RcppProgress’
All declared Imports should be used.
Flavors: r-devel-linux-x86_64-fedora-clang, r-devel-linux-x86_64-fedora-gcc, r-devel-windows-x86_64-gcc10-UCRT, r-release-macos-arm64, r-release-macos-x86_64
Version: 1.0.0
Check: whether package can be installed
Result: ERROR
Installation failed.
Flavor: r-patched-solaris-x86