Last updated on 2021-06-08 07:48:40 CEST.
| Flavor | Version | Tinstall | Tcheck | Ttotal | Status | Flags | 
|---|---|---|---|---|---|---|
| r-devel-linux-x86_64-debian-clang | 0.1 | 2.16 | 40.38 | 42.54 | NOTE | |
| r-devel-linux-x86_64-debian-gcc | 0.1 | 1.80 | 30.26 | 32.06 | NOTE | |
| r-devel-linux-x86_64-fedora-clang | 0.1 | 59.67 | NOTE | |||
| r-devel-linux-x86_64-fedora-gcc | 0.1 | 48.92 | NOTE | |||
| r-devel-windows-x86_64 | 0.1 | 4.00 | 39.00 | 43.00 | NOTE | |
| r-devel-windows-x86_64-gcc10-UCRT | 0.1 | NOTE | ||||
| r-patched-linux-x86_64 | 0.1 | 2.36 | 39.21 | 41.57 | NOTE | |
| r-patched-solaris-x86 | 0.1 | 70.60 | NOTE | |||
| r-release-linux-x86_64 | 0.1 | 2.24 | 39.16 | 41.40 | NOTE | |
| r-release-macos-arm64 | 0.1 | NOTE | ||||
| r-release-macos-x86_64 | 0.1 | NOTE | ||||
| r-release-windows-ix86+x86_64 | 0.1 | 4.00 | 39.00 | 43.00 | NOTE | |
| r-oldrel-macos-x86_64 | 0.1 | NOTE | ||||
| r-oldrel-windows-ix86+x86_64 | 0.1 | 4.00 | 34.00 | 38.00 | NOTE | 
Version: 0.1
Check: R code for possible problems
Result: NOTE
    booties: no visible binding for global variable 'sd'
    booties: no visible binding for global variable 'quantile'
    hierDiversity: no visible global function definition for
      'txtProgressBar'
    hierDiversity: no visible global function definition for
      'setTxtProgressBar'
    Undefined global functions or variables:
      quantile sd setTxtProgressBar txtProgressBar
    Consider adding
      importFrom("stats", "quantile", "sd")
      importFrom("utils", "setTxtProgressBar", "txtProgressBar")
    to your NAMESPACE file.
Flavors: r-devel-linux-x86_64-debian-clang, r-devel-linux-x86_64-debian-gcc, r-devel-linux-x86_64-fedora-clang, r-devel-linux-x86_64-fedora-gcc, r-devel-windows-x86_64, r-devel-windows-x86_64-gcc10-UCRT, r-patched-linux-x86_64, r-patched-solaris-x86, r-release-linux-x86_64, r-release-macos-arm64, r-release-macos-x86_64, r-release-windows-ix86+x86_64, r-oldrel-macos-x86_64, r-oldrel-windows-ix86+x86_64
Version: 0.1
Check: Rd cross-references
Result: NOTE
    Unknown package 'vegetarian' in Rd xrefs
Flavors: r-devel-linux-x86_64-debian-clang, r-devel-linux-x86_64-debian-gcc, r-devel-linux-x86_64-fedora-gcc, r-devel-windows-x86_64-gcc10-UCRT, r-patched-linux-x86_64, r-patched-solaris-x86, r-release-linux-x86_64, r-release-macos-arm64, r-release-macos-x86_64
Version: 0.1
Check: Rd cross-references
Result: NOTE
    Undeclared package ‘vegetarian’ in Rd xrefs
    Unknown package ‘vegetarian’ in Rd xrefs
Flavor: r-devel-linux-x86_64-fedora-clang