Last updated on 2021-06-09 07:49:09 CEST.
Flavor | Version | Tinstall | Tcheck | Ttotal | Status | Flags |
---|---|---|---|---|---|---|
r-devel-linux-x86_64-debian-clang | 1.0-7 | 8.71 | 74.41 | 83.12 | WARN | |
r-devel-linux-x86_64-debian-gcc | 1.0-7 | 6.87 | 58.38 | 65.25 | WARN | |
r-devel-linux-x86_64-fedora-clang | 1.0-7 | 107.76 | WARN | |||
r-devel-linux-x86_64-fedora-gcc | 1.0-7 | 95.99 | WARN | |||
r-devel-windows-x86_64 | 1.0-7 | 13.00 | 76.00 | 89.00 | WARN | |
r-devel-windows-x86_64-gcc10-UCRT | 1.0-7 | OK | ||||
r-patched-linux-x86_64 | 1.0-7 | 9.09 | 71.73 | 80.82 | OK | |
r-patched-solaris-x86 | 1.0-7 | 138.70 | OK | |||
r-release-linux-x86_64 | 1.0-7 | 6.08 | 72.57 | 78.65 | OK | |
r-release-macos-arm64 | 1.0-7 | OK | ||||
r-release-macos-x86_64 | 1.0-7 | OK | ||||
r-release-windows-ix86+x86_64 | 1.0-7 | 14.00 | 98.00 | 112.00 | OK | |
r-oldrel-macos-x86_64 | 1.0-7 | OK | ||||
r-oldrel-windows-ix86+x86_64 | 1.0-7 | 13.00 | 97.00 | 110.00 | OK |
Version: 1.0-7
Check: re-building of vignette outputs
Result: WARN
Error(s) in re-building vignettes:
...
--- re-building 'optimsimplex_manual.Rnw' using Sweave
Loading required package: optimsimplex
Loading required package: optimbase
Loading required package: Matrix
Error: processing vignette 'optimsimplex_manual.Rnw' failed with diagnostics:
Running 'texi2dvi' on 'optimsimplex_manual.tex' failed.
LaTeX errors:
! LaTeX Error: Missing \begin{document}.
See the LaTeX manual or LaTeX Companion for explanation.
Type H <return> for immediate help.
...
--- failed re-building 'optimsimplex_manual.Rnw'
SUMMARY: processing the following file failed:
'optimsimplex_manual.Rnw'
Error: Vignette re-building failed.
Execution halted
Flavors: r-devel-linux-x86_64-debian-clang, r-devel-linux-x86_64-debian-gcc
Version: 1.0-7
Check: re-building of vignette outputs
Result: WARN
Error(s) in re-building vignettes:
--- re-building ‘optimsimplex_manual.Rnw’ using Sweave
Loading required package: optimsimplex
Loading required package: optimbase
Loading required package: Matrix
Error: processing vignette 'optimsimplex_manual.Rnw' failed with diagnostics:
Running 'texi2dvi' on 'optimsimplex_manual.tex' failed.
LaTeX errors:
! LaTeX Error: Missing \begin{document}.
See the LaTeX manual or LaTeX Companion for explanation.
Type H <return> for immediate help.
...
--- failed re-building ‘optimsimplex_manual.Rnw’
SUMMARY: processing the following file failed:
‘optimsimplex_manual.Rnw’
Error: Vignette re-building failed.
Execution halted
Flavors: r-devel-linux-x86_64-fedora-clang, r-devel-linux-x86_64-fedora-gcc
Version: 1.0-7
Check: re-building of vignette outputs
Result: WARN
Error(s) in re-building vignettes:
--- re-building 'optimsimplex_manual.Rnw' using Sweave
Loading required package: optimsimplex
Loading required package: optimbase
Loading required package: Matrix
Warning in system(paste(shQuote(texi2dvi), if (quiet) "--quiet" else "", :
running command '"D:\compiler\texmf\miktex\bin\texify.exe" --quiet --pdf "optimsimplex_manual.tex" --max-iterations=20 -I "D:/RCompile/recent/R/share/texmf/tex/latex" -I "D:/RCompile/recent/R/share/texmf/bibtex/bst"' had status 1
Error: processing vignette 'optimsimplex_manual.Rnw' failed with diagnostics:
running 'texi2dvi' on 'optimsimplex_manual.tex' failed
LaTeX errors:
tes/optimsimplex_manual.tex:21: LaTeX Error: Missing \begin{document}.
See the LaTeX manual or LaTeX Companion for explanation.
Type H <return> for immediate help
You're in trouble here. Try typing <return> to proceed.
--- failed re-building 'optimsimplex_manual.Rnw'
SUMMARY: processing the following file failed:
'optimsimplex_manual.Rnw'
Error: Vignette re-building failed.
Execution halted
Flavor: r-devel-windows-x86_64