Last updated on 2021-06-28 15:51:23 CEST.
| Flavor | Version | Tinstall | Tcheck | Ttotal | Status | Flags | 
|---|---|---|---|---|---|---|
| r-devel-linux-x86_64-debian-clang | 0.2.4 | 2.16 | 21.23 | 23.39 | WARN | |
| r-devel-linux-x86_64-debian-gcc | 0.2.4 | 1.79 | 16.80 | 18.59 | WARN | |
| r-devel-linux-x86_64-fedora-clang | 0.2.4 | 37.62 | WARN | |||
| r-devel-linux-x86_64-fedora-gcc | 0.2.4 | 26.78 | WARN | |||
| r-devel-windows-x86_64 | 0.2.4 | 4.00 | 29.00 | 33.00 | WARN | |
| r-devel-windows-x86_64-gcc10-UCRT | 0.2.4 | WARN | ||||
| r-patched-linux-x86_64 | 0.2.4 | 2.35 | 20.61 | 22.96 | WARN | |
| r-patched-solaris-x86 | 0.2.4 | 43.90 | WARN | |||
| r-release-linux-x86_64 | 0.2.4 | 1.79 | 20.43 | 22.22 | WARN | |
| r-release-macos-arm64 | 0.2.4 | NOTE | ||||
| r-release-macos-x86_64 | 0.2.4 | NOTE | ||||
| r-release-windows-ix86+x86_64 | 0.2.4 | 6.00 | 31.00 | 37.00 | WARN | |
| r-oldrel-macos-x86_64 | 0.2.4 | OK | ||||
| r-oldrel-windows-ix86+x86_64 | 0.2.4 | 5.00 | 37.00 | 42.00 | NOTE | 
Version: 0.2.4
Check: dependencies in R code
Result: WARN
    Missing or unexported objects:
      'checkpoint::getValidSnapshots' 'checkpoint::mranUrl'
Flavors: r-devel-linux-x86_64-debian-clang, r-devel-linux-x86_64-debian-gcc, r-devel-linux-x86_64-fedora-clang, r-devel-linux-x86_64-fedora-gcc, r-devel-windows-x86_64, r-devel-windows-x86_64-gcc10-UCRT, r-patched-linux-x86_64, r-patched-solaris-x86, r-release-linux-x86_64, r-release-windows-ix86+x86_64
Version: 0.2.4
Check: LazyData
Result: NOTE
      'LazyData' is specified without a 'data' directory
Flavors: r-devel-linux-x86_64-debian-clang, r-devel-linux-x86_64-debian-gcc, r-devel-linux-x86_64-fedora-clang, r-devel-linux-x86_64-fedora-gcc, r-devel-windows-x86_64, r-devel-windows-x86_64-gcc10-UCRT, r-patched-linux-x86_64, r-patched-solaris-x86, r-release-linux-x86_64, r-release-macos-arm64, r-release-macos-x86_64, r-release-windows-ix86+x86_64
Version: 0.2.4
Check: dependencies in R code
Result: NOTE
    Missing or unexported objects:
      'checkpoint::getValidSnapshots' 'checkpoint::mranUrl'
Flavor: r-oldrel-windows-ix86+x86_64