Last updated on 2021-07-02 16:50:04 CEST.
| Flavor | Version | Tinstall | Tcheck | Ttotal | Status | Flags | 
|---|---|---|---|---|---|---|
| r-devel-linux-x86_64-debian-clang | 1.0.0 | 9.89 | 137.75 | 147.64 | WARN | |
| r-devel-linux-x86_64-debian-gcc | 1.0.0 | 7.75 | 97.71 | 105.46 | WARN | |
| r-devel-linux-x86_64-fedora-clang | 1.0.0 | 178.42 | WARN | |||
| r-devel-linux-x86_64-fedora-gcc | 1.0.0 | 159.02 | WARN | |||
| r-devel-windows-x86_64 | 1.0.0 | 18.00 | 149.00 | 167.00 | WARN | |
| r-devel-windows-x86_64-gcc10-UCRT | 1.0.0 | WARN | ||||
| r-patched-linux-x86_64 | 1.0.0 | 9.51 | 122.80 | 132.31 | WARN | |
| r-patched-solaris-x86 | 1.0.0 | 238.20 | WARN | |||
| r-release-linux-x86_64 | 1.0.0 | 9.84 | 123.32 | 133.16 | WARN | |
| r-release-macos-arm64 | 1.0.0 | NOTE | ||||
| r-release-macos-x86_64 | 1.0.0 | NOTE | ||||
| r-release-windows-ix86+x86_64 | 1.0.0 | 22.00 | 145.00 | 167.00 | WARN | |
| r-oldrel-macos-x86_64 | 1.0.0 | NOTE | ||||
| r-oldrel-windows-ix86+x86_64 | 1.0.0 | 23.00 | 148.00 | 171.00 | WARN | 
Version: 1.0.0
Check: re-building of vignette outputs
Result: WARN
    Error(s) in re-building vignettes:
      ...
    --- re-building 'introduction.Rmd' using rmarkdown
    --- finished re-building 'introduction.Rmd'
    
    --- re-building 'servicepatterns.Rmd' using rmarkdown
    --- finished re-building 'servicepatterns.Rmd'
    
    --- re-building 'timetable.Rmd' using rmarkdown
    Quitting from lines 180-191 (timetable.Rmd) 
    Error: processing vignette 'timetable.Rmd' failed with diagnostics:
    Malformed colour string `#`. Must contain either 6 or 8 hex values
    --- failed re-building 'timetable.Rmd'
    
    SUMMARY: processing the following file failed:
      'timetable.Rmd'
    
    Error: Vignette re-building failed.
    Execution halted
Flavors: r-devel-linux-x86_64-debian-clang, r-devel-linux-x86_64-debian-gcc, r-devel-windows-x86_64-gcc10-UCRT, r-patched-linux-x86_64, r-release-linux-x86_64
Version: 1.0.0
Check: installed package size
Result: NOTE
      installed size is  5.7Mb
      sub-directories of 1Mb or more:
        extdata   4.4Mb
Flavors: r-devel-linux-x86_64-fedora-clang, r-devel-windows-x86_64, r-patched-solaris-x86, r-release-macos-arm64, r-release-macos-x86_64, r-release-windows-ix86+x86_64, r-oldrel-macos-x86_64, r-oldrel-windows-ix86+x86_64
Version: 1.0.0
Check: dependencies in R code
Result: NOTE
    Namespaces in Imports field not imported from:
      ‘lubridate’ ‘tools’
      All declared Imports should be used.
Flavors: r-devel-linux-x86_64-fedora-clang, r-devel-linux-x86_64-fedora-gcc, r-devel-windows-x86_64-gcc10-UCRT, r-patched-solaris-x86, r-release-macos-arm64, r-release-macos-x86_64, r-oldrel-macos-x86_64
Version: 1.0.0
Check: data for non-ASCII characters
Result: NOTE
      Note: found 61 marked UTF-8 strings
Flavors: r-devel-linux-x86_64-fedora-clang, r-devel-linux-x86_64-fedora-gcc, r-devel-windows-x86_64-gcc10-UCRT, r-patched-solaris-x86, r-release-macos-arm64, r-release-macos-x86_64, r-oldrel-macos-x86_64
Version: 1.0.0
Check: re-building of vignette outputs
Result: WARN
    Error(s) in re-building vignettes:
    --- re-building ‘introduction.Rmd’ using rmarkdown
    --- finished re-building ‘introduction.Rmd’
    
    --- re-building ‘servicepatterns.Rmd’ using rmarkdown
    --- finished re-building ‘servicepatterns.Rmd’
    
    --- re-building ‘timetable.Rmd’ using rmarkdown
    Quitting from lines 180-191 (timetable.Rmd) 
    Error: processing vignette 'timetable.Rmd' failed with diagnostics:
    Malformed colour string `#`. Must contain either 6 or 8 hex values
    --- failed re-building ‘timetable.Rmd’
    
    SUMMARY: processing the following file failed:
      ‘timetable.Rmd’
    
    Error: Vignette re-building failed.
    Execution halted
Flavors: r-devel-linux-x86_64-fedora-clang, r-devel-linux-x86_64-fedora-gcc, r-devel-windows-x86_64, r-release-windows-ix86+x86_64, r-oldrel-windows-ix86+x86_64
Version: 1.0.0
Check: re-building of vignette outputs
Result: WARN
    Error(s) in re-building vignettes:
      ...
    --- re-building ‘introduction.Rmd’ using rmarkdown
    Warning in engine$weave(file, quiet = quiet, encoding = enc) :
      Pandoc (>= 1.12.3) not available. Falling back to R Markdown v1.
    --- finished re-building ‘introduction.Rmd’
    
    --- re-building ‘servicepatterns.Rmd’ using rmarkdown
    Warning in engine$weave(file, quiet = quiet, encoding = enc) :
      Pandoc (>= 1.12.3) not available. Falling back to R Markdown v1.
    --- finished re-building ‘servicepatterns.Rmd’
    
    --- re-building ‘timetable.Rmd’ using rmarkdown
    Warning in engine$weave(file, quiet = quiet, encoding = enc) :
      Pandoc (>= 1.12.3) not available. Falling back to R Markdown v1.
    Quitting from lines 180-191 (timetable.Rmd) 
    Error: processing vignette 'timetable.Rmd' failed with diagnostics:
    Malformed colour string `#`. Must contain either 6 or 8 hex values
    --- failed re-building ‘timetable.Rmd’
    
    SUMMARY: processing the following file failed:
      ‘timetable.Rmd’
    
    Error: Vignette re-building failed.
    Execution halted
Flavor: r-patched-solaris-x86