Last updated on 2021-07-04 08:50:12 CEST.
| Flavor | Version | Tinstall | Tcheck | Ttotal | Status | Flags | 
|---|---|---|---|---|---|---|
| r-devel-linux-x86_64-debian-clang | 0.1.0 | WARN | ||||
| r-devel-linux-x86_64-debian-gcc | 0.1.0 | 23.18 | 31.35 | 54.53 | WARN | |
| r-devel-linux-x86_64-fedora-clang | 0.1.0 | 105.79 | WARN | |||
| r-devel-linux-x86_64-fedora-gcc | 0.1.0 | 92.57 | WARN | |||
| r-devel-windows-x86_64 | 0.1.0 | 36.00 | 72.00 | 108.00 | WARN | |
| r-devel-windows-x86_64-gcc10-UCRT | 0.1.0 | WARN | ||||
| r-patched-linux-x86_64 | 0.1.0 | 28.16 | 38.56 | 66.72 | WARN | |
| r-patched-solaris-x86 | 0.1.0 | 100.40 | WARN | |||
| r-release-linux-x86_64 | 0.1.0 | 27.96 | 38.96 | 66.92 | WARN | |
| r-release-macos-arm64 | 0.1.0 | NOTE | ||||
| r-release-macos-x86_64 | 0.1.0 | NOTE | ||||
| r-release-windows-ix86+x86_64 | 0.1.0 | 59.00 | 90.00 | 149.00 | WARN | |
| r-oldrel-macos-x86_64 | 0.1.0 | OK | ||||
| r-oldrel-windows-ix86+x86_64 | 0.1.0 | 79.00 | 91.00 | 170.00 | WARN | 
Version: 0.1.0
Check: package dependencies
Result: NOTE
    Package suggested but not available for checking: 'ggtern'
Flavors: r-devel-linux-x86_64-debian-clang, r-devel-linux-x86_64-debian-gcc, r-devel-linux-x86_64-fedora-clang, r-devel-linux-x86_64-fedora-gcc, r-devel-windows-x86_64-gcc10-UCRT, r-patched-linux-x86_64, r-patched-solaris-x86, r-release-linux-x86_64
Version: 0.1.0
Check: LazyData
Result: NOTE
      'LazyData' is specified without a 'data' directory
Flavors: r-devel-linux-x86_64-debian-clang, r-devel-linux-x86_64-debian-gcc, r-devel-linux-x86_64-fedora-clang, r-devel-linux-x86_64-fedora-gcc, r-devel-windows-x86_64, r-devel-windows-x86_64-gcc10-UCRT, r-patched-linux-x86_64, r-patched-solaris-x86, r-release-linux-x86_64, r-release-macos-arm64, r-release-macos-x86_64, r-release-windows-ix86+x86_64
Version: 0.1.0
Check: re-building of vignette outputs
Result: WARN
    Error(s) in re-building vignettes:
      ...
    --- re-building 'RelativePermeability.Rmd' using rmarkdown
    
    Attaching package: 'tidyr'
    
    The following object is masked from 'package:magrittr':
    
        extract
    
    Quitting from lines 346-379 (RelativePermeability.Rmd) 
    Error: processing vignette 'RelativePermeability.Rmd' failed with diagnostics:
    there is no package called 'ggtern'
    --- failed re-building 'RelativePermeability.Rmd'
    
    SUMMARY: processing the following file failed:
      'RelativePermeability.Rmd'
    
    Error: Vignette re-building failed.
    Execution halted
Flavors: r-devel-linux-x86_64-debian-clang, r-devel-linux-x86_64-debian-gcc, r-devel-windows-x86_64-gcc10-UCRT, r-patched-linux-x86_64, r-release-linux-x86_64
Version: 0.1.0
Check: re-building of vignette outputs
Result: WARN
    Error(s) in re-building vignettes:
    --- re-building ‘RelativePermeability.Rmd’ using rmarkdown
    
    Attaching package: 'tidyr'
    
    The following object is masked from 'package:magrittr':
    
        extract
    
    Quitting from lines 346-379 (RelativePermeability.Rmd) 
    Error: processing vignette 'RelativePermeability.Rmd' failed with diagnostics:
    there is no package called 'ggtern'
    --- failed re-building ‘RelativePermeability.Rmd’
    
    SUMMARY: processing the following file failed:
      ‘RelativePermeability.Rmd’
    
    Error: Vignette re-building failed.
    Execution halted
Flavors: r-devel-linux-x86_64-fedora-clang, r-devel-linux-x86_64-fedora-gcc
Version: 0.1.0
Check: re-building of vignette outputs
Result: WARN
    Error(s) in re-building vignettes:
    --- re-building 'RelativePermeability.Rmd' using rmarkdown
    
    Attaching package: 'tidyr'
    
    The following object is masked from 'package:magrittr':
    
        extract
    
    Quitting from lines 346-379 (RelativePermeability.Rmd) 
    Error: processing vignette 'RelativePermeability.Rmd' failed with diagnostics:
    geom_point requires the following missing aesthetics: x and y
    --- failed re-building 'RelativePermeability.Rmd'
    
    SUMMARY: processing the following file failed:
      'RelativePermeability.Rmd'
    
    Error: Vignette re-building failed.
    Execution halted
Flavors: r-devel-windows-x86_64, r-release-windows-ix86+x86_64, r-oldrel-windows-ix86+x86_64
Version: 0.1.0
Check: re-building of vignette outputs
Result: WARN
    Error(s) in re-building vignettes:
      ...
    --- re-building ‘RelativePermeability.Rmd’ using rmarkdown
    Warning in engine$weave(file, quiet = quiet, encoding = enc) :
      Pandoc (>= 1.12.3) not available. Falling back to R Markdown v1.
    
    Attaching package: 'tidyr'
    
    The following object is masked from 'package:magrittr':
    
        extract
    
    Quitting from lines 346-379 (RelativePermeability.Rmd) 
    Error: processing vignette 'RelativePermeability.Rmd' failed with diagnostics:
    there is no package called 'ggtern'
    --- failed re-building ‘RelativePermeability.Rmd’
    
    SUMMARY: processing the following file failed:
      ‘RelativePermeability.Rmd’
    
    Error: Vignette re-building failed.
    Execution halted
Flavor: r-patched-solaris-x86