Last updated on 2021-07-04 09:49:36 CEST.
| Flavor | Version | Tinstall | Tcheck | Ttotal | Status | Flags | 
|---|---|---|---|---|---|---|
| r-devel-linux-x86_64-debian-clang | 0.3 | NOTE | ||||
| r-devel-linux-x86_64-debian-gcc | 0.3 | 3.74 | 36.06 | 39.80 | NOTE | |
| r-devel-linux-x86_64-fedora-clang | 0.3 | 73.70 | NOTE | |||
| r-devel-linux-x86_64-fedora-gcc | 0.3 | 61.16 | NOTE | |||
| r-devel-windows-x86_64 | 0.3 | 8.00 | 99.00 | 107.00 | NOTE | |
| r-devel-windows-x86_64-gcc10-UCRT | 0.3 | NOTE | ||||
| r-patched-linux-x86_64 | 0.3 | 9.85 | 45.04 | 54.89 | NOTE | |
| r-patched-solaris-x86 | 0.3 | 99.20 | ERROR | |||
| r-release-linux-x86_64 | 0.3 | 4.48 | 44.99 | 49.47 | NOTE | |
| r-release-macos-arm64 | 0.3 | NOTE | ||||
| r-release-macos-x86_64 | 0.3 | NOTE | ||||
| r-release-windows-ix86+x86_64 | 0.3 | 12.00 | 95.00 | 107.00 | NOTE | |
| r-oldrel-macos-x86_64 | 0.3 | NOTE | 
Version: 0.3
Check: package dependencies
Result: NOTE
    Package suggested but not available for checking: 'taskscheduleR'
Flavors: r-devel-linux-x86_64-debian-clang, r-devel-linux-x86_64-debian-gcc, r-devel-linux-x86_64-fedora-clang, r-devel-linux-x86_64-fedora-gcc, r-patched-linux-x86_64, r-patched-solaris-x86, r-release-linux-x86_64, r-release-macos-arm64, r-release-macos-x86_64, r-oldrel-macos-x86_64
Version: 0.3
Check: package dependencies
Result: NOTE
    Package suggested but not available for checking: 'cronR'
Flavors: r-devel-windows-x86_64, r-devel-windows-x86_64-gcc10-UCRT, r-release-windows-ix86+x86_64
Version: 0.3
Check: tests
Result: ERROR
      Running ‘testthat.R’ [14s/31s]
    Running the tests in ‘tests/testthat.R’ failed.
    Complete output:
      > library(testthat)
      > library(shinybatch)
      > 
      > test_check("shinybatch")
      ══ Failed tests ════════════════════════════════════════════════════════════════
      ── Failure (test_launcher.R:68:3): test outputs ────────────────────────────────
      launcher(dir_conf) not equal to 0.
      1/1 mismatches
      [1] 1 - 0 == 1
      
      [ FAIL 1 | WARN 0 | SKIP 0 | PASS 26 ]
      Error: Test failures
      Execution halted
Flavor: r-patched-solaris-x86