Last updated on 2021-07-06 08:50:12 CEST.
| Flavor | Version | Tinstall | Tcheck | Ttotal | Status | Flags | 
|---|---|---|---|---|---|---|
| r-devel-linux-x86_64-debian-clang | 0.0.1 | OK | ||||
| r-devel-linux-x86_64-debian-gcc | 0.0.1 | 3.95 | 61.32 | 65.27 | OK | |
| r-devel-linux-x86_64-fedora-clang | 0.0.1 | 120.10 | OK | |||
| r-devel-linux-x86_64-fedora-gcc | 0.0.1 | 110.95 | OK | |||
| r-devel-windows-x86_64 | 0.0.1 | 8.00 | 90.00 | 98.00 | OK | |
| r-devel-windows-x86_64-gcc10-UCRT | 0.0.1 | OK | ||||
| r-patched-linux-x86_64 | 0.0.1 | 4.13 | 71.55 | 75.68 | OK | |
| r-patched-solaris-x86 | 0.0.1 | 137.20 | OK | |||
| r-release-linux-x86_64 | 0.0.1 | 4.36 | 70.96 | 75.32 | OK | |
| r-release-macos-arm64 | 0.0.1 | WARN | ||||
| r-release-macos-x86_64 | 0.0.1 | OK | ||||
| r-release-windows-ix86+x86_64 | 0.0.1 | 13.00 | 137.00 | 150.00 | OK | |
| r-oldrel-macos-x86_64 | 0.0.1 | OK | ||||
| r-oldrel-windows-ix86+x86_64 | 0.0.1 | 14.00 | 113.00 | 127.00 | OK | 
Version: 0.0.1
Check: package dependencies
Result: NOTE
    Packages suggested but not available for checking:
      'tmap', 'tmaptools', 'pct'
Flavor: r-release-macos-arm64
Version: 0.0.1
Check: re-building of vignette outputs
Result: WARN
    Error(s) in re-building vignettes:
    --- re-building ‘demo_dutch_cities.Rmd’ using rmarkdown
    Warning in engine$weave(file, quiet = quiet, encoding = enc) :
      Pandoc (>= 1.12.3) not available. Falling back to R Markdown v1.
    --- finished re-building ‘demo_dutch_cities.Rmd’
    
    --- re-building ‘hackathon.Rmd’ using rmarkdown
    Warning in engine$weave(file, quiet = quiet, encoding = enc) :
      Pandoc (>= 1.12.3) not available. Falling back to R Markdown v1.
    --- finished re-building ‘hackathon.Rmd’
    
    --- re-building ‘paper.Rmd’ using rmarkdown
    Warning in engine$weave(file, quiet = quiet, encoding = enc) :
      Pandoc (>= 1.12.3) not available. Falling back to R Markdown v1.
    
    Attaching package: 'dplyr'
    
    The following objects are masked from 'package:stats':
    
        filter, lag
    
    The following objects are masked from 'package:base':
    
        intersect, setdiff, setequal, union
    
    Quitting from lines 138-160 (paper.Rmd) 
    Error: processing vignette 'paper.Rmd' failed with diagnostics:
    there is no package called 'tmap'
    --- failed re-building ‘paper.Rmd’
    
    SUMMARY: processing the following file failed:
      ‘paper.Rmd’
    
    Error: Vignette re-building failed.
    Execution halted
Flavor: r-release-macos-arm64