Last updated on 2021-07-10 11:52:27 CEST.
Flavor | Version | Tinstall | Tcheck | Ttotal | Status | Flags |
---|---|---|---|---|---|---|
r-devel-linux-x86_64-debian-clang | 1.0.2 | 14.67 | 154.95 | 169.62 | OK | |
r-devel-linux-x86_64-debian-gcc | 1.0.2 | 11.77 | 116.13 | 127.90 | OK | |
r-devel-linux-x86_64-fedora-clang | 1.0.2 | 205.52 | OK | |||
r-devel-linux-x86_64-fedora-gcc | 1.0.2 | 3.10 | ERROR | |||
r-devel-windows-x86_64 | 1.0.2 | 23.00 | 183.00 | 206.00 | OK | |
r-devel-windows-x86_64-gcc10-UCRT | 1.0.2 | OK | ||||
r-patched-linux-x86_64 | 1.0.2 | 13.36 | 145.11 | 158.47 | OK | |
r-patched-solaris-x86 | 1.0.2 | 5.30 | ERROR | |||
r-release-linux-x86_64 | 1.0.2 | 13.28 | 147.38 | 160.66 | OK | |
r-release-macos-arm64 | 1.0.2 | OK | ||||
r-release-macos-x86_64 | 1.0.2 | OK | ||||
r-release-windows-ix86+x86_64 | 1.0.2 | 27.00 | 193.00 | 220.00 | OK | |
r-oldrel-macos-x86_64 | 1.0.2 | OK | ||||
r-oldrel-windows-ix86+x86_64 | 1.0.2 | 26.00 | 129.00 | 155.00 | OK |
Version: 1.0.2
Check: package dependencies
Result: ERROR
Package required but not available: ‘glmmTMB’
See section ‘The DESCRIPTION file’ in the ‘Writing R Extensions’
manual.
Flavors: r-devel-linux-x86_64-fedora-gcc, r-patched-solaris-x86