Last updated on 2021-07-29 10:53:14 CEST.
Flavor | Version | Tinstall | Tcheck | Ttotal | Status | Flags |
---|---|---|---|---|---|---|
r-devel-linux-x86_64-debian-clang | 0.1.0 | OK | ||||
r-devel-linux-x86_64-debian-gcc | 0.1.0 | 49.66 | 37.39 | 87.05 | OK | |
r-devel-linux-x86_64-fedora-clang | 0.1.0 | 171.01 | NOTE | |||
r-devel-linux-x86_64-fedora-gcc | 0.1.0 | 141.38 | NOTE | |||
r-devel-windows-x86_64 | 0.1.0 | 79.00 | 84.00 | 163.00 | OK | |
r-devel-windows-x86_64-gcc10-UCRT | 0.1.0 | NOTE | ||||
r-patched-linux-x86_64 | 0.1.0 | 56.87 | 45.78 | 102.65 | OK | |
r-patched-solaris-x86 | 0.1.0 | 24.20 | ERROR | |||
r-release-linux-x86_64 | 0.1.0 | 55.22 | 46.13 | 101.35 | OK | |
r-release-macos-arm64 | 0.1.0 | NOTE | ||||
r-release-macos-x86_64 | 0.1.0 | ERROR | ||||
r-release-windows-ix86+x86_64 | 0.1.0 | 148.00 | 99.00 | 247.00 | OK | |
r-oldrel-macos-x86_64 | 0.1.0 | ERROR | ||||
r-oldrel-windows-ix86+x86_64 | 0.1.0 | 117.00 | 100.00 | 217.00 | OK |
clang-UBSAN gcc-UBSAN valgrind
Version: 0.1.0
Check: dependencies in R code
Result: NOTE
Namespace in Imports field not imported from: ‘bitops’
All declared Imports should be used.
Flavors: r-devel-linux-x86_64-fedora-clang, r-devel-linux-x86_64-fedora-gcc, r-devel-windows-x86_64-gcc10-UCRT, r-release-macos-arm64
Version: 0.1.0
Check: for GNU extensions in Makefiles
Result: NOTE
GNU make is a SystemRequirements.
Flavors: r-devel-linux-x86_64-fedora-clang, r-devel-linux-x86_64-fedora-gcc, r-release-macos-arm64
Version: 0.1.0
Check: whether package can be installed
Result: ERROR
Installation failed.
Flavors: r-patched-solaris-x86, r-release-macos-x86_64, r-oldrel-macos-x86_64
Version: 0.1.0
Check: installed package size
Result: NOTE
installed size is 5.2Mb
sub-directories of 1Mb or more:
libs 4.2Mb
Flavor: r-release-macos-arm64