Last updated on 2021-07-31 07:50:49 CEST.
Flavor | Version | Tinstall | Tcheck | Ttotal | Status | Flags |
---|---|---|---|---|---|---|
r-devel-linux-x86_64-debian-clang | 1.0.4 | 11.47 | 97.69 | 109.16 | OK | |
r-devel-linux-x86_64-debian-gcc | 1.0.4 | 10.42 | 75.93 | 86.35 | OK | |
r-devel-linux-x86_64-fedora-clang | 1.0.4 | 143.39 | OK | |||
r-devel-linux-x86_64-fedora-gcc | 1.0.4 | 128.79 | OK | |||
r-devel-windows-x86_64 | 1.0.4 | 14.00 | 133.00 | 147.00 | OK | |
r-devel-windows-x86_64-gcc10-UCRT | 1.0.4 | OK | ||||
r-patched-linux-x86_64 | 1.0.4 | OK | ||||
r-patched-solaris-x86 | 1.0.4 | 203.50 | OK | |||
r-release-linux-x86_64 | 1.0.4 | 10.82 | 95.82 | 106.64 | OK | |
r-release-macos-arm64 | 1.0.4 | WARN | ||||
r-release-macos-x86_64 | 1.0.4 | OK | ||||
r-release-windows-ix86+x86_64 | 1.0.4 | 31.00 | 137.00 | 168.00 | OK | |
r-oldrel-macos-x86_64 | 1.0.4 | OK | ||||
r-oldrel-windows-ix86+x86_64 | 1.0.4 | 26.00 | 179.00 | 205.00 | OK |
Version: 1.0.4
Check: whether package can be installed
Result: WARN
Found the following significant warnings:
Warning: INTENT mismatch in argument 'b' between (1) and (2)
Warning: INTENT mismatch in argument 'a' between (1) and (2)
Warning: Shape mismatch in argument 'yvec' between (1) and (2)
Warning: INTENT mismatch in argument 'icen' between (1) and (2)
Flavor: r-release-macos-arm64