Last updated on 2021-09-24 11:50:35 CEST.
Flavor | Version | Tinstall | Tcheck | Ttotal | Status | Flags |
---|---|---|---|---|---|---|
r-devel-linux-x86_64-debian-clang | 1.0-2 | 4.55 | 26.16 | 30.71 | OK | |
r-devel-linux-x86_64-debian-gcc | 1.0-2 | 3.72 | 20.18 | 23.90 | OK | |
r-devel-linux-x86_64-fedora-clang | 1.0-2 | 44.35 | NOTE | |||
r-devel-linux-x86_64-fedora-gcc | 1.0-2 | 33.48 | OK | |||
r-devel-windows-x86_64 | 1.0-2 | 6.00 | 31.00 | 37.00 | NOTE | |
r-devel-windows-x86_64-gcc10-UCRT | 1.0-2 | OK | ||||
r-patched-linux-x86_64 | 1.0-2 | 3.81 | 25.56 | 29.37 | OK | |
r-patched-solaris-x86 | 1.0-2 | 52.10 | NOTE | |||
r-release-linux-x86_64 | 1.0-2 | 3.88 | 25.44 | 29.32 | OK | |
r-release-macos-arm64 | 1.0-2 | NOTE | ||||
r-release-macos-x86_64 | 1.0-2 | NOTE | ||||
r-release-windows-ix86+x86_64 | 1.0-2 | 11.00 | 43.00 | 54.00 | NOTE | |
r-oldrel-macos-x86_64 | 1.0-2 | NOTE | ||||
r-oldrel-windows-ix86+x86_64 | 1.0-2 | 9.00 | 30.00 | 39.00 | NOTE |
Version: 1.0-2
Check: installed package size
Result: NOTE
installed size is 13.9Mb
sub-directories of 1Mb or more:
java 13.8Mb
Flavors: r-devel-linux-x86_64-fedora-clang, r-devel-windows-x86_64, r-patched-solaris-x86, r-release-macos-arm64, r-release-macos-x86_64, r-release-windows-ix86+x86_64, r-oldrel-macos-x86_64, r-oldrel-windows-ix86+x86_64