Last updated on 2021-09-26 05:51:25 CEST.
Flavor | Version | Tinstall | Tcheck | Ttotal | Status | Flags |
---|---|---|---|---|---|---|
r-devel-linux-x86_64-debian-clang | 0.7 | 16.87 | 31.02 | 47.89 | OK | |
r-devel-linux-x86_64-debian-gcc | 0.7.1 | 13.74 | 24.08 | 37.82 | OK | |
r-devel-linux-x86_64-fedora-clang | 0.7.1 | 35.85 | ERROR | |||
r-devel-linux-x86_64-fedora-gcc | 0.7.1 | 64.78 | OK | |||
r-devel-windows-x86_64 | 0.7 | 22.00 | 39.00 | 61.00 | OK | |
r-devel-windows-x86_64-gcc10-UCRT | 0.7 | OK | ||||
r-patched-linux-x86_64 | 0.7 | 17.71 | 29.64 | 47.35 | OK | |
r-patched-solaris-x86 | 0.7.1 | 85.00 | OK | |||
r-release-linux-x86_64 | 0.7.1 | 17.16 | 30.36 | 47.52 | OK | |
r-release-macos-arm64 | 0.7 | OK | ||||
r-release-macos-x86_64 | 0.7 | OK | ||||
r-release-windows-ix86+x86_64 | 0.7 | 47.00 | 48.00 | 95.00 | OK | |
r-oldrel-macos-x86_64 | 0.7 | OK | ||||
r-oldrel-windows-ix86+x86_64 | 0.7 | 40.00 | 48.00 | 88.00 | OK |
Version: 0.7.1
Check: whether package can be installed
Result: ERROR
Installation failed.
Flavor: r-devel-linux-x86_64-fedora-clang