Last updated on 2021-10-06 06:49:41 CEST.
Flavor | Version | Tinstall | Tcheck | Ttotal | Status | Flags |
---|---|---|---|---|---|---|
r-devel-linux-x86_64-debian-clang | 0.8-1 | 28.25 | 253.15 | 281.40 | OK | |
r-devel-linux-x86_64-debian-gcc | 0.8-1 | 21.62 | 188.64 | 210.26 | OK | |
r-devel-linux-x86_64-fedora-clang | 0.8-1 | 343.05 | NOTE | |||
r-devel-linux-x86_64-fedora-gcc | 0.8-1 | 326.09 | OK | |||
r-devel-windows-x86_64 | 0.8-1 | 42.00 | 233.00 | 275.00 | OK | |
r-devel-windows-x86_64-gcc10-UCRT | 0.8-1 | OK | ||||
r-patched-linux-x86_64 | 0.8-1 | 27.87 | 242.14 | 270.01 | OK | |
r-patched-solaris-x86 | 0.8-1 | 460.80 | OK | |||
r-release-linux-x86_64 | 0.8-1 | 23.28 | 242.06 | 265.34 | OK | |
r-release-macos-arm64 | 0.8-1 | OK | ||||
r-release-macos-x86_64 | 0.8-1 | OK | ||||
r-release-windows-ix86+x86_64 | 0.8-1 | 56.00 | 221.00 | 277.00 | OK | |
r-oldrel-macos-x86_64 | 0.8-1 | OK | ||||
r-oldrel-windows-ix86+x86_64 | 0.8-1 | 39.00 | 300.00 | 339.00 | OK |
Version: 0.8-1
Check: package dependencies
Result: NOTE
Imports includes 22 non-default packages.
Importing from so many packages makes the package vulnerable to any of
them becoming unavailable. Move as many as possible to Suggests and
use conditionally.
Flavor: r-devel-linux-x86_64-fedora-clang