Last updated on 2021-10-12 09:53:15 CEST.
| Flavor | Version | Tinstall | Tcheck | Ttotal | Status | Flags | 
|---|---|---|---|---|---|---|
| r-devel-linux-x86_64-debian-clang | 0.9.5 | 6.57 | 69.58 | 76.15 | OK | |
| r-devel-linux-x86_64-debian-gcc | 0.9.5 | 5.46 | 52.45 | 57.91 | OK | |
| r-devel-linux-x86_64-fedora-clang | 0.9.5 | 100.73 | WARN | |||
| r-devel-linux-x86_64-fedora-gcc | 0.9.5 | 91.12 | OK | |||
| r-devel-windows-x86_64 | 0.9.5 | 8.00 | 69.00 | 77.00 | OK | |
| r-devel-windows-x86_64-gcc10-UCRT | 0.9.5 | OK | ||||
| r-patched-linux-x86_64 | 0.9.5 | 8.12 | 64.34 | 72.46 | OK | |
| r-patched-solaris-x86 | 0.9.5 | 156.60 | WARN | |||
| r-release-linux-x86_64 | 0.9.5 | 7.05 | 67.87 | 74.92 | OK | |
| r-release-macos-arm64 | 0.9.5 | ERROR | ||||
| r-release-macos-x86_64 | 0.9.5 | OK | ||||
| r-release-windows-ix86+x86_64 | 0.9.5 | 14.00 | 91.00 | 105.00 | OK | |
| r-oldrel-macos-x86_64 | 0.9.5 | OK | ||||
| r-oldrel-windows-ix86+x86_64 | 0.9.5 | 16.00 | 92.00 | 108.00 | OK | 
Version: 0.9.5
Check: package dependencies
Result: WARN
    Requires orphaned package: ‘RGtk2’
Flavor: r-devel-linux-x86_64-fedora-clang
Version: 0.9.5
Check: whether the package can be unloaded cleanly
Result: WARN
    R: Fatal IO error 146 (Connection refused) on X server :5.0.
Flavor: r-patched-solaris-x86
Version: 0.9.5
Check: package dependencies
Result: ERROR
    Packages required but not available: 'RGtk2', 'gWidgets2RGtk2'
    
    See section ‘The DESCRIPTION file’ in the ‘Writing R Extensions’
    manual.
Flavor: r-release-macos-arm64