Last updated on 2021-10-19 07:49:27 CEST.
| Flavor | Version | Tinstall | Tcheck | Ttotal | Status | Flags | 
|---|---|---|---|---|---|---|
| r-devel-linux-x86_64-debian-clang | 0.16.8.25 | 5.75 | 52.80 | 58.55 | WARN | |
| r-devel-linux-x86_64-debian-gcc | 0.16.8.25 | 4.12 | 38.73 | 42.85 | WARN | |
| r-devel-linux-x86_64-fedora-clang | 0.16.8.25 | 79.74 | WARN | |||
| r-devel-linux-x86_64-fedora-gcc | 0.16.8.25 | 66.20 | WARN | |||
| r-devel-windows-x86_64 | 0.16.8.25 | 10.00 | 85.00 | 95.00 | WARN | |
| r-devel-windows-x86_64-gcc10-UCRT | 0.16.8.25 | WARN | ||||
| r-patched-linux-x86_64 | 0.16.8.25 | 5.43 | 48.80 | 54.23 | WARN | |
| r-patched-solaris-x86 | 0.16.8.25 | 95.50 | OK | |||
| r-release-linux-x86_64 | 0.16.8.25 | 5.15 | 55.44 | 60.59 | WARN | |
| r-release-macos-arm64 | 0.16.8.25 | OK | ||||
| r-release-macos-x86_64 | 0.16.8.25 | OK | ||||
| r-release-windows-ix86+x86_64 | 0.16.8.25 | 13.00 | 74.00 | 87.00 | WARN | |
| r-oldrel-macos-x86_64 | 0.16.8.25 | OK | ||||
| r-oldrel-windows-ix86+x86_64 | 0.16.8.25 | 14.00 | 77.00 | 91.00 | WARN | 
Version: 0.16.8.25
Check: re-building of vignette outputs
Result: WARN
    Error(s) in re-building vignettes:
      ...
    --- re-building 'ACSN-vignette.Rmd' using rmarkdown
    Quitting from lines 70-72 (ACSN-vignette.Rmd) 
    Error: processing vignette 'ACSN-vignette.Rmd' failed with diagnostics:
    attempt to use zero-length variable name
    --- failed re-building 'ACSN-vignette.Rmd'
    
    --- re-building 'ACSN_map_updating.Rmd' using rmarkdown
    --- finished re-building 'ACSN_map_updating.Rmd'
    
    SUMMARY: processing the following file failed:
      'ACSN-vignette.Rmd'
    
    Error: Vignette re-building failed.
    Execution halted
Flavors: r-devel-linux-x86_64-debian-clang, r-devel-linux-x86_64-debian-gcc, r-patched-linux-x86_64, r-release-linux-x86_64
Version: 0.16.8.25
Check: re-building of vignette outputs
Result: WARN
    Error(s) in re-building vignettes:
    --- re-building ‘ACSN-vignette.Rmd’ using rmarkdown
    Quitting from lines 70-72 (ACSN-vignette.Rmd) 
    Error: processing vignette 'ACSN-vignette.Rmd' failed with diagnostics:
    attempt to use zero-length variable name
    --- failed re-building ‘ACSN-vignette.Rmd’
    
    --- re-building ‘ACSN_map_updating.Rmd’ using rmarkdown
    --- finished re-building ‘ACSN_map_updating.Rmd’
    
    SUMMARY: processing the following file failed:
      ‘ACSN-vignette.Rmd’
    
    Error: Vignette re-building failed.
    Execution halted
Flavors: r-devel-linux-x86_64-fedora-clang, r-devel-linux-x86_64-fedora-gcc, r-devel-windows-x86_64, r-devel-windows-x86_64-gcc10-UCRT, r-release-windows-ix86+x86_64, r-oldrel-windows-ix86+x86_64