Last updated on 2021-10-19 07:49:47 CEST.
| Flavor | Version | Tinstall | Tcheck | Ttotal | Status | Flags | 
|---|---|---|---|---|---|---|
| r-devel-linux-x86_64-debian-clang | 1.3 | 11.97 | 110.84 | 122.81 | WARN | |
| r-devel-linux-x86_64-debian-gcc | 1.3 | 10.24 | 84.36 | 94.60 | WARN | |
| r-devel-linux-x86_64-fedora-clang | 1.3 | 156.92 | WARN | |||
| r-devel-linux-x86_64-fedora-gcc | 1.3 | 147.31 | WARN | |||
| r-devel-windows-x86_64 | 1.3 | 18.00 | 145.00 | 163.00 | WARN | |
| r-devel-windows-x86_64-gcc10-UCRT | 1.3 | WARN | ||||
| r-patched-linux-x86_64 | 1.3 | 14.04 | 105.97 | 120.01 | WARN | |
| r-patched-solaris-x86 | 1.3 | 207.60 | WARN | |||
| r-release-linux-x86_64 | 1.3 | 10.81 | 107.83 | 118.64 | WARN | |
| r-release-macos-arm64 | 1.3 | OK | ||||
| r-release-macos-x86_64 | 1.3 | OK | ||||
| r-release-windows-ix86+x86_64 | 1.3 | 16.00 | 139.00 | 155.00 | WARN | |
| r-oldrel-macos-x86_64 | 1.3 | OK | ||||
| r-oldrel-windows-ix86+x86_64 | 1.3 | 24.00 | 141.00 | 165.00 | WARN | 
Version: 1.3
Check: re-building of vignette outputs
Result: WARN
    Error(s) in re-building vignettes:
      ...
    --- re-building 'RDFTensor-Demo.Rmd' using knitr
    Quitting from lines 62-89 (RDFTensor-Demo.Rmd) 
    Error: processing vignette 'RDFTensor-Demo.Rmd' failed with diagnostics:
    attempt to use zero-length variable name
    --- failed re-building 'RDFTensor-Demo.Rmd'
    
    SUMMARY: processing the following file failed:
      'RDFTensor-Demo.Rmd'
    
    Error: Vignette re-building failed.
    Execution halted
Flavors: r-devel-linux-x86_64-debian-clang, r-devel-linux-x86_64-debian-gcc, r-patched-linux-x86_64, r-patched-solaris-x86, r-release-linux-x86_64
Version: 1.3
Check: re-building of vignette outputs
Result: WARN
    Error(s) in re-building vignettes:
    --- re-building ‘RDFTensor-Demo.Rmd’ using knitr
    Quitting from lines 62-89 (RDFTensor-Demo.Rmd) 
    Error: processing vignette 'RDFTensor-Demo.Rmd' failed with diagnostics:
    attempt to use zero-length variable name
    --- failed re-building ‘RDFTensor-Demo.Rmd’
    
    SUMMARY: processing the following file failed:
      ‘RDFTensor-Demo.Rmd’
    
    Error: Vignette re-building failed.
    Execution halted
Flavors: r-devel-linux-x86_64-fedora-clang, r-devel-linux-x86_64-fedora-gcc, r-devel-windows-x86_64, r-devel-windows-x86_64-gcc10-UCRT, r-release-windows-ix86+x86_64, r-oldrel-windows-ix86+x86_64