Last updated on 2021-10-20 08:49:38 CEST.
Flavor | Version | Tinstall | Tcheck | Ttotal | Status | Flags |
---|---|---|---|---|---|---|
r-devel-linux-x86_64-debian-clang | 0.3-5 | 12.06 | 119.15 | 131.21 | OK | |
r-devel-linux-x86_64-debian-gcc | 0.3-5 | 9.01 | 88.67 | 97.68 | OK | |
r-devel-linux-x86_64-fedora-clang | 0.3-5 | 164.48 | NOTE | |||
r-devel-linux-x86_64-fedora-gcc | 0.3-5 | 154.64 | OK | |||
r-devel-windows-x86_64 | 0.3-5 | 17.00 | 124.00 | 141.00 | OK | |
r-devel-windows-x86_64-gcc10-UCRT | 0.3-5 | OK | ||||
r-patched-linux-x86_64 | 0.3-5 | 14.18 | 114.87 | 129.05 | OK | |
r-patched-solaris-x86 | 0.3-5 | 219.20 | OK | |||
r-release-linux-x86_64 | 0.3-5 | 12.08 | 116.42 | 128.50 | OK | |
r-release-macos-arm64 | 0.3-5 | OK | ||||
r-release-macos-x86_64 | 0.3-5 | OK | ||||
r-release-windows-ix86+x86_64 | 0.3-5 | 15.00 | 137.00 | 152.00 | OK | |
r-oldrel-macos-x86_64 | 0.3-5 | OK | ||||
r-oldrel-windows-ix86+x86_64 | 0.3-5 | 24.00 | 147.00 | 171.00 | OK |
Version: 0.3-5
Check: Rd cross-references
Result: NOTE
Undeclared packages ‘ade4’, ‘labdsv’, ‘sp’ in Rd xrefs
Flavor: r-devel-linux-x86_64-fedora-clang