Last updated on 2021-10-31 13:48:15 CET.
| Flavor | Version | Tinstall | Tcheck | Ttotal | Status | Flags | 
|---|---|---|---|---|---|---|
| r-devel-linux-x86_64-debian-clang | 1.0.0 | 3.31 | 31.19 | 34.50 | WARN | |
| r-devel-linux-x86_64-debian-gcc | 1.0.0 | 2.38 | 24.44 | 26.82 | WARN | |
| r-devel-linux-x86_64-fedora-clang | 1.0.0 | 52.94 | WARN | |||
| r-devel-linux-x86_64-fedora-gcc | 1.0.0 | 41.86 | WARN | |||
| r-devel-windows-x86_64 | 1.0.0 | 5.00 | 53.00 | 58.00 | WARN | |
| r-devel-windows-x86_64-gcc10-UCRT | 1.0.0 | WARN | ||||
| r-patched-linux-x86_64 | 1.0.0 | 6.12 | 29.96 | 36.08 | NOTE | |
| r-patched-solaris-x86 | 1.0.0 | 62.90 | NOTE | |||
| r-release-linux-x86_64 | 1.0.0 | 3.18 | 29.97 | 33.15 | NOTE | |
| r-release-macos-arm64 | 1.0.0 | NOTE | ||||
| r-release-macos-x86_64 | 1.0.0 | NOTE | ||||
| r-release-windows-ix86+x86_64 | 1.0.0 | 5.00 | 39.00 | 44.00 | NOTE | |
| r-oldrel-macos-x86_64 | 1.0.0 | NOTE | ||||
| r-oldrel-windows-ix86+x86_64 | 1.0.0 | 5.00 | 50.00 | 55.00 | NOTE | 
Version: 1.0.0
Check: DESCRIPTION meta-information
Result: NOTE
    Malformed Title field: should not end in a period.
Flavors: r-devel-linux-x86_64-debian-clang, r-devel-linux-x86_64-debian-gcc, r-devel-linux-x86_64-fedora-clang, r-devel-linux-x86_64-fedora-gcc, r-devel-windows-x86_64, r-devel-windows-x86_64-gcc10-UCRT, r-patched-linux-x86_64, r-patched-solaris-x86, r-release-linux-x86_64, r-release-macos-arm64, r-release-macos-x86_64, r-release-windows-ix86+x86_64, r-oldrel-macos-x86_64, r-oldrel-windows-ix86+x86_64
Version: 1.0.0
Check: R code for possible problems
Result: NOTE
    boostBackend: no visible global function definition for 'model.frame'
    findFormulaIn: no visible global function definition for 'as.formula'
    kFoldCV: no visible binding for global variable 'par'
    predictResponseFromWeightedAverage: no visible global function
      definition for 'weighted.mean'
    print.boostr: no visible global function definition for 'str'
    Undefined global functions or variables:
      as.formula model.frame par str weighted.mean
    Consider adding
      importFrom("graphics", "par")
      importFrom("stats", "as.formula", "model.frame", "weighted.mean")
      importFrom("utils", "str")
    to your NAMESPACE file.
Flavors: r-devel-linux-x86_64-debian-clang, r-devel-linux-x86_64-debian-gcc, r-devel-linux-x86_64-fedora-clang, r-devel-linux-x86_64-fedora-gcc, r-devel-windows-x86_64, r-devel-windows-x86_64-gcc10-UCRT, r-patched-linux-x86_64, r-patched-solaris-x86, r-release-linux-x86_64, r-release-macos-arm64, r-release-macos-x86_64, r-release-windows-ix86+x86_64, r-oldrel-macos-x86_64, r-oldrel-windows-ix86+x86_64
Version: 1.0.0
Check: LazyData
Result: NOTE
      'LazyData' is specified without a 'data' directory
Flavors: r-devel-linux-x86_64-debian-clang, r-devel-linux-x86_64-debian-gcc, r-devel-linux-x86_64-fedora-clang, r-devel-linux-x86_64-fedora-gcc, r-devel-windows-x86_64, r-devel-windows-x86_64-gcc10-UCRT, r-patched-linux-x86_64, r-patched-solaris-x86, r-release-linux-x86_64, r-release-macos-arm64, r-release-macos-x86_64, r-release-windows-ix86+x86_64
Version: 1.0.0
Check: re-building of vignette outputs
Result: WARN
    Error(s) in re-building vignettes:
      ...
    --- re-building 'boostr_user_inputs.Rmd' using knitr
    Quitting from lines 122-135 (boostr_user_inputs.Rmd) 
    Error: processing vignette 'boostr_user_inputs.Rmd' failed with diagnostics:
    attempt to use zero-length variable name
    --- failed re-building 'boostr_user_inputs.Rmd'
    
    --- re-building 'brief_intro_to_booster.Rmd' using knitr
    --- finished re-building 'brief_intro_to_booster.Rmd'
    
    SUMMARY: processing the following file failed:
      'boostr_user_inputs.Rmd'
    
    Error: Vignette re-building failed.
    Execution halted
Flavors: r-devel-linux-x86_64-debian-clang, r-devel-linux-x86_64-debian-gcc
Version: 1.0.0
Check: re-building of vignette outputs
Result: WARN
    Error(s) in re-building vignettes:
    --- re-building ‘boostr_user_inputs.Rmd’ using knitr
    Quitting from lines 122-135 (boostr_user_inputs.Rmd) 
    Error: processing vignette 'boostr_user_inputs.Rmd' failed with diagnostics:
    attempt to use zero-length variable name
    --- failed re-building ‘boostr_user_inputs.Rmd’
    
    --- re-building ‘brief_intro_to_booster.Rmd’ using knitr
    --- finished re-building ‘brief_intro_to_booster.Rmd’
    
    SUMMARY: processing the following file failed:
      ‘boostr_user_inputs.Rmd’
    
    Error: Vignette re-building failed.
    Execution halted
Flavors: r-devel-linux-x86_64-fedora-clang, r-devel-linux-x86_64-fedora-gcc, r-devel-windows-x86_64, r-devel-windows-x86_64-gcc10-UCRT