Last updated on 2021-11-01 07:49:06 CET.
| Flavor | Version | Tinstall | Tcheck | Ttotal | Status | Flags | 
|---|---|---|---|---|---|---|
| r-devel-linux-x86_64-debian-clang | 0.9.4 | 25.27 | 264.04 | 289.31 | WARN | |
| r-devel-linux-x86_64-debian-gcc | 0.9.4 | 21.76 | 196.57 | 218.33 | WARN | |
| r-devel-linux-x86_64-fedora-clang | 0.9.4 | 366.32 | WARN | |||
| r-devel-linux-x86_64-fedora-gcc | 0.9.4 | 353.53 | WARN | |||
| r-devel-windows-x86_64 | 0.9.4 | 41.00 | 301.00 | 342.00 | WARN | |
| r-devel-windows-x86_64-gcc10-UCRT | 0.9.4 | WARN | ||||
| r-patched-linux-x86_64 | 0.9.4 | 25.33 | 261.02 | 286.35 | OK | |
| r-patched-solaris-x86 | 0.9.4 | 443.30 | ERROR | |||
| r-release-linux-x86_64 | 0.9.4 | 28.31 | 253.66 | 281.97 | OK | |
| r-release-macos-arm64 | 0.9.4 | OK | ||||
| r-release-macos-x86_64 | 0.9.4 | OK | ||||
| r-release-windows-ix86+x86_64 | 0.9.4 | 47.00 | 240.00 | 287.00 | OK | |
| r-oldrel-macos-x86_64 | 0.9.4 | OK | ||||
| r-oldrel-windows-ix86+x86_64 | 0.9.4 | 48.00 | 309.00 | 357.00 | OK | 
Version: 0.9.4
Check: re-building of vignette outputs
Result: WARN
    Error(s) in re-building vignettes:
      ...
    --- re-building 'hddtools_vignette.Rmd' using rmarkdown
    Loading required package: rgdal
    Loading required package: sp
    Please note that rgdal will be retired by the end of 2023,
    plan transition to sf/stars/terra functions using GDAL and PROJ
    at your earliest convenience.
    
    rgdal: version: 1.5-27, (SVN revision 1148)
    Geospatial Data Abstraction Library extensions to R successfully loaded
    Loaded GDAL runtime: GDAL 3.3.2, released 2021/09/01
    Path to GDAL shared files: /usr/share/gdal
    GDAL binary built with GEOS: TRUE 
    Loaded PROJ runtime: Rel. 7.2.1, January 1st, 2021, [PJ_VERSION: 721]
    Path to PROJ shared files: /home/hornik/.local/share/proj:/usr/share/proj
    PROJ CDN enabled: FALSE
    Linking to sp version:1.4-5
    To mute warnings of possible GDAL/OSR exportToProj4() degradation,
    use options("rgdal_show_exportToProj4_warnings"="none") before loading sp or rgdal.
    
    Attaching package: 'dplyr'
    
    The following objects are masked from 'package:stats':
    
        filter, lag
    
    The following objects are masked from 'package:base':
    
        intersect, setdiff, setequal, union
    
    Quitting from lines 65-70 (hddtools_vignette.Rmd) 
    Error: processing vignette 'hddtools_vignette.Rmd' failed with diagnostics:
    arguments imply differing number of rows: 0, 5
    --- failed re-building 'hddtools_vignette.Rmd'
    
    SUMMARY: processing the following file failed:
      'hddtools_vignette.Rmd'
    
    Error: Vignette re-building failed.
    Execution halted
Flavors: r-devel-linux-x86_64-debian-clang, r-devel-linux-x86_64-debian-gcc
Version: 0.9.4
Check: re-building of vignette outputs
Result: WARN
    Error(s) in re-building vignettes:
    --- re-building ‘hddtools_vignette.Rmd’ using rmarkdown
    Loading required package: rgdal
    Loading required package: sp
    Please note that rgdal will be retired by the end of 2023,
    plan transition to sf/stars/terra functions using GDAL and PROJ
    at your earliest convenience.
    
    rgdal: version: 1.5-27, (SVN revision 1148)
    Geospatial Data Abstraction Library extensions to R successfully loaded
    Loaded GDAL runtime: GDAL 3.0.4, released 2020/01/28
    Path to GDAL shared files: /usr/share/gdal
    GDAL binary built with GEOS: TRUE 
    Loaded PROJ runtime: Rel. 6.3.2, May 1st, 2020, [PJ_VERSION: 632]
    Path to PROJ shared files: /usr/share/proj
    Linking to sp version:1.4-5
    To mute warnings of possible GDAL/OSR exportToProj4() degradation,
    use options("rgdal_show_exportToProj4_warnings"="none") before loading sp or rgdal.
    
    Attaching package: 'dplyr'
    
    The following objects are masked from 'package:stats':
    
        filter, lag
    
    The following objects are masked from 'package:base':
    
        intersect, setdiff, setequal, union
    
    Quitting from lines 65-70 (hddtools_vignette.Rmd) 
    Error: processing vignette 'hddtools_vignette.Rmd' failed with diagnostics:
    arguments imply differing number of rows: 0, 5
    --- failed re-building ‘hddtools_vignette.Rmd’
    
    SUMMARY: processing the following file failed:
      ‘hddtools_vignette.Rmd’
    
    Error: Vignette re-building failed.
    Execution halted
Flavors: r-devel-linux-x86_64-fedora-clang, r-devel-linux-x86_64-fedora-gcc
Version: 0.9.4
Check: re-building of vignette outputs
Result: WARN
    Error(s) in re-building vignettes:
    --- re-building 'hddtools_vignette.Rmd' using rmarkdown
    Loading required package: rgdal
    Loading required package: sp
    Please note that rgdal will be retired by the end of 2023,
    plan transition to sf/stars/terra functions using GDAL and PROJ
    at your earliest convenience.
    
    rgdal: version: 1.5-27, (SVN revision 1148)
    Geospatial Data Abstraction Library extensions to R successfully loaded
    Loaded GDAL runtime: GDAL 3.2.1, released 2020/12/29
    Path to GDAL shared files: d:/RCompile/CRANpkg/lib/4.2/rgdal/gdal
    GDAL binary built with GEOS: TRUE 
    Loaded PROJ runtime: Rel. 7.2.1, January 1st, 2021, [PJ_VERSION: 721]
    Path to PROJ shared files: d:/RCompile/CRANpkg/lib/4.2/rgdal/proj
    PROJ CDN enabled: FALSE
    Linking to sp version:1.4-5
    To mute warnings of possible GDAL/OSR exportToProj4() degradation,
    use options("rgdal_show_exportToProj4_warnings"="none") before loading sp or rgdal.
    Overwritten PROJ_LIB was d:/RCompile/CRANpkg/lib/4.2/rgdal/proj
    
    Attaching package: 'dplyr'
    
    The following objects are masked from 'package:stats':
    
        filter, lag
    
    The following objects are masked from 'package:base':
    
        intersect, setdiff, setequal, union
    
    Quitting from lines 65-70 (hddtools_vignette.Rmd) 
    Error: processing vignette 'hddtools_vignette.Rmd' failed with diagnostics:
    arguments imply differing number of rows: 0, 5
    --- failed re-building 'hddtools_vignette.Rmd'
    
    SUMMARY: processing the following file failed:
      'hddtools_vignette.Rmd'
    
    Error: Vignette re-building failed.
    Execution halted
Flavor: r-devel-windows-x86_64
Version: 0.9.4
Check: re-building of vignette outputs
Result: WARN
    Error(s) in re-building vignettes:
    --- re-building 'hddtools_vignette.Rmd' using rmarkdown
    Loading required package: rgdal
    Loading required package: sp
    Please note that rgdal will be retired by the end of 2023,
    plan transition to sf/stars/terra functions using GDAL and PROJ
    at your earliest convenience.
    
    rgdal: version: 1.5-27, (SVN revision 1148)
    Geospatial Data Abstraction Library extensions to R successfully loaded
    Loaded GDAL runtime: GDAL 3.3.2, released 2021/09/01
    Path to GDAL shared files: C:/r_packages/pkgcheck/lib/rgdal/gdal
    GDAL binary built with GEOS: TRUE 
    Loaded PROJ runtime: Rel. 7.2.1, January 1st, 2021, [PJ_VERSION: 721]
    Path to PROJ shared files: C:/r_packages/pkgcheck/lib/rgdal/proj
    PROJ CDN enabled: FALSE
    Linking to sp version:1.4-5
    To mute warnings of possible GDAL/OSR exportToProj4() degradation,
    use options("rgdal_show_exportToProj4_warnings"="none") before loading sp or rgdal.
    Overwritten PROJ_LIB was C:/r_packages/pkgcheck/lib/rgdal/proj
    
    Attaching package: 'dplyr'
    
    The following objects are masked from 'package:stats':
    
        filter, lag
    
    The following objects are masked from 'package:base':
    
        intersect, setdiff, setequal, union
    
    Quitting from lines 65-70 (hddtools_vignette.Rmd) 
    Error: processing vignette 'hddtools_vignette.Rmd' failed with diagnostics:
    arguments imply differing number of rows: 0, 5
    --- failed re-building 'hddtools_vignette.Rmd'
    
    SUMMARY: processing the following file failed:
      'hddtools_vignette.Rmd'
    
    Error: Vignette re-building failed.
    Execution halted
Flavor: r-devel-windows-x86_64-gcc10-UCRT
Version: 0.9.4
Check: tests
Result: ERROR
      Running ‘testthat.R’ [22s/82s]
    Running the tests in ‘tests/testthat.R’ failed.
    Complete output:
      > library('testthat')
      > library('hddtools')
      Loading required package: rgdal
      Loading required package: sp
      Please note that rgdal will be retired by the end of 2023,
      plan transition to sf/stars/terra functions using GDAL and PROJ
      at your earliest convenience.
      
      rgdal: version: 1.5-27, (SVN revision 1148)
      Geospatial Data Abstraction Library extensions to R successfully loaded
      Loaded GDAL runtime: GDAL 2.4.4, released 2020/01/08
      Path to GDAL shared files: /usr/local/share/gdal
      GDAL binary built with GEOS: TRUE 
      Loaded PROJ runtime: Rel. 5.2.0, September 15th, 2018, [PJ_VERSION: 520]
      Path to PROJ shared files: (autodetected)
      Linking to sp version:1.4-5
      > 
      > test_check('hddtools')
      ══ Skipped tests ═══════════════════════════════════════════════════════════════
      • On CRAN (4)
      
      ══ Failed tests ════════════════════════════════════════════════════════════════
      ── Error (test-GRDC.R:6:3): Test catalogueGRDC ─────────────────────────────────
      Error in `curl::curl_download(url = file_url, destfile = tf)`: Timeout was reached: [] Connection time-out
      Backtrace:
          █
       1. └─hddtools::catalogueGRDC() test-GRDC.R:6:2
       2.   └─curl::curl_download(url = file_url, destfile = tf)
      
      [ FAIL 1 | WARN 0 | SKIP 4 | PASS 10 ]
      Error: Test failures
      Execution halted
Flavor: r-patched-solaris-x86