Last updated on 2022-01-06 15:51:26 CET.
| Flavor | Version | Tinstall | Tcheck | Ttotal | Status | Flags | 
|---|---|---|---|---|---|---|
| r-devel-linux-x86_64-debian-clang | 1.0.1 | 1.88 | 35.58 | 37.46 | ERROR | |
| r-devel-linux-x86_64-debian-gcc | 1.0.1 | 2.32 | 28.04 | 30.36 | ERROR | |
| r-devel-linux-x86_64-fedora-clang | 1.0.1 | 48.37 | ERROR | |||
| r-devel-linux-x86_64-fedora-gcc | 1.0.1 | 38.96 | ERROR | |||
| r-devel-windows-x86_64-new-UL | 1.0.1 | 37.00 | 68.00 | 105.00 | ERROR | |
| r-devel-windows-x86_64-new-TK | 1.0.1 | ERROR | ||||
| r-patched-linux-x86_64 | 1.0.1 | 2.43 | 37.10 | 39.53 | NOTE | |
| r-release-linux-x86_64 | 1.0.1 | 2.09 | 36.90 | 38.99 | NOTE | |
| r-release-macos-arm64 | 1.0.1 | NOTE | ||||
| r-release-macos-x86_64 | 1.0.1 | NOTE | ||||
| r-release-windows-ix86+x86_64 | 1.0.1 | 6.00 | 37.00 | 43.00 | NOTE | |
| r-oldrel-macos-x86_64 | 1.0.1 | NOTE | ||||
| r-oldrel-windows-ix86+x86_64 | 1.0.1 | 4.00 | 37.00 | 41.00 | NOTE | 
Version: 1.0.1
Check: dependencies in R code
Result: NOTE
    Package in Depends field not imported from: 'grid'
      These packages need to be imported from (in the NAMESPACE file)
      for when this namespace is loaded but not attached.
Flavors: r-devel-linux-x86_64-debian-clang, r-devel-linux-x86_64-debian-gcc, r-devel-linux-x86_64-fedora-clang, r-devel-linux-x86_64-fedora-gcc, r-devel-windows-x86_64-new-UL, r-devel-windows-x86_64-new-TK, r-patched-linux-x86_64, r-release-linux-x86_64, r-release-macos-arm64, r-release-macos-x86_64, r-release-windows-ix86+x86_64, r-oldrel-macos-x86_64, r-oldrel-windows-ix86+x86_64
Version: 1.0.1
Check: R code for possible problems
Result: NOTE
    clustGroup: no visible global function definition for 'hclust'
    clustGroup: no visible global function definition for 'dist'
    colorMat: no visible global function definition for 'colorRampPalette'
    drawColnames: no visible global function definition for 'grid.text'
    drawColnames: no visible global function definition for 'gpar'
    drawGroupBar: no visible global function definition for 'rectGrob'
    drawGroupBar: no visible global function definition for 'gpar'
    drawGroupBar: no visible global function definition for 'grid.draw'
    drawLegend: no visible global function definition for 'unit'
    drawLegend: no visible global function definition for 'rectGrob'
    drawLegend: no visible global function definition for 'gpar'
    drawLegend: no visible global function definition for 'textGrob'
    drawLegend: no visible global function definition for 'grid.draw'
    drawRownames: no visible global function definition for 'grid.text'
    drawRownames: no visible global function definition for 'gpar'
    draw_connection: no visible global function definition for 'grid.lines'
    draw_dendrogram.mod: no visible global function definition for 'hclust'
    draw_dendrogram.mod: no visible global function definition for
      'rectGrob'
    draw_dendrogram.mod: no visible global function definition for
      'pushViewport'
    draw_dendrogram.mod: no visible global function definition for
      'viewport'
    draw_dendrogram.mod: no visible global function definition for 'unit'
    draw_dendrogram.mod: no visible global function definition for
      'upViewport'
    getConfigure: no visible global function definition for 'convertX'
    getConfigure: no visible global function definition for 'unit'
    pairheatmap: no visible global function definition for 'dev.cur'
    pairheatmap: no visible global function definition for 'grid.newpage'
    pairheatmap: no visible global function definition for 'stringWidth'
    pairheatmap: no visible global function definition for 'unit'
    pairheatmap: no visible global function definition for 'unit.c'
    pairheatmap: no visible global function definition for 'grid.layout'
    pairheatmap: no visible global function definition for 'pushViewport'
    pairheatmap: no visible global function definition for 'viewport'
    pairheatmap: no visible global function definition for 'upViewport'
    pairheatmap: no visible global function definition for 'grid.rect'
    pairheatmap: no visible global function definition for 'gpar'
    pairheatmap: no visible global function definition for 'convertWidth'
    pairheatmap: no visible global function definition for 'convertHeight'
    pairheatmap: no visible global function definition for 'grid.lines'
    pairheatmap: no visible global function definition for 'popViewport'
    scaleData: no visible binding for global variable 'sd'
    Undefined global functions or variables:
      colorRampPalette convertHeight convertWidth convertX dev.cur dist
      gpar grid.draw grid.layout grid.lines grid.newpage grid.rect
      grid.text hclust popViewport pushViewport rectGrob sd stringWidth
      textGrob unit unit.c upViewport viewport
    Consider adding
      importFrom("grDevices", "colorRampPalette", "dev.cur")
      importFrom("stats", "dist", "hclust", "sd")
    to your NAMESPACE file.
Flavors: r-devel-linux-x86_64-debian-clang, r-devel-linux-x86_64-debian-gcc, r-devel-linux-x86_64-fedora-clang, r-devel-linux-x86_64-fedora-gcc, r-devel-windows-x86_64-new-UL, r-devel-windows-x86_64-new-TK, r-patched-linux-x86_64, r-release-linux-x86_64, r-release-macos-arm64, r-release-macos-x86_64, r-release-windows-ix86+x86_64, r-oldrel-macos-x86_64, r-oldrel-windows-ix86+x86_64
Version: 1.0.1
Check: Rd line widths
Result: NOTE
    Rd file 'pairheatmap.Rd':
      \examples lines wider than 100 characters:
                  groupBorder.selectList=list(xgroup.start=c(8), xgroup.end=c(11), ygroup.start=c(22), ygroup.end=c(25)),
                  groupBorder.selectList=list(xgroup.start=c(8), xgroup.end=c(11), ygroup.start=c(22), ygroup.end=c(25)),
                  groupBorder.selectList=list(xgroup.start=c(8), xgroup.end=c(11), ygroup.start=c(22), ygroup.end=c(25)),
    
    These lines will be truncated in the PDF manual.
Flavors: r-devel-linux-x86_64-debian-clang, r-devel-linux-x86_64-debian-gcc, r-devel-linux-x86_64-fedora-clang, r-devel-linux-x86_64-fedora-gcc, r-patched-linux-x86_64, r-release-linux-x86_64
Version: 1.0.1
Check: LazyData
Result: NOTE
      'LazyData' is specified without a 'data' directory
Flavors: r-devel-linux-x86_64-debian-clang, r-devel-linux-x86_64-debian-gcc, r-devel-linux-x86_64-fedora-clang, r-devel-linux-x86_64-fedora-gcc, r-devel-windows-x86_64-new-UL, r-devel-windows-x86_64-new-TK, r-patched-linux-x86_64, r-release-linux-x86_64, r-release-macos-arm64, r-release-macos-x86_64, r-release-windows-ix86+x86_64
Version: 1.0.1
Check: examples
Result: ERROR
    Running examples in 'pairheatmap-Ex.R' failed
    The error most likely occurred in:
    
    > base::assign(".ptime", proc.time(), pos = "CheckExEnv")
    > ### Name: pairheatmap-package
    > ### Title: A tool for comparing heatmaps
    > ### Aliases: pairheatmap-package
    > ### Keywords: package
    > 
    > ### ** Examples
    > 
    > pairheatmap(mtcars, mtcars)
    Error in min(as.vector(data1), as.vector(data2)) : 
      invalid 'type' (list) of argument
    Calls: pairheatmap
    Execution halted
Flavors: r-devel-linux-x86_64-debian-clang, r-devel-linux-x86_64-debian-gcc
Version: 1.0.1
Check: examples
Result: ERROR
    Running examples in ‘pairheatmap-Ex.R’ failed
    The error most likely occurred in:
    
    > ### Name: pairheatmap-package
    > ### Title: A tool for comparing heatmaps
    > ### Aliases: pairheatmap-package
    > ### Keywords: package
    > 
    > ### ** Examples
    > 
    > pairheatmap(mtcars, mtcars)
    Error in min(as.vector(data1), as.vector(data2)) : 
      invalid 'type' (list) of argument
    Calls: pairheatmap
    Execution halted
Flavors: r-devel-linux-x86_64-fedora-clang, r-devel-linux-x86_64-fedora-gcc, r-devel-windows-x86_64-new-UL, r-devel-windows-x86_64-new-TK