Last updated on 2022-01-13 05:51:24 CET.
Flavor | Version | Tinstall | Tcheck | Ttotal | Status | Flags |
---|---|---|---|---|---|---|
r-devel-linux-x86_64-debian-clang | 0.9-0 | 5.46 | 60.12 | 65.58 | WARN | |
r-devel-linux-x86_64-debian-gcc | 0.9-0 | 4.20 | 45.97 | 50.17 | WARN | |
r-devel-linux-x86_64-fedora-clang | 0.9-0 | 80.62 | WARN | |||
r-devel-linux-x86_64-fedora-gcc | 0.9-0 | 69.72 | OK | |||
r-devel-windows-x86_64-new-UL | 0.9-0 | 48.00 | 105.00 | 153.00 | OK | |
r-devel-windows-x86_64-new-TK | 0.9-0 | OK | ||||
r-patched-linux-x86_64 | 0.9-0 | 5.86 | 52.90 | 58.76 | WARN | |
r-release-linux-x86_64 | 0.9-0 | 5.11 | 52.00 | 57.11 | WARN | |
r-release-macos-arm64 | 0.9-0 | OK | ||||
r-release-macos-x86_64 | 0.9-0 | OK | ||||
r-release-windows-ix86+x86_64 | 0.9-0 | 13.00 | 62.00 | 75.00 | OK | |
r-oldrel-macos-x86_64 | 0.9-0 | OK | ||||
r-oldrel-windows-ix86+x86_64 | 0.9-0 | 14.00 | 64.00 | 78.00 | OK |
Version: 0.9-0
Check: package dependencies
Result: WARN
Requires orphaned package: 'udunits2'
Flavors: r-devel-linux-x86_64-debian-clang, r-devel-linux-x86_64-debian-gcc, r-devel-linux-x86_64-fedora-clang, r-patched-linux-x86_64, r-release-linux-x86_64