Last updated on 2022-01-23 07:14:00 CET.
Flavor | Version | Tinstall | Tcheck | Ttotal | Status | Flags |
---|---|---|---|---|---|---|
r-devel-linux-x86_64-debian-clang | 1.6.5 | 5.72 | 84.17 | 89.89 | OK | |
r-devel-linux-x86_64-debian-gcc | 1.6.5 | 3.77 | 65.47 | 69.24 | WARN | |
r-devel-linux-x86_64-fedora-clang | 1.6.5 | 104.11 | WARN | |||
r-devel-linux-x86_64-fedora-gcc | 1.6.5 | 95.90 | NOTE | |||
r-devel-windows-x86_64-new-UL | 1.6.5 | 50.00 | 141.00 | 191.00 | WARN | |
r-devel-windows-x86_64-new-TK | 1.6.5 | WARN | ||||
r-patched-linux-x86_64 | 1.6.5 | 5.32 | 73.48 | 78.80 | WARN | |
r-release-linux-x86_64 | 1.6.5 | 5.31 | 73.40 | 78.71 | WARN | |
r-release-macos-arm64 | 1.6.5 | NOTE | ||||
r-release-macos-x86_64 | 1.6.5 | NOTE | ||||
r-release-windows-ix86+x86_64 | 1.6.5 | 16.00 | 129.00 | 145.00 | OK | |
r-oldrel-macos-x86_64 | 1.6.4 | NOTE | ||||
r-oldrel-windows-ix86+x86_64 | 1.6.5 | 16.00 | 130.00 | 146.00 | OK |
Version: 1.6.5
Check: re-building of vignette outputs
Result: WARN
Error(s) in re-building vignettes:
...
--- re-building ‘intro_to_geobr.Rmd’ using rmarkdown
Loading required namespace: sf
Linking to GEOS 3.10.1, GDAL 3.4.1, PROJ 8.2.1; sf_use_s2() is TRUE
Attaching package: 'dplyr'
The following objects are masked from 'package:stats':
filter, lag
The following objects are masked from 'package:base':
intersect, setdiff, setequal, union
Problem connecting to data server. Please try geobr again in a few minutes.
Quitting from lines 88-91 (intro_to_geobr.Rmd)
Error: processing vignette ‘intro_to_geobr.Rmd’ failed with diagnostics:
no lines available in input
--- failed re-building ‘intro_to_geobr.Rmd’
SUMMARY: processing the following file failed:
‘intro_to_geobr.Rmd’
Error: Vignette re-building failed.
Execution halted
Flavors: r-devel-linux-x86_64-debian-gcc, r-patched-linux-x86_64, r-release-linux-x86_64
Version: 1.6.5
Check: data for non-ASCII characters
Result: NOTE
Note: found 58 marked UTF-8 strings
Flavors: r-devel-linux-x86_64-fedora-clang, r-devel-linux-x86_64-fedora-gcc, r-devel-windows-x86_64-new-TK, r-release-macos-arm64, r-release-macos-x86_64
Version: 1.6.5
Check: re-building of vignette outputs
Result: WARN
Error(s) in re-building vignettes:
--- re-building ‘intro_to_geobr.Rmd’ using rmarkdown
Loading required namespace: sf
Linking to GEOS 3.8.1, GDAL 3.0.4, PROJ 6.3.2; sf_use_s2() is TRUE
Attaching package: 'dplyr'
The following objects are masked from 'package:stats':
filter, lag
The following objects are masked from 'package:base':
intersect, setdiff, setequal, union
Problem connecting to data server. Please try geobr again in a few minutes.
Quitting from lines 88-91 (intro_to_geobr.Rmd)
Error: processing vignette 'intro_to_geobr.Rmd' failed with diagnostics:
no lines available in input
--- failed re-building ‘intro_to_geobr.Rmd’
SUMMARY: processing the following file failed:
‘intro_to_geobr.Rmd’
Error: Vignette re-building failed.
Execution halted
Flavor: r-devel-linux-x86_64-fedora-clang
Version: 1.6.5
Check: re-building of vignette outputs
Result: WARN
Error(s) in re-building vignettes:
--- re-building 'intro_to_geobr.Rmd' using rmarkdown
Loading required namespace: sf
Linking to GEOS 3.9.1, GDAL 3.3.2, PROJ 7.2.1; sf_use_s2() is TRUE
Attaching package: 'dplyr'
The following objects are masked from 'package:stats':
filter, lag
The following objects are masked from 'package:base':
intersect, setdiff, setequal, union
Problem connecting to data server. Please try geobr again in a few minutes.
Quitting from lines 88-91 (intro_to_geobr.Rmd)
Error: processing vignette 'intro_to_geobr.Rmd' failed with diagnostics:
no lines available in input
--- failed re-building 'intro_to_geobr.Rmd'
SUMMARY: processing the following file failed:
'intro_to_geobr.Rmd'
Error: Vignette re-building failed.
Execution halted
Flavors: r-devel-windows-x86_64-new-UL, r-devel-windows-x86_64-new-TK
Version: 1.6.4
Check: data for non-ASCII characters
Result: NOTE
Note: found 58 marked UTF-8 strings
Flavor: r-oldrel-macos-x86_64