Last updated on 2022-01-28 08:52:10 CET.
Flavor | Version | Tinstall | Tcheck | Ttotal | Status | Flags |
---|---|---|---|---|---|---|
r-devel-linux-x86_64-debian-clang | 0.1.4 | 44.27 | 11.23 | 55.50 | ERROR | |
r-devel-linux-x86_64-debian-gcc | 0.1.4 | 28.31 | 8.97 | 37.28 | ERROR | |
r-devel-linux-x86_64-fedora-clang | 0.1.4 | 185.51 | ERROR | |||
r-devel-linux-x86_64-fedora-gcc | 0.1.4 | 151.10 | ERROR | |||
r-devel-windows-x86_64-new-UL | 0.1.4 | 40.00 | 8.00 | 48.00 | ERROR | |
r-devel-windows-x86_64-new-TK | 0.1.4 | ERROR | ||||
r-patched-linux-x86_64 | 0.1.4 | 38.94 | 11.00 | 49.94 | ERROR | |
r-release-linux-x86_64 | 0.1.4 | 33.55 | 11.11 | 44.66 | ERROR | |
r-release-macos-arm64 | 0.1.4 | NOTE | ||||
r-release-macos-x86_64 | 0.1.4 | NOTE | ||||
r-release-windows-ix86+x86_64 | 0.1.4 | 50.00 | 9.00 | 59.00 | ERROR | |
r-oldrel-macos-x86_64 | 0.1.4 | NOTE | ||||
r-oldrel-windows-ix86+x86_64 | 0.1.4 | 51.00 | 10.00 | 61.00 | ERROR |
Version: 0.1.4
Check: whether package can be installed
Result: ERROR
Installation failed.
Flavors: r-devel-linux-x86_64-debian-clang, r-devel-linux-x86_64-debian-gcc, r-devel-linux-x86_64-fedora-clang, r-devel-linux-x86_64-fedora-gcc, r-devel-windows-x86_64-new-UL, r-devel-windows-x86_64-new-TK, r-patched-linux-x86_64, r-release-linux-x86_64, r-release-windows-ix86+x86_64, r-oldrel-windows-ix86+x86_64
Version: 0.1.4
Check: installed package size
Result: NOTE
installed size is 7.5Mb
sub-directories of 1Mb or more:
libs 7.2Mb
Flavors: r-release-macos-arm64, r-release-macos-x86_64, r-oldrel-macos-x86_64