Last updated on 2022-01-31 07:48:36 CET.
Flavor | Version | Tinstall | Tcheck | Ttotal | Status | Flags |
---|---|---|---|---|---|---|
r-devel-linux-x86_64-debian-clang | 0.2.4 | 6.30 | 42.35 | 48.65 | OK | |
r-devel-linux-x86_64-debian-gcc | 0.2.4 | 4.56 | 33.61 | 38.17 | OK | |
r-devel-linux-x86_64-fedora-clang | 0.2.4 | 62.65 | OK | |||
r-devel-linux-x86_64-fedora-gcc | 0.2.4 | 49.96 | OK | |||
r-devel-windows-x86_64-new-UL | 0.2.4 | 38.00 | 100.00 | 138.00 | OK | |
r-devel-windows-x86_64-new-TK | 0.2.4 | OK | ||||
r-patched-linux-x86_64 | 0.2.4 | OK | ||||
r-release-linux-x86_64 | 0.2.4 | 5.74 | 40.88 | 46.62 | OK | |
r-release-macos-arm64 | 0.2.4 | OK | ||||
r-release-macos-x86_64 | 0.2.4 | OK | ||||
r-release-windows-ix86+x86_64 | 0.2.4 | 21.00 | 97.00 | 118.00 | ERROR | |
r-oldrel-macos-x86_64 | 0.2.4 | OK | ||||
r-oldrel-windows-ix86+x86_64 | 0.2.4 | 20.00 | 92.00 | 112.00 | ERROR |
Version: 0.2.4
Check: running tests for arch ‘i386’
Result: ERROR
Running 'testthat.R' [26s]
Running the tests in 'tests/testthat.R' failed.
Complete output:
> library(testthat)
> library(cecs)
>
> test_check("cecs")
[ FAIL 7 | WARN 7 | SKIP 0 | PASS 336 ]
== Failed tests ================================================================
-- Error (test-cec.R:16:3): all benchmark functions from CEC-2014 can be executed --
Error in `utils::download.file(url, destfile = stringr::str_glue("{dst}{cec}.zip"))`: cannot open destfile 'NA\R-cecs-data\\cec2014.zip', reason 'No such file or directory'
Backtrace:
x
1. \-purrr::pmap(...) test-cec.R:16:2
2. \-cecs:::.f(func = .l[[1L]][[i]], dim = .l[[2L]][[i]], ...)
3. +-testthat::expect_type(cec2014(func, rnorm(dim)), "double") test-cec.R:17:4
4. | \-testthat::quasi_label(enquo(object), arg = "object")
5. | \-rlang::eval_bare(expr, quo_get_env(quo))
6. \-cecs::cec2014(func, rnorm(dim))
7. \-cecs:::get_cec_dirpath("cec2014")
8. \-cecs:::download_data(cec, os)
9. \-utils::download.file(url, destfile = stringr::str_glue("{dst}{cec}.zip"))
-- Error (test-cec.R:26:3): all benchmark functions from CEC-2015 can be executed --
Error in `utils::download.file(url, destfile = stringr::str_glue("{dst}{cec}.zip"))`: cannot open destfile 'NA\R-cecs-data\\cec2015.zip', reason 'No such file or directory'
Backtrace:
x
1. \-purrr::pmap(...) test-cec.R:26:2
2. \-cecs:::.f(func = .l[[1L]][[i]], dim = .l[[2L]][[i]], ...)
3. +-testthat::expect_type(cec2015(func, rnorm(dim)), "double") test-cec.R:27:4
4. | \-testthat::quasi_label(enquo(object), arg = "object")
5. | \-rlang::eval_bare(expr, quo_get_env(quo))
6. \-cecs::cec2015(func, rnorm(dim))
7. \-cecs:::get_cec_dirpath("cec2015")
8. \-cecs:::download_data(cec, os)
9. \-utils::download.file(url, destfile = stringr::str_glue("{dst}{cec}.zip"))
-- Error (test-cec.R:36:3): all benchmark functions from CEC-2017 can be executed --
Error in `utils::download.file(url, destfile = stringr::str_glue("{dst}{cec}.zip"))`: cannot open destfile 'NA\R-cecs-data\\cec2017.zip', reason 'No such file or directory'
Backtrace:
x
1. \-purrr::pmap(...) test-cec.R:36:2
2. \-cecs:::.f(func = .l[[1L]][[i]], dim = .l[[2L]][[i]], ...)
3. +-testthat::expect_type(cec2017(func, rnorm(dim)), "double") test-cec.R:37:4
4. | \-testthat::quasi_label(enquo(object), arg = "object")
5. | \-rlang::eval_bare(expr, quo_get_env(quo))
6. \-cecs::cec2017(func, rnorm(dim))
7. \-cecs:::get_cec_dirpath("cec2017")
8. \-cecs:::download_data(cec, os)
9. \-utils::download.file(url, destfile = stringr::str_glue("{dst}{cec}.zip"))
-- Error (test-cec.R:46:3): F1-F3 benchmark functions from CEC-2019 can be executed --
Error in `utils::download.file(url, destfile = stringr::str_glue("{dst}{cec}.zip"))`: cannot open destfile 'NA\R-cecs-data\\cec2019.zip', reason 'No such file or directory'
Backtrace:
x
1. \-purrr::pmap(...) test-cec.R:46:2
2. \-cecs:::.f(func = .l[[1L]][[i]], dim = .l[[2L]][[i]], ...)
3. +-testthat::expect_type(cec2019(func, rnorm(dim)), "double") test-cec.R:47:4
4. | \-testthat::quasi_label(enquo(object), arg = "object")
5. | \-rlang::eval_bare(expr, quo_get_env(quo))
6. \-cecs::cec2019(func, rnorm(dim))
7. \-cecs:::get_cec_dirpath("cec2019")
8. \-cecs:::download_data(cec, os)
9. \-utils::download.file(url, destfile = stringr::str_glue("{dst}{cec}.zip"))
-- Error (test-cec.R:57:3): F4-F10 benchmark functions from CEC-2019 can be executed --
Error in `utils::download.file(url, destfile = stringr::str_glue("{dst}{cec}.zip"))`: cannot open destfile 'NA\R-cecs-data\\cec2019.zip', reason 'No such file or directory'
Backtrace:
x
1. \-purrr::pmap(...) test-cec.R:57:2
2. \-cecs:::.f(func = .l[[1L]][[i]], dim = .l[[2L]][[i]], ...)
3. +-testthat::expect_type(cec2019(func, rnorm(dim)), "double") test-cec.R:58:4
4. | \-testthat::quasi_label(enquo(object), arg = "object")
5. | \-rlang::eval_bare(expr, quo_get_env(quo))
6. \-cecs::cec2019(func, rnorm(dim))
7. \-cecs:::get_cec_dirpath("cec2019")
8. \-cecs:::download_data(cec, os)
9. \-utils::download.file(url, destfile = stringr::str_glue("{dst}{cec}.zip"))
-- Error (test-cec.R:78:3): all benchmark functions from CEC-2021 can be executed --
Error in `utils::download.file(url, destfile = stringr::str_glue("{dst}{cec}.zip"))`: cannot open destfile 'NA\R-cecs-data\\cec2021.zip', reason 'No such file or directory'
Backtrace:
x
1. \-purrr::pmap(...) test-cec.R:78:2
2. \-cecs:::.f(...)
3. +-testthat::expect_type(cec2021(func, rnorm(dim), suite), "double") test-cec.R:79:4
4. | \-testthat::quasi_label(enquo(object), arg = "object")
5. | \-rlang::eval_bare(expr, quo_get_env(quo))
6. \-cecs::cec2021(func, rnorm(dim), suite)
7. \-cecs:::get_cec_dirpath("cec2021")
8. \-cecs:::download_data(cec, os)
9. \-utils::download.file(url, destfile = stringr::str_glue("{dst}{cec}.zip"))
-- Error (test-cec.R:88:3): all benchmark functions from CEC-2022 can be executed --
Error in `utils::download.file(url, destfile = stringr::str_glue("{dst}{cec}.zip"))`: cannot open destfile 'NA\R-cecs-data\\cec2022.zip', reason 'No such file or directory'
Backtrace:
x
1. \-purrr::pmap(...) test-cec.R:88:2
2. \-cecs:::.f(func = .l[[1L]][[i]], dim = .l[[2L]][[i]], ...)
3. +-testthat::expect_type(cec2022(func, rnorm(dim)), "double") test-cec.R:89:4
4. | \-testthat::quasi_label(enquo(object), arg = "object")
5. | \-rlang::eval_bare(expr, quo_get_env(quo))
6. \-cecs::cec2022(func, rnorm(dim))
7. \-cecs:::get_cec_dirpath("cec2022")
8. \-cecs:::download_data(cec, os)
9. \-utils::download.file(url, destfile = stringr::str_glue("{dst}{cec}.zip"))
[ FAIL 7 | WARN 7 | SKIP 0 | PASS 336 ]
Error: Test failures
Execution halted
Flavor: r-release-windows-ix86+x86_64
Version: 0.2.4
Check: running tests for arch ‘x64’
Result: ERROR
Running 'testthat.R' [22s]
Running the tests in 'tests/testthat.R' failed.
Complete output:
> library(testthat)
> library(cecs)
>
> test_check("cecs")
[ FAIL 7 | WARN 7 | SKIP 0 | PASS 336 ]
== Failed tests ================================================================
-- Error (test-cec.R:16:3): all benchmark functions from CEC-2014 can be executed --
Error in `utils::download.file(url, destfile = stringr::str_glue("{dst}{cec}.zip"))`: cannot open destfile 'NA\R-cecs-data\\cec2014.zip', reason 'No such file or directory'
Backtrace:
x
1. \-purrr::pmap(...) test-cec.R:16:2
2. \-cecs:::.f(func = .l[[1L]][[i]], dim = .l[[2L]][[i]], ...)
3. +-testthat::expect_type(cec2014(func, rnorm(dim)), "double") test-cec.R:17:4
4. | \-testthat::quasi_label(enquo(object), arg = "object")
5. | \-rlang::eval_bare(expr, quo_get_env(quo))
6. \-cecs::cec2014(func, rnorm(dim))
7. \-cecs:::get_cec_dirpath("cec2014")
8. \-cecs:::download_data(cec, os)
9. \-utils::download.file(url, destfile = stringr::str_glue("{dst}{cec}.zip"))
-- Error (test-cec.R:26:3): all benchmark functions from CEC-2015 can be executed --
Error in `utils::download.file(url, destfile = stringr::str_glue("{dst}{cec}.zip"))`: cannot open destfile 'NA\R-cecs-data\\cec2015.zip', reason 'No such file or directory'
Backtrace:
x
1. \-purrr::pmap(...) test-cec.R:26:2
2. \-cecs:::.f(func = .l[[1L]][[i]], dim = .l[[2L]][[i]], ...)
3. +-testthat::expect_type(cec2015(func, rnorm(dim)), "double") test-cec.R:27:4
4. | \-testthat::quasi_label(enquo(object), arg = "object")
5. | \-rlang::eval_bare(expr, quo_get_env(quo))
6. \-cecs::cec2015(func, rnorm(dim))
7. \-cecs:::get_cec_dirpath("cec2015")
8. \-cecs:::download_data(cec, os)
9. \-utils::download.file(url, destfile = stringr::str_glue("{dst}{cec}.zip"))
-- Error (test-cec.R:36:3): all benchmark functions from CEC-2017 can be executed --
Error in `utils::download.file(url, destfile = stringr::str_glue("{dst}{cec}.zip"))`: cannot open destfile 'NA\R-cecs-data\\cec2017.zip', reason 'No such file or directory'
Backtrace:
x
1. \-purrr::pmap(...) test-cec.R:36:2
2. \-cecs:::.f(func = .l[[1L]][[i]], dim = .l[[2L]][[i]], ...)
3. +-testthat::expect_type(cec2017(func, rnorm(dim)), "double") test-cec.R:37:4
4. | \-testthat::quasi_label(enquo(object), arg = "object")
5. | \-rlang::eval_bare(expr, quo_get_env(quo))
6. \-cecs::cec2017(func, rnorm(dim))
7. \-cecs:::get_cec_dirpath("cec2017")
8. \-cecs:::download_data(cec, os)
9. \-utils::download.file(url, destfile = stringr::str_glue("{dst}{cec}.zip"))
-- Error (test-cec.R:46:3): F1-F3 benchmark functions from CEC-2019 can be executed --
Error in `utils::download.file(url, destfile = stringr::str_glue("{dst}{cec}.zip"))`: cannot open destfile 'NA\R-cecs-data\\cec2019.zip', reason 'No such file or directory'
Backtrace:
x
1. \-purrr::pmap(...) test-cec.R:46:2
2. \-cecs:::.f(func = .l[[1L]][[i]], dim = .l[[2L]][[i]], ...)
3. +-testthat::expect_type(cec2019(func, rnorm(dim)), "double") test-cec.R:47:4
4. | \-testthat::quasi_label(enquo(object), arg = "object")
5. | \-rlang::eval_bare(expr, quo_get_env(quo))
6. \-cecs::cec2019(func, rnorm(dim))
7. \-cecs:::get_cec_dirpath("cec2019")
8. \-cecs:::download_data(cec, os)
9. \-utils::download.file(url, destfile = stringr::str_glue("{dst}{cec}.zip"))
-- Error (test-cec.R:57:3): F4-F10 benchmark functions from CEC-2019 can be executed --
Error in `utils::download.file(url, destfile = stringr::str_glue("{dst}{cec}.zip"))`: cannot open destfile 'NA\R-cecs-data\\cec2019.zip', reason 'No such file or directory'
Backtrace:
x
1. \-purrr::pmap(...) test-cec.R:57:2
2. \-cecs:::.f(func = .l[[1L]][[i]], dim = .l[[2L]][[i]], ...)
3. +-testthat::expect_type(cec2019(func, rnorm(dim)), "double") test-cec.R:58:4
4. | \-testthat::quasi_label(enquo(object), arg = "object")
5. | \-rlang::eval_bare(expr, quo_get_env(quo))
6. \-cecs::cec2019(func, rnorm(dim))
7. \-cecs:::get_cec_dirpath("cec2019")
8. \-cecs:::download_data(cec, os)
9. \-utils::download.file(url, destfile = stringr::str_glue("{dst}{cec}.zip"))
-- Error (test-cec.R:78:3): all benchmark functions from CEC-2021 can be executed --
Error in `utils::download.file(url, destfile = stringr::str_glue("{dst}{cec}.zip"))`: cannot open destfile 'NA\R-cecs-data\\cec2021.zip', reason 'No such file or directory'
Backtrace:
x
1. \-purrr::pmap(...) test-cec.R:78:2
2. \-cecs:::.f(...)
3. +-testthat::expect_type(cec2021(func, rnorm(dim), suite), "double") test-cec.R:79:4
4. | \-testthat::quasi_label(enquo(object), arg = "object")
5. | \-rlang::eval_bare(expr, quo_get_env(quo))
6. \-cecs::cec2021(func, rnorm(dim), suite)
7. \-cecs:::get_cec_dirpath("cec2021")
8. \-cecs:::download_data(cec, os)
9. \-utils::download.file(url, destfile = stringr::str_glue("{dst}{cec}.zip"))
-- Error (test-cec.R:88:3): all benchmark functions from CEC-2022 can be executed --
Error in `utils::download.file(url, destfile = stringr::str_glue("{dst}{cec}.zip"))`: cannot open destfile 'NA\R-cecs-data\\cec2022.zip', reason 'No such file or directory'
Backtrace:
x
1. \-purrr::pmap(...) test-cec.R:88:2
2. \-cecs:::.f(func = .l[[1L]][[i]], dim = .l[[2L]][[i]], ...)
3. +-testthat::expect_type(cec2022(func, rnorm(dim)), "double") test-cec.R:89:4
4. | \-testthat::quasi_label(enquo(object), arg = "object")
5. | \-rlang::eval_bare(expr, quo_get_env(quo))
6. \-cecs::cec2022(func, rnorm(dim))
7. \-cecs:::get_cec_dirpath("cec2022")
8. \-cecs:::download_data(cec, os)
9. \-utils::download.file(url, destfile = stringr::str_glue("{dst}{cec}.zip"))
[ FAIL 7 | WARN 7 | SKIP 0 | PASS 336 ]
Error: Test failures
Execution halted
Flavor: r-release-windows-ix86+x86_64
Version: 0.2.4
Check: running tests for arch ‘i386’
Result: ERROR
Running 'testthat.R' [25s]
Running the tests in 'tests/testthat.R' failed.
Complete output:
> library(testthat)
> library(cecs)
>
> test_check("cecs")
[ FAIL 7 | WARN 7 | SKIP 0 | PASS 336 ]
== Failed tests ================================================================
-- Error (test-cec.R:16:3): all benchmark functions from CEC-2014 can be executed --
Error in `utils::download.file(url, destfile = stringr::str_glue("{dst}{cec}.zip"))`: cannot open destfile 'NA\R-cecs-data\\cec2014.zip', reason 'No such file or directory'
Backtrace:
x
1. \-purrr::pmap(...) test-cec.R:16:2
2. \-cecs:::.f(func = .l[[1L]][[i]], dim = .l[[2L]][[i]], ...)
3. +-testthat::expect_type(cec2014(func, rnorm(dim)), "double") test-cec.R:17:4
4. | \-testthat::quasi_label(enquo(object), arg = "object")
5. | \-rlang::eval_bare(expr, quo_get_env(quo))
6. \-cecs::cec2014(func, rnorm(dim))
7. \-cecs:::get_cec_dirpath("cec2014")
8. \-cecs:::download_data(cec, os)
9. \-utils::download.file(url, destfile = stringr::str_glue("{dst}{cec}.zip"))
-- Error (test-cec.R:26:3): all benchmark functions from CEC-2015 can be executed --
Error in `utils::download.file(url, destfile = stringr::str_glue("{dst}{cec}.zip"))`: cannot open destfile 'NA\R-cecs-data\\cec2015.zip', reason 'No such file or directory'
Backtrace:
x
1. \-purrr::pmap(...) test-cec.R:26:2
2. \-cecs:::.f(func = .l[[1L]][[i]], dim = .l[[2L]][[i]], ...)
3. +-testthat::expect_type(cec2015(func, rnorm(dim)), "double") test-cec.R:27:4
4. | \-testthat::quasi_label(enquo(object), arg = "object")
5. | \-rlang::eval_bare(expr, quo_get_env(quo))
6. \-cecs::cec2015(func, rnorm(dim))
7. \-cecs:::get_cec_dirpath("cec2015")
8. \-cecs:::download_data(cec, os)
9. \-utils::download.file(url, destfile = stringr::str_glue("{dst}{cec}.zip"))
-- Error (test-cec.R:36:3): all benchmark functions from CEC-2017 can be executed --
Error in `utils::download.file(url, destfile = stringr::str_glue("{dst}{cec}.zip"))`: cannot open destfile 'NA\R-cecs-data\\cec2017.zip', reason 'No such file or directory'
Backtrace:
x
1. \-purrr::pmap(...) test-cec.R:36:2
2. \-cecs:::.f(func = .l[[1L]][[i]], dim = .l[[2L]][[i]], ...)
3. +-testthat::expect_type(cec2017(func, rnorm(dim)), "double") test-cec.R:37:4
4. | \-testthat::quasi_label(enquo(object), arg = "object")
5. | \-rlang::eval_bare(expr, quo_get_env(quo))
6. \-cecs::cec2017(func, rnorm(dim))
7. \-cecs:::get_cec_dirpath("cec2017")
8. \-cecs:::download_data(cec, os)
9. \-utils::download.file(url, destfile = stringr::str_glue("{dst}{cec}.zip"))
-- Error (test-cec.R:46:3): F1-F3 benchmark functions from CEC-2019 can be executed --
Error in `utils::download.file(url, destfile = stringr::str_glue("{dst}{cec}.zip"))`: cannot open destfile 'NA\R-cecs-data\\cec2019.zip', reason 'No such file or directory'
Backtrace:
x
1. \-purrr::pmap(...) test-cec.R:46:2
2. \-cecs:::.f(func = .l[[1L]][[i]], dim = .l[[2L]][[i]], ...)
3. +-testthat::expect_type(cec2019(func, rnorm(dim)), "double") test-cec.R:47:4
4. | \-testthat::quasi_label(enquo(object), arg = "object")
5. | \-rlang::eval_bare(expr, quo_get_env(quo))
6. \-cecs::cec2019(func, rnorm(dim))
7. \-cecs:::get_cec_dirpath("cec2019")
8. \-cecs:::download_data(cec, os)
9. \-utils::download.file(url, destfile = stringr::str_glue("{dst}{cec}.zip"))
-- Error (test-cec.R:57:3): F4-F10 benchmark functions from CEC-2019 can be executed --
Error in `utils::download.file(url, destfile = stringr::str_glue("{dst}{cec}.zip"))`: cannot open destfile 'NA\R-cecs-data\\cec2019.zip', reason 'No such file or directory'
Backtrace:
x
1. \-purrr::pmap(...) test-cec.R:57:2
2. \-cecs:::.f(func = .l[[1L]][[i]], dim = .l[[2L]][[i]], ...)
3. +-testthat::expect_type(cec2019(func, rnorm(dim)), "double") test-cec.R:58:4
4. | \-testthat::quasi_label(enquo(object), arg = "object")
5. | \-rlang::eval_bare(expr, quo_get_env(quo))
6. \-cecs::cec2019(func, rnorm(dim))
7. \-cecs:::get_cec_dirpath("cec2019")
8. \-cecs:::download_data(cec, os)
9. \-utils::download.file(url, destfile = stringr::str_glue("{dst}{cec}.zip"))
-- Error (test-cec.R:78:3): all benchmark functions from CEC-2021 can be executed --
Error in `utils::download.file(url, destfile = stringr::str_glue("{dst}{cec}.zip"))`: cannot open destfile 'NA\R-cecs-data\\cec2021.zip', reason 'No such file or directory'
Backtrace:
x
1. \-purrr::pmap(...) test-cec.R:78:2
2. \-cecs:::.f(...)
3. +-testthat::expect_type(cec2021(func, rnorm(dim), suite), "double") test-cec.R:79:4
4. | \-testthat::quasi_label(enquo(object), arg = "object")
5. | \-rlang::eval_bare(expr, quo_get_env(quo))
6. \-cecs::cec2021(func, rnorm(dim), suite)
7. \-cecs:::get_cec_dirpath("cec2021")
8. \-cecs:::download_data(cec, os)
9. \-utils::download.file(url, destfile = stringr::str_glue("{dst}{cec}.zip"))
-- Error (test-cec.R:88:3): all benchmark functions from CEC-2022 can be executed --
Error in `utils::download.file(url, destfile = stringr::str_glue("{dst}{cec}.zip"))`: cannot open destfile 'NA\R-cecs-data\\cec2022.zip', reason 'No such file or directory'
Backtrace:
x
1. \-purrr::pmap(...) test-cec.R:88:2
2. \-cecs:::.f(func = .l[[1L]][[i]], dim = .l[[2L]][[i]], ...)
3. +-testthat::expect_type(cec2022(func, rnorm(dim)), "double") test-cec.R:89:4
4. | \-testthat::quasi_label(enquo(object), arg = "object")
5. | \-rlang::eval_bare(expr, quo_get_env(quo))
6. \-cecs::cec2022(func, rnorm(dim))
7. \-cecs:::get_cec_dirpath("cec2022")
8. \-cecs:::download_data(cec, os)
9. \-utils::download.file(url, destfile = stringr::str_glue("{dst}{cec}.zip"))
[ FAIL 7 | WARN 7 | SKIP 0 | PASS 336 ]
Error: Test failures
Execution halted
Flavor: r-oldrel-windows-ix86+x86_64
Version: 0.2.4
Check: running tests for arch ‘x64’
Result: ERROR
Running 'testthat.R' [21s]
Running the tests in 'tests/testthat.R' failed.
Complete output:
> library(testthat)
> library(cecs)
>
> test_check("cecs")
[ FAIL 7 | WARN 7 | SKIP 0 | PASS 336 ]
== Failed tests ================================================================
-- Error (test-cec.R:16:3): all benchmark functions from CEC-2014 can be executed --
Error in `utils::download.file(url, destfile = stringr::str_glue("{dst}{cec}.zip"))`: cannot open destfile 'NA\R-cecs-data\\cec2014.zip', reason 'No such file or directory'
Backtrace:
x
1. \-purrr::pmap(...) test-cec.R:16:2
2. \-cecs:::.f(func = .l[[1L]][[i]], dim = .l[[2L]][[i]], ...)
3. +-testthat::expect_type(cec2014(func, rnorm(dim)), "double") test-cec.R:17:4
4. | \-testthat::quasi_label(enquo(object), arg = "object")
5. | \-rlang::eval_bare(expr, quo_get_env(quo))
6. \-cecs::cec2014(func, rnorm(dim))
7. \-cecs:::get_cec_dirpath("cec2014")
8. \-cecs:::download_data(cec, os)
9. \-utils::download.file(url, destfile = stringr::str_glue("{dst}{cec}.zip"))
-- Error (test-cec.R:26:3): all benchmark functions from CEC-2015 can be executed --
Error in `utils::download.file(url, destfile = stringr::str_glue("{dst}{cec}.zip"))`: cannot open destfile 'NA\R-cecs-data\\cec2015.zip', reason 'No such file or directory'
Backtrace:
x
1. \-purrr::pmap(...) test-cec.R:26:2
2. \-cecs:::.f(func = .l[[1L]][[i]], dim = .l[[2L]][[i]], ...)
3. +-testthat::expect_type(cec2015(func, rnorm(dim)), "double") test-cec.R:27:4
4. | \-testthat::quasi_label(enquo(object), arg = "object")
5. | \-rlang::eval_bare(expr, quo_get_env(quo))
6. \-cecs::cec2015(func, rnorm(dim))
7. \-cecs:::get_cec_dirpath("cec2015")
8. \-cecs:::download_data(cec, os)
9. \-utils::download.file(url, destfile = stringr::str_glue("{dst}{cec}.zip"))
-- Error (test-cec.R:36:3): all benchmark functions from CEC-2017 can be executed --
Error in `utils::download.file(url, destfile = stringr::str_glue("{dst}{cec}.zip"))`: cannot open destfile 'NA\R-cecs-data\\cec2017.zip', reason 'No such file or directory'
Backtrace:
x
1. \-purrr::pmap(...) test-cec.R:36:2
2. \-cecs:::.f(func = .l[[1L]][[i]], dim = .l[[2L]][[i]], ...)
3. +-testthat::expect_type(cec2017(func, rnorm(dim)), "double") test-cec.R:37:4
4. | \-testthat::quasi_label(enquo(object), arg = "object")
5. | \-rlang::eval_bare(expr, quo_get_env(quo))
6. \-cecs::cec2017(func, rnorm(dim))
7. \-cecs:::get_cec_dirpath("cec2017")
8. \-cecs:::download_data(cec, os)
9. \-utils::download.file(url, destfile = stringr::str_glue("{dst}{cec}.zip"))
-- Error (test-cec.R:46:3): F1-F3 benchmark functions from CEC-2019 can be executed --
Error in `utils::download.file(url, destfile = stringr::str_glue("{dst}{cec}.zip"))`: cannot open destfile 'NA\R-cecs-data\\cec2019.zip', reason 'No such file or directory'
Backtrace:
x
1. \-purrr::pmap(...) test-cec.R:46:2
2. \-cecs:::.f(func = .l[[1L]][[i]], dim = .l[[2L]][[i]], ...)
3. +-testthat::expect_type(cec2019(func, rnorm(dim)), "double") test-cec.R:47:4
4. | \-testthat::quasi_label(enquo(object), arg = "object")
5. | \-rlang::eval_bare(expr, quo_get_env(quo))
6. \-cecs::cec2019(func, rnorm(dim))
7. \-cecs:::get_cec_dirpath("cec2019")
8. \-cecs:::download_data(cec, os)
9. \-utils::download.file(url, destfile = stringr::str_glue("{dst}{cec}.zip"))
-- Error (test-cec.R:57:3): F4-F10 benchmark functions from CEC-2019 can be executed --
Error in `utils::download.file(url, destfile = stringr::str_glue("{dst}{cec}.zip"))`: cannot open destfile 'NA\R-cecs-data\\cec2019.zip', reason 'No such file or directory'
Backtrace:
x
1. \-purrr::pmap(...) test-cec.R:57:2
2. \-cecs:::.f(func = .l[[1L]][[i]], dim = .l[[2L]][[i]], ...)
3. +-testthat::expect_type(cec2019(func, rnorm(dim)), "double") test-cec.R:58:4
4. | \-testthat::quasi_label(enquo(object), arg = "object")
5. | \-rlang::eval_bare(expr, quo_get_env(quo))
6. \-cecs::cec2019(func, rnorm(dim))
7. \-cecs:::get_cec_dirpath("cec2019")
8. \-cecs:::download_data(cec, os)
9. \-utils::download.file(url, destfile = stringr::str_glue("{dst}{cec}.zip"))
-- Error (test-cec.R:78:3): all benchmark functions from CEC-2021 can be executed --
Error in `utils::download.file(url, destfile = stringr::str_glue("{dst}{cec}.zip"))`: cannot open destfile 'NA\R-cecs-data\\cec2021.zip', reason 'No such file or directory'
Backtrace:
x
1. \-purrr::pmap(...) test-cec.R:78:2
2. \-cecs:::.f(...)
3. +-testthat::expect_type(cec2021(func, rnorm(dim), suite), "double") test-cec.R:79:4
4. | \-testthat::quasi_label(enquo(object), arg = "object")
5. | \-rlang::eval_bare(expr, quo_get_env(quo))
6. \-cecs::cec2021(func, rnorm(dim), suite)
7. \-cecs:::get_cec_dirpath("cec2021")
8. \-cecs:::download_data(cec, os)
9. \-utils::download.file(url, destfile = stringr::str_glue("{dst}{cec}.zip"))
-- Error (test-cec.R:88:3): all benchmark functions from CEC-2022 can be executed --
Error in `utils::download.file(url, destfile = stringr::str_glue("{dst}{cec}.zip"))`: cannot open destfile 'NA\R-cecs-data\\cec2022.zip', reason 'No such file or directory'
Backtrace:
x
1. \-purrr::pmap(...) test-cec.R:88:2
2. \-cecs:::.f(func = .l[[1L]][[i]], dim = .l[[2L]][[i]], ...)
3. +-testthat::expect_type(cec2022(func, rnorm(dim)), "double") test-cec.R:89:4
4. | \-testthat::quasi_label(enquo(object), arg = "object")
5. | \-rlang::eval_bare(expr, quo_get_env(quo))
6. \-cecs::cec2022(func, rnorm(dim))
7. \-cecs:::get_cec_dirpath("cec2022")
8. \-cecs:::download_data(cec, os)
9. \-utils::download.file(url, destfile = stringr::str_glue("{dst}{cec}.zip"))
[ FAIL 7 | WARN 7 | SKIP 0 | PASS 336 ]
Error: Test failures
Execution halted
Flavor: r-oldrel-windows-ix86+x86_64