Last updated on 2022-02-04 08:53:16 CET.
Flavor | Version | Tinstall | Tcheck | Ttotal | Status | Flags |
---|---|---|---|---|---|---|
r-devel-linux-x86_64-debian-clang | 0.6.0 | OK | ||||
r-devel-linux-x86_64-debian-gcc | 0.6.0 | 75.75 | 56.67 | 132.42 | OK | |
r-devel-linux-x86_64-fedora-clang | 0.6.0 | 276.21 | NOTE | |||
r-devel-linux-x86_64-fedora-gcc | 0.6.0 | 224.17 | OK | |||
r-devel-windows-x86_64-new-UL | 0.6.0 | 382.00 | 130.00 | 512.00 | OK | |
r-devel-windows-x86_64-new-TK | 0.6.0 | OK | ||||
r-patched-linux-x86_64 | 0.6.0 | 91.59 | 68.35 | 159.94 | OK | |
r-release-linux-x86_64 | 0.6.0 | 84.78 | 67.75 | 152.53 | OK | |
r-release-macos-arm64 | 0.6.0 | NOTE | ||||
r-release-macos-x86_64 | 0.6.0 | NOTE | ||||
r-release-windows-ix86+x86_64 | 0.6.0 | 264.00 | 134.00 | 398.00 | OK | |
r-oldrel-macos-x86_64 | 0.6.0 | NOTE | ||||
r-oldrel-windows-ix86+x86_64 | 0.6.0 | 266.00 | 130.00 | 396.00 | OK |
Version: 0.6.0
Check: installed package size
Result: NOTE
installed size is 10.7Mb
sub-directories of 1Mb or more:
libs 10.4Mb
Flavors: r-devel-linux-x86_64-fedora-clang, r-release-macos-arm64, r-release-macos-x86_64, r-oldrel-macos-x86_64