Last updated on 2022-02-06 07:51:21 CET.
| Flavor | Version | Tinstall | Tcheck | Ttotal | Status | Flags | 
|---|---|---|---|---|---|---|
| r-devel-linux-x86_64-debian-clang | 0.2.3 | OK | ||||
| r-devel-linux-x86_64-debian-gcc | 0.2.3 | 2.13 | 36.48 | 38.61 | WARN | |
| r-devel-linux-x86_64-fedora-clang | 0.2.3 | 64.58 | WARN | |||
| r-devel-linux-x86_64-fedora-gcc | 0.2.3 | 52.92 | WARN | |||
| r-devel-windows-x86_64-new-UL | 0.2.3 | 38.00 | 140.00 | 178.00 | OK | |
| r-devel-windows-x86_64-new-TK | 0.2.3 | OK | ||||
| r-patched-linux-x86_64 | 0.2.3 | 3.26 | 62.13 | 65.39 | OK | |
| r-release-linux-x86_64 | 0.2.3 | 3.01 | 51.26 | 54.27 | WARN | |
| r-release-macos-arm64 | 0.2.3 | OK | ||||
| r-release-macos-x86_64 | 0.2.3 | OK | ||||
| r-release-windows-ix86+x86_64 | 0.2.3 | 7.00 | 145.00 | 152.00 | WARN | |
| r-oldrel-macos-x86_64 | 0.2.3 | OK | ||||
| r-oldrel-windows-ix86+x86_64 | 0.2.3 | 7.00 | 155.00 | 162.00 | WARN | 
Version: 0.2.3
Check: re-building of vignette outputs
Result: WARN
    Error(s) in re-building vignettes:
      ...
    --- re-building ‘access_inequality.Rmd’ using rmarkdown
    Linking to GEOS 3.10.2, GDAL 3.4.1, PROJ 8.2.1; sf_use_s2() is TRUE
    udunits database from /usr/share/xml/udunits/udunits2.xml
    Quitting from lines 48-61 (access_inequality.Rmd) 
    Error: processing vignette ‘access_inequality.Rmd’ failed with diagnostics:
    object ‘R003’ not found
    --- failed re-building ‘access_inequality.Rmd’
    
    --- re-building ‘access_maps.Rmd’ using rmarkdown
    Problem connecting to data server. Please try it again in a few minutes.
    Problem connecting to data server. Please try it again in a few minutes.
    Quitting from lines 47-55 (access_maps.Rmd) 
    Error: processing vignette ‘access_maps.Rmd’ failed with diagnostics:
    object ‘CMATT60’ not found
    --- failed re-building ‘access_maps.Rmd’
    
    --- re-building ‘intro_to_aopdata.Rmd’ using rmarkdown
    --- finished re-building ‘intro_to_aopdata.Rmd’
    
    --- re-building ‘landuse_maps.Rmd’ using rmarkdown
    Problem connecting to data server. Please try it again in a few minutes.
    Problem connecting to data server. Please try it again in a few minutes.
    Quitting from lines 46-52 (landuse_maps.Rmd) 
    Error: processing vignette ‘landuse_maps.Rmd’ failed with diagnostics:
    object ‘P001’ not found
    --- failed re-building ‘landuse_maps.Rmd’
    
    SUMMARY: processing the following files failed:
      ‘access_inequality.Rmd’ ‘access_maps.Rmd’ ‘landuse_maps.Rmd’
    
    Error: Vignette re-building failed.
    Execution halted
Flavor: r-devel-linux-x86_64-debian-gcc
Version: 0.2.3
Check: re-building of vignette outputs
Result: WARN
    Error(s) in re-building vignettes:
    --- re-building ‘access_inequality.Rmd’ using rmarkdown
    Linking to GEOS 3.8.1, GDAL 3.0.4, PROJ 6.3.2; sf_use_s2() is TRUE
    udunits database from /usr/share/udunits/udunits2.xml
    Quitting from lines 48-61 (access_inequality.Rmd) 
    Error: processing vignette 'access_inequality.Rmd' failed with diagnostics:
    object 'R003' not found
    --- failed re-building ‘access_inequality.Rmd’
    
    --- re-building ‘access_maps.Rmd’ using rmarkdown
    Problem connecting to data server. Please try it again in a few minutes.
    Problem connecting to data server. Please try it again in a few minutes.
    Quitting from lines 47-55 (access_maps.Rmd) 
    Error: processing vignette 'access_maps.Rmd' failed with diagnostics:
    object 'CMATT60' not found
    --- failed re-building ‘access_maps.Rmd’
    
    --- re-building ‘intro_to_aopdata.Rmd’ using rmarkdown
    --- finished re-building ‘intro_to_aopdata.Rmd’
    
    --- re-building ‘landuse_maps.Rmd’ using rmarkdown
    Problem connecting to data server. Please try it again in a few minutes.
    Problem connecting to data server. Please try it again in a few minutes.
    Quitting from lines 46-52 (landuse_maps.Rmd) 
    Error: processing vignette 'landuse_maps.Rmd' failed with diagnostics:
    object 'P001' not found
    --- failed re-building ‘landuse_maps.Rmd’
    
    SUMMARY: processing the following files failed:
      ‘access_inequality.Rmd’ ‘access_maps.Rmd’ ‘landuse_maps.Rmd’
    
    Error: Vignette re-building failed.
    Execution halted
Flavors: r-devel-linux-x86_64-fedora-clang, r-devel-linux-x86_64-fedora-gcc
Version: 0.2.3
Check: re-building of vignette outputs
Result: WARN
    Error(s) in re-building vignettes:
      ...
    --- re-building ‘access_inequality.Rmd’ using rmarkdown
    Linking to GEOS 3.10.2, GDAL 3.4.1, PROJ 8.2.1; sf_use_s2() is TRUE
    udunits database from /usr/share/xml/udunits/udunits2.xml
    Quitting from lines 48-61 (access_inequality.Rmd) 
    Error: processing vignette 'access_inequality.Rmd' failed with diagnostics:
    object ‘R003’ not found
    --- failed re-building ‘access_inequality.Rmd’
    
    --- re-building ‘access_maps.Rmd’ using rmarkdown
    Linking to GEOS 3.10.2, GDAL 3.4.1, PROJ 8.2.1; sf_use_s2() is TRUE
    Problem connecting to data server. Please try it again in a few minutes.
    Problem connecting to data server. Please try it again in a few minutes.
    Quitting from lines 47-55 (access_maps.Rmd) 
    Error: processing vignette 'access_maps.Rmd' failed with diagnostics:
    object ‘CMATT60’ not found
    --- failed re-building ‘access_maps.Rmd’
    
    --- re-building ‘intro_to_aopdata.Rmd’ using rmarkdown
    --- finished re-building ‘intro_to_aopdata.Rmd’
    
    --- re-building ‘landuse_maps.Rmd’ using rmarkdown
    Linking to GEOS 3.10.2, GDAL 3.4.1, PROJ 8.2.1; sf_use_s2() is TRUE
    Problem connecting to data server. Please try it again in a few minutes.
    Problem connecting to data server. Please try it again in a few minutes.
    Quitting from lines 46-52 (landuse_maps.Rmd) 
    Error: processing vignette 'landuse_maps.Rmd' failed with diagnostics:
    object ‘P001’ not found
    --- failed re-building ‘landuse_maps.Rmd’
    
    SUMMARY: processing the following files failed:
      ‘access_inequality.Rmd’ ‘access_maps.Rmd’ ‘landuse_maps.Rmd’
    
    Error: Vignette re-building failed.
    Execution halted
Flavor: r-release-linux-x86_64
Version: 0.2.3
Check: re-building of vignette outputs
Result: WARN
    Error(s) in re-building vignettes:
    --- re-building 'access_inequality.Rmd' using rmarkdown
    Linking to GEOS 3.9.1, GDAL 3.2.1, PROJ 7.2.1; sf_use_s2() is TRUE
    udunits database from D:/temp/RtmpM1nYeV/RLIBS_2b806ad2d8c/units/share/udunits/udunits2.xml
    Quitting from lines 48-61 (access_inequality.Rmd) 
    Error: processing vignette 'access_inequality.Rmd' failed with diagnostics:
    object 'R003' not found
    --- failed re-building 'access_inequality.Rmd'
    
    --- re-building 'access_maps.Rmd' using rmarkdown
    Linking to GEOS 3.9.1, GDAL 3.2.1, PROJ 7.2.1; sf_use_s2() is TRUE
    Problem connecting to data server. Please try it again in a few minutes.
    Problem connecting to data server. Please try it again in a few minutes.
    Quitting from lines 47-55 (access_maps.Rmd) 
    Error: processing vignette 'access_maps.Rmd' failed with diagnostics:
    object 'CMATT60' not found
    --- failed re-building 'access_maps.Rmd'
    
    --- re-building 'intro_to_aopdata.Rmd' using rmarkdown
    --- finished re-building 'intro_to_aopdata.Rmd'
    
    --- re-building 'landuse_maps.Rmd' using rmarkdown
    Linking to GEOS 3.9.1, GDAL 3.2.1, PROJ 7.2.1; sf_use_s2() is TRUE
    Problem connecting to data server. Please try it again in a few minutes.
    Problem connecting to data server. Please try it again in a few minutes.
    Quitting from lines 46-52 (landuse_maps.Rmd) 
    Error: processing vignette 'landuse_maps.Rmd' failed with diagnostics:
    object 'P001' not found
    --- failed re-building 'landuse_maps.Rmd'
    
    SUMMARY: processing the following files failed:
      'access_inequality.Rmd' 'access_maps.Rmd' 'landuse_maps.Rmd'
    
    Error: Vignette re-building failed.
    Execution halted
Flavor: r-release-windows-ix86+x86_64
Version: 0.2.3
Check: re-building of vignette outputs
Result: WARN
    Error(s) in re-building vignettes:
    --- re-building 'access_inequality.Rmd' using rmarkdown
    Linking to GEOS 3.9.1, GDAL 3.2.1, PROJ 7.2.1; sf_use_s2() is TRUE
    udunits database from D:/temp/RtmpwbJGRT/RLIBS_16bf013786473/units/share/udunits/udunits2.xml
    Quitting from lines 48-61 (access_inequality.Rmd) 
    Error: processing vignette 'access_inequality.Rmd' failed with diagnostics:
    object 'R003' not found
    --- failed re-building 'access_inequality.Rmd'
    
    --- re-building 'access_maps.Rmd' using rmarkdown
    Linking to GEOS 3.9.1, GDAL 3.2.1, PROJ 7.2.1; sf_use_s2() is TRUE
    Problem connecting to data server. Please try it again in a few minutes.
    Problem connecting to data server. Please try it again in a few minutes.
    Quitting from lines 47-55 (access_maps.Rmd) 
    Error: processing vignette 'access_maps.Rmd' failed with diagnostics:
    object 'CMATT60' not found
    --- failed re-building 'access_maps.Rmd'
    
    --- re-building 'intro_to_aopdata.Rmd' using rmarkdown
    --- finished re-building 'intro_to_aopdata.Rmd'
    
    --- re-building 'landuse_maps.Rmd' using rmarkdown
    Linking to GEOS 3.9.1, GDAL 3.2.1, PROJ 7.2.1; sf_use_s2() is TRUE
    Problem connecting to data server. Please try it again in a few minutes.
    Problem connecting to data server. Please try it again in a few minutes.
    Quitting from lines 46-52 (landuse_maps.Rmd) 
    Error: processing vignette 'landuse_maps.Rmd' failed with diagnostics:
    object 'P001' not found
    --- failed re-building 'landuse_maps.Rmd'
    
    SUMMARY: processing the following files failed:
      'access_inequality.Rmd' 'access_maps.Rmd' 'landuse_maps.Rmd'
    
    Error: Vignette re-building failed.
    Execution halted
Flavor: r-oldrel-windows-ix86+x86_64