Last updated on 2022-02-12 06:49:14 CET.
Flavor | Version | Tinstall | Tcheck | Ttotal | Status | Flags |
---|---|---|---|---|---|---|
r-devel-linux-x86_64-debian-clang | 3.0.0 | 5.51 | 81.32 | 86.83 | NOTE | |
r-devel-linux-x86_64-debian-gcc | 3.0.0 | 6.70 | 63.20 | 69.90 | NOTE | |
r-devel-linux-x86_64-fedora-clang | 3.0.0 | 111.94 | NOTE | |||
r-devel-linux-x86_64-fedora-gcc | 3.0.0 | 100.84 | NOTE | |||
r-devel-windows-x86_64-new-UL | 3.0.0 | 67.00 | 137.00 | 204.00 | NOTE | |
r-devel-windows-x86_64-new-TK | 3.0.0 | NOTE | ||||
r-patched-linux-x86_64 | 3.0.0 | 6.59 | 75.84 | 82.43 | NOTE | |
r-release-linux-x86_64 | 3.0.0 | 8.12 | 75.62 | 83.74 | NOTE | |
r-release-macos-arm64 | 3.0.0 | NOTE | ||||
r-release-macos-x86_64 | 3.0.0 | NOTE | ||||
r-release-windows-ix86+x86_64 | 3.0.0 | 18.00 | 92.00 | 110.00 | NOTE | |
r-oldrel-macos-x86_64 | 3.0.0 | OK | ||||
r-oldrel-windows-ix86+x86_64 | 3.0.0 | 18.00 | 97.00 | 115.00 | OK |
Version: 3.0.0
Check: LazyData
Result: NOTE
'LazyData' is specified without a 'data' directory
Flavors: r-devel-linux-x86_64-debian-clang, r-devel-linux-x86_64-debian-gcc, r-devel-linux-x86_64-fedora-clang, r-devel-linux-x86_64-fedora-gcc, r-devel-windows-x86_64-new-UL, r-devel-windows-x86_64-new-TK, r-patched-linux-x86_64, r-release-linux-x86_64, r-release-macos-arm64, r-release-macos-x86_64, r-release-windows-ix86+x86_64