Last updated on 2022-02-19 07:53:17 CET.
Flavor | Version | Tinstall | Tcheck | Ttotal | Status | Flags |
---|---|---|---|---|---|---|
r-devel-linux-x86_64-debian-clang | 1.5-4 | 30.68 | 239.37 | 270.05 | ERROR | |
r-devel-linux-x86_64-debian-gcc | 1.5-4 | 22.44 | 174.04 | 196.48 | ERROR | |
r-devel-linux-x86_64-fedora-clang | 1.5-4 | 323.69 | ERROR | |||
r-devel-linux-x86_64-fedora-gcc | 1.5-4 | 289.89 | ERROR | |||
r-devel-windows-x86_64-new-UL | 1.5-4 | 85.00 | 269.00 | 354.00 | ERROR | |
r-devel-windows-x86_64-new-TK | 1.5-4 | ERROR | ||||
r-patched-linux-x86_64 | 1.5-4 | 27.19 | 202.86 | 230.05 | ERROR | |
r-release-linux-x86_64 | 1.5-4 | 24.77 | 200.18 | 224.95 | ERROR | |
r-release-macos-arm64 | 1.5-4 | OK | ||||
r-release-macos-x86_64 | 1.5-4 | OK | ||||
r-release-windows-ix86+x86_64 | 1.5-4 | 75.00 | 415.00 | 490.00 | ERROR | |
r-oldrel-macos-x86_64 | 1.5-4 | OK | ||||
r-oldrel-windows-ix86+x86_64 | 1.5-4 | 75.00 | 416.00 | 491.00 | ERROR |
Version: 1.5-4
Check: tests
Result: ERROR
Running 'testthat.R' [98s/78s]
Running the tests in 'tests/testthat.R' failed.
Complete output:
> library(testthat)
> library(gtfs2gps)
>
> test_check("gtfs2gps")
[ FAIL 2 | WARN 0 | SKIP 0 | PASS 186 ]
== Failed tests ================================================================
-- Failure (test_gtfs2gps.R:19:5): gtfs2gps ------------------------------------
sum(poa_gps$dist) not equal to 516072.7.
Attributes: < Modes: list, NULL >
Attributes: < Lengths: 2, 0 >
Attributes: < names for target but not for current >
Attributes: < current is not list-like >
target is units, current is numeric
-- Failure (test_gtfs2gps.R:63:5): gtfs2gps ------------------------------------
sum(poa_gps$dist) not equal to 516072.
Attributes: < Modes: list, NULL >
Attributes: < Lengths: 2, 0 >
Attributes: < names for target but not for current >
Attributes: < current is not list-like >
target is units, current is numeric
[ FAIL 2 | WARN 0 | SKIP 0 | PASS 186 ]
Error: Test failures
Execution halted
Flavor: r-devel-linux-x86_64-debian-clang
Version: 1.5-4
Check: tests
Result: ERROR
Running ‘testthat.R’ [63s/107s]
Running the tests in ‘tests/testthat.R’ failed.
Complete output:
> library(testthat)
> library(gtfs2gps)
>
> test_check("gtfs2gps")
[ FAIL 2 | WARN 0 | SKIP 0 | PASS 186 ]
══ Failed tests ════════════════════════════════════════════════════════════════
── Failure (test_gtfs2gps.R:19:5): gtfs2gps ────────────────────────────────────
sum(poa_gps$dist) not equal to 516072.7.
Attributes: < Modes: list, NULL >
Attributes: < Lengths: 2, 0 >
Attributes: < names for target but not for current >
Attributes: < current is not list-like >
target is units, current is numeric
── Failure (test_gtfs2gps.R:63:5): gtfs2gps ────────────────────────────────────
sum(poa_gps$dist) not equal to 516072.
Attributes: < Modes: list, NULL >
Attributes: < Lengths: 2, 0 >
Attributes: < names for target but not for current >
Attributes: < current is not list-like >
target is units, current is numeric
[ FAIL 2 | WARN 0 | SKIP 0 | PASS 186 ]
Error: Test failures
Execution halted
Flavor: r-devel-linux-x86_64-debian-gcc
Version: 1.5-4
Check: tests
Result: ERROR
Running ‘testthat.R’ [107s/98s]
Running the tests in ‘tests/testthat.R’ failed.
Complete output:
> library(testthat)
> library(gtfs2gps)
>
> test_check("gtfs2gps")
[ FAIL 2 | WARN 0 | SKIP 0 | PASS 186 ]
══ Failed tests ════════════════════════════════════════════════════════════════
── Failure (test_gtfs2gps.R:19:5): gtfs2gps ────────────────────────────────────
sum(poa_gps$dist) not equal to 516072.7.
Attributes: < Modes: list, NULL >
Attributes: < Lengths: 2, 0 >
Attributes: < names for target but not for current >
Attributes: < current is not list-like >
target is units, current is numeric
── Failure (test_gtfs2gps.R:63:5): gtfs2gps ────────────────────────────────────
sum(poa_gps$dist) not equal to 516072.
Attributes: < Modes: list, NULL >
Attributes: < Lengths: 2, 0 >
Attributes: < names for target but not for current >
Attributes: < current is not list-like >
target is units, current is numeric
[ FAIL 2 | WARN 0 | SKIP 0 | PASS 186 ]
Error: Test failures
Execution halted
Flavor: r-devel-linux-x86_64-fedora-clang
Version: 1.5-4
Check: tests
Result: ERROR
Running ‘testthat.R’ [97s/189s]
Running the tests in ‘tests/testthat.R’ failed.
Complete output:
> library(testthat)
> library(gtfs2gps)
>
> test_check("gtfs2gps")
[ FAIL 2 | WARN 0 | SKIP 0 | PASS 186 ]
══ Failed tests ════════════════════════════════════════════════════════════════
── Failure (test_gtfs2gps.R:19:5): gtfs2gps ────────────────────────────────────
sum(poa_gps$dist) not equal to 516072.7.
Attributes: < Modes: list, NULL >
Attributes: < Lengths: 2, 0 >
Attributes: < names for target but not for current >
Attributes: < current is not list-like >
target is units, current is numeric
── Failure (test_gtfs2gps.R:63:5): gtfs2gps ────────────────────────────────────
sum(poa_gps$dist) not equal to 516072.
Attributes: < Modes: list, NULL >
Attributes: < Lengths: 2, 0 >
Attributes: < names for target but not for current >
Attributes: < current is not list-like >
target is units, current is numeric
[ FAIL 2 | WARN 0 | SKIP 0 | PASS 186 ]
Error: Test failures
Execution halted
Flavor: r-devel-linux-x86_64-fedora-gcc
Version: 1.5-4
Check: tests
Result: ERROR
Running 'testthat.R' [88s]
Running the tests in 'tests/testthat.R' failed.
Complete output:
> library(testthat)
> library(gtfs2gps)
>
> test_check("gtfs2gps")
[ FAIL 2 | WARN 0 | SKIP 0 | PASS 186 ]
══ Failed tests ════════════════════════════════════════════════════════════════
── Failure (test_gtfs2gps.R:19:5): gtfs2gps ────────────────────────────────────
sum(poa_gps$dist) not equal to 516072.7.
Attributes: < Modes: list, NULL >
Attributes: < Lengths: 2, 0 >
Attributes: < names for target but not for current >
Attributes: < current is not list-like >
target is units, current is numeric
── Failure (test_gtfs2gps.R:63:5): gtfs2gps ────────────────────────────────────
sum(poa_gps$dist) not equal to 516072.
Attributes: < Modes: list, NULL >
Attributes: < Lengths: 2, 0 >
Attributes: < names for target but not for current >
Attributes: < current is not list-like >
target is units, current is numeric
[ FAIL 2 | WARN 0 | SKIP 0 | PASS 186 ]
Error: Test failures
Execution halted
Flavor: r-devel-windows-x86_64-new-UL
Version: 1.5-4
Check: tests
Result: ERROR
Running 'testthat.R'
Running the tests in 'tests/testthat.R' failed.
Complete output:
> library(testthat)
> library(gtfs2gps)
>
> test_check("gtfs2gps")
[ FAIL 2 | WARN 0 | SKIP 0 | PASS 186 ]
══ Failed tests ════════════════════════════════════════════════════════════════
── Failure (test_gtfs2gps.R:19:5): gtfs2gps ────────────────────────────────────
sum(poa_gps$dist) not equal to 516072.7.
Attributes: < Modes: list, NULL >
Attributes: < Lengths: 2, 0 >
Attributes: < names for target but not for current >
Attributes: < current is not list-like >
target is units, current is numeric
── Failure (test_gtfs2gps.R:63:5): gtfs2gps ────────────────────────────────────
sum(poa_gps$dist) not equal to 516072.
Attributes: < Modes: list, NULL >
Attributes: < Lengths: 2, 0 >
Attributes: < names for target but not for current >
Attributes: < current is not list-like >
target is units, current is numeric
[ FAIL 2 | WARN 0 | SKIP 0 | PASS 186 ]
Error: Test failures
Execution halted
Flavor: r-devel-windows-x86_64-new-TK
Version: 1.5-4
Check: tests
Result: ERROR
Running ‘testthat.R’ [77s/89s]
Running the tests in ‘tests/testthat.R’ failed.
Complete output:
> library(testthat)
> library(gtfs2gps)
>
> test_check("gtfs2gps")
[ FAIL 2 | WARN 0 | SKIP 0 | PASS 186 ]
══ Failed tests ════════════════════════════════════════════════════════════════
── Failure (test_gtfs2gps.R:19:5): gtfs2gps ────────────────────────────────────
sum(poa_gps$dist) not equal to 516072.7.
Attributes: < Modes: list, NULL >
Attributes: < Lengths: 2, 0 >
Attributes: < names for target but not for current >
Attributes: < current is not list-like >
target is units, current is numeric
── Failure (test_gtfs2gps.R:63:5): gtfs2gps ────────────────────────────────────
sum(poa_gps$dist) not equal to 516072.
Attributes: < Modes: list, NULL >
Attributes: < Lengths: 2, 0 >
Attributes: < names for target but not for current >
Attributes: < current is not list-like >
target is units, current is numeric
[ FAIL 2 | WARN 0 | SKIP 0 | PASS 186 ]
Error: Test failures
Execution halted
Flavor: r-patched-linux-x86_64
Version: 1.5-4
Check: tests
Result: ERROR
Running ‘testthat.R’ [76s/84s]
Running the tests in ‘tests/testthat.R’ failed.
Complete output:
> library(testthat)
> library(gtfs2gps)
>
> test_check("gtfs2gps")
[ FAIL 2 | WARN 0 | SKIP 0 | PASS 186 ]
══ Failed tests ════════════════════════════════════════════════════════════════
── Failure (test_gtfs2gps.R:19:5): gtfs2gps ────────────────────────────────────
sum(poa_gps$dist) not equal to 516072.7.
Attributes: < Modes: list, NULL >
Attributes: < Lengths: 2, 0 >
Attributes: < names for target but not for current >
Attributes: < current is not list-like >
target is units, current is numeric
── Failure (test_gtfs2gps.R:63:5): gtfs2gps ────────────────────────────────────
sum(poa_gps$dist) not equal to 516072.
Attributes: < Modes: list, NULL >
Attributes: < Lengths: 2, 0 >
Attributes: < names for target but not for current >
Attributes: < current is not list-like >
target is units, current is numeric
[ FAIL 2 | WARN 0 | SKIP 0 | PASS 186 ]
Error: Test failures
Execution halted
Flavor: r-release-linux-x86_64
Version: 1.5-4
Check: running tests for arch ‘i386’
Result: ERROR
Running 'testthat.R' [101s]
Running the tests in 'tests/testthat.R' failed.
Complete output:
> library(testthat)
> library(gtfs2gps)
>
> test_check("gtfs2gps")
[ FAIL 2 | WARN 0 | SKIP 0 | PASS 186 ]
== Failed tests ================================================================
-- Failure (test_gtfs2gps.R:19:5): gtfs2gps ------------------------------------
sum(poa_gps$dist) not equal to 516072.7.
Attributes: < Modes: list, NULL >
Attributes: < Lengths: 2, 0 >
Attributes: < names for target but not for current >
Attributes: < current is not list-like >
target is units, current is numeric
-- Failure (test_gtfs2gps.R:63:5): gtfs2gps ------------------------------------
sum(poa_gps$dist) not equal to 516072.
Attributes: < Modes: list, NULL >
Attributes: < Lengths: 2, 0 >
Attributes: < names for target but not for current >
Attributes: < current is not list-like >
target is units, current is numeric
[ FAIL 2 | WARN 0 | SKIP 0 | PASS 186 ]
Error: Test failures
Execution halted
Flavor: r-release-windows-ix86+x86_64
Version: 1.5-4
Check: running tests for arch ‘x64’
Result: ERROR
Running 'testthat.R' [93s]
Running the tests in 'tests/testthat.R' failed.
Complete output:
> library(testthat)
> library(gtfs2gps)
>
> test_check("gtfs2gps")
[ FAIL 2 | WARN 0 | SKIP 0 | PASS 186 ]
== Failed tests ================================================================
-- Failure (test_gtfs2gps.R:19:5): gtfs2gps ------------------------------------
sum(poa_gps$dist) not equal to 516072.7.
Attributes: < Modes: list, NULL >
Attributes: < Lengths: 2, 0 >
Attributes: < names for target but not for current >
Attributes: < current is not list-like >
target is units, current is numeric
-- Failure (test_gtfs2gps.R:63:5): gtfs2gps ------------------------------------
sum(poa_gps$dist) not equal to 516072.
Attributes: < Modes: list, NULL >
Attributes: < Lengths: 2, 0 >
Attributes: < names for target but not for current >
Attributes: < current is not list-like >
target is units, current is numeric
[ FAIL 2 | WARN 0 | SKIP 0 | PASS 186 ]
Error: Test failures
Execution halted
Flavors: r-release-windows-ix86+x86_64, r-oldrel-windows-ix86+x86_64
Version: 1.5-4
Check: running tests for arch ‘i386’
Result: ERROR
Running 'testthat.R' [98s]
Running the tests in 'tests/testthat.R' failed.
Complete output:
> library(testthat)
> library(gtfs2gps)
>
> test_check("gtfs2gps")
[ FAIL 2 | WARN 0 | SKIP 0 | PASS 186 ]
== Failed tests ================================================================
-- Failure (test_gtfs2gps.R:19:5): gtfs2gps ------------------------------------
sum(poa_gps$dist) not equal to 516072.7.
Attributes: < Modes: list, NULL >
Attributes: < Lengths: 2, 0 >
Attributes: < names for target but not for current >
Attributes: < current is not list-like >
target is units, current is numeric
-- Failure (test_gtfs2gps.R:63:5): gtfs2gps ------------------------------------
sum(poa_gps$dist) not equal to 516072.
Attributes: < Modes: list, NULL >
Attributes: < Lengths: 2, 0 >
Attributes: < names for target but not for current >
Attributes: < current is not list-like >
target is units, current is numeric
[ FAIL 2 | WARN 0 | SKIP 0 | PASS 186 ]
Error: Test failures
Execution halted
Flavor: r-oldrel-windows-ix86+x86_64